{"id":161089,"date":"2026-04-14T19:14:04","date_gmt":"2026-04-14T18:14:04","guid":{"rendered":"https:\/\/artspopulaires.org\/?page_id=161089"},"modified":"2026-04-14T19:43:08","modified_gmt":"2026-04-14T18:43:08","slug":"programmation-2026","status":"publish","type":"page","link":"https:\/\/artspopulaires.org\/?page_id=161089","title":{"rendered":"Programmation 2026"},"content":{"rendered":"<div data-colibri-id=\"161089-c1\" class=\"style-2340 style-local-161089-c1 position-relative\">\n  <!---->\n  <div data-colibri-component=\"section\" data-colibri-id=\"161089-c2\" id=\"custom\" class=\"h-section h-section-global-spacing d-flex align-items-lg-center align-items-md-center align-items-center style-2341 style-local-161089-c2 position-relative\">\n    <div class=\"background-wrapper\">\n      <div class=\"background-layer background-layer-media-container-lg\">\n        <div data-slide-duration=\"5000\" data-slide-speed=\"1000\" data-colibri-component=\"slideshow\" class=\"background-layer colibri-slideshow\" model-id=\"161089-c2\" media=\"desktop\">\n          <div class=\"slideshow-image\" style=\"background-image: url(&quot;http:\/\/artspopulaires.org\/wp-content\/uploads\/2014\/04\/cropped-cropped-cropped-cropped-Gala-Inc.-1.jpg&quot;); visibility: visible; z-index: 3; opacity: 0; transition: opacity 1000ms calc(4s);\"><\/div>\n          <div class=\"slideshow-image\" style=\"background-image: url(&quot;http:\/\/artspopulaires.org\/wp-content\/uploads\/2021\/05\/cropped-Grande-salle-joindre1-1.jpg&quot;); z-index: 2;\"><\/div>\n          <div class=\"slideshow-image\" style=\"background-image: url(&quot;http:\/\/artspopulaires.org\/wp-content\/uploads\/2021\/05\/cropped-Rendez-vous-1.jpg&quot;);\"><\/div>\n        <\/div>\n        <div class=\"overlay-layer\">\n          <div class=\"overlay-image-layer\" style=\"background-color: rgb(0, 0, 0); opacity: 0.5;\"><\/div>\n        <\/div>\n      <\/div>\n      <div class=\"background-layer background-layer-media-container-md\">\n        <div data-slide-duration=\"5000\" data-slide-speed=\"1000\" data-colibri-component=\"slideshow\" class=\"background-layer colibri-slideshow\" model-id=\"161089-c2\" media=\"tablet\">\n          <div class=\"slideshow-image\" style=\"background-image: url(&quot;http:\/\/artspopulaires.org\/wp-content\/uploads\/2014\/04\/cropped-cropped-cropped-cropped-Gala-Inc.-1.jpg&quot;); visibility: visible; z-index: 3; opacity: 0; transition: opacity 1000ms calc(4s);\"><\/div>\n          <div class=\"slideshow-image\" style=\"background-image: url(&quot;http:\/\/artspopulaires.org\/wp-content\/uploads\/2021\/05\/cropped-Grande-salle-joindre1-1.jpg&quot;); z-index: 2;\"><\/div>\n          <div class=\"slideshow-image\" style=\"background-image: url(&quot;http:\/\/artspopulaires.org\/wp-content\/uploads\/2021\/05\/cropped-Rendez-vous-1.jpg&quot;);\"><\/div>\n        <\/div>\n        <div class=\"overlay-layer\">\n          <div class=\"overlay-image-layer\" style=\"background-color: rgb(0, 0, 0); opacity: 0.5;\"><\/div>\n        <\/div>\n      <\/div>\n      <div class=\"background-layer background-layer-media-container\">\n        <div data-slide-duration=\"5000\" data-slide-speed=\"1000\" data-colibri-component=\"slideshow\" class=\"background-layer colibri-slideshow\" model-id=\"161089-c2\" media=\"mobile\">\n          <div class=\"slideshow-image\" style=\"background-image: url(&quot;http:\/\/artspopulaires.org\/wp-content\/uploads\/2014\/04\/cropped-cropped-cropped-cropped-Gala-Inc.-1.jpg&quot;); visibility: visible; z-index: 3; opacity: 0; transition: opacity 1000ms calc(4s);\"><\/div>\n          <div class=\"slideshow-image\" style=\"background-image: url(&quot;http:\/\/artspopulaires.org\/wp-content\/uploads\/2021\/05\/cropped-Grande-salle-joindre1-1.jpg&quot;); z-index: 2;\"><\/div>\n          <div class=\"slideshow-image\" style=\"background-image: url(&quot;http:\/\/artspopulaires.org\/wp-content\/uploads\/2021\/05\/cropped-Rendez-vous-1.jpg&quot;);\"><\/div>\n        <\/div>\n        <div class=\"overlay-layer\">\n          <div class=\"overlay-image-layer\" style=\"background-color: rgb(0, 0, 0); opacity: 0.5;\"><\/div>\n        <\/div>\n      <\/div>\n    <\/div>\n    <!---->\n    <div class=\"h-section-grid-container h-section-fluid-container\">\n      <!---->\n      <div data-colibri-id=\"161089-c3\" class=\"h-row-container gutters-row-lg-2 gutters-row-md-2 gutters-row-0 gutters-row-v-lg-2 gutters-row-v-md-2 gutters-row-v-2 style-2342 style-local-161089-c3 position-relative\">\n        <!---->\n        <div class=\"h-row justify-content-lg-center justify-content-md-center justify-content-center align-items-lg-stretch align-items-md-stretch align-items-stretch gutters-col-lg-2 gutters-col-md-2 gutters-col-0 gutters-col-v-lg-2 gutters-col-v-md-2 gutters-col-v-2\">\n          <!---->\n          <div class=\"h-column h-column-container d-flex h-col-lg-auto h-col-md-auto h-col-auto style-2343-outer style-local-161089-c4-outer\">\n            <div data-colibri-id=\"161089-c4\" class=\"d-flex h-flex-basis h-column__inner h-px-lg-2 h-px-md-2 h-px-2 v-inner-lg-2 v-inner-md-2 v-inner-2 style-2343 style-local-161089-c4 position-relative\">\n              <!---->\n              <!---->\n              <div class=\"w-100 h-y-container h-column__content h-column__v-align flex-basis-100 align-self-lg-start align-self-md-start align-self-start\">\n                <!---->\n                <div data-colibri-id=\"161089-c5\" class=\"h-global-transition-all h-heading style-2344 style-local-161089-c5 position-relative h-element\">\n                  <!---->\n                  <div class=\"h-heading__outer style-2344 style-local-161089-c5\">\n                    <!---->\n                    <!---->\n                    <h1 class=\"\">programmation 2026<\/h1>\n                  <\/div>\n                <\/div>\n              <\/div>\n            <\/div>\n          <\/div>\n        <\/div>\n      <\/div>\n    <\/div>\n  <\/div>\n  <div data-colibri-component=\"section\" data-colibri-id=\"161089-c6\" id=\"portfolio\" class=\"h-section h-section-global-spacing d-flex align-items-lg-center align-items-md-center align-items-center style-2345 style-local-161089-c6 position-relative\">\n    <!---->\n    <!---->\n    <div class=\"h-section-grid-container h-section-boxed-container\">\n      <div data-colibri-id=\"161089-c32\" class=\"h-row-container gutters-row-lg-2 gutters-row-md-2 gutters-row-0 gutters-row-v-lg-2 gutters-row-v-md-2 gutters-row-v-2 style-2381 style-local-161089-c32 position-relative\">\n        <!---->\n        <div class=\"h-row justify-content-lg-center justify-content-md-center justify-content-center align-items-lg-stretch align-items-md-stretch align-items-stretch gutters-col-lg-2 gutters-col-md-2 gutters-col-0 gutters-col-v-lg-2 gutters-col-v-md-2 gutters-col-v-2\">\n          <!---->\n          <div class=\"h-column h-column-container d-flex h-col-lg-auto h-col-md-auto h-col-auto style-2382-outer style-local-161089-c33-outer\">\n            <div data-colibri-id=\"161089-c33\" class=\"d-flex h-flex-basis h-column__inner h-px-lg-2 h-px-md-2 h-px-2 v-inner-lg-2 v-inner-md-2 v-inner-2 style-2382 style-local-161089-c33 position-relative\">\n              <!---->\n              <!---->\n              <div class=\"w-100 h-y-container h-column__content h-column__v-align flex-basis-100 align-self-lg-start align-self-md-start align-self-start\">\n                <!---->\n                <div data-colibri-id=\"161089-c34\" class=\"h-lead h-text h-text-component style-2383 style-local-161089-c34 position-relative h-element\">\n                  <!---->\n                  <!---->\n                  <div class=\"\">\n                    <p><span style=\"color: rgb(50, 49, 49); font-weight: 400; font-family: Adamina; font-size: 94%;\">En plus d\u2019\u00eatre le propri\u00e9taire de l\u2019un des b\u00e2timents patrimoniaux les plus remarquables du Centre-du-Qu\u00e9bec, le Centre des arts populaires de Nicolet est un organisme \u00e0 but non lucratif vou\u00e9 \u00e0 l\u2019enrichissement de la culture et de la communaut\u00e9. \u00c0 chaque ann\u00e9e, la direction du centre organise et fait la promotion d\u2019\u00e9v\u00e9nements soulignant la cr\u00e9ativit\u00e9 des Nicol\u00e9tains et des environs. Dans le cadre de notre programmation 2026, nos principaux \u00e9v\u00e9nements seront les suivants.<\/span><\/p>\n                  <\/div>\n                <\/div>\n              <\/div>\n            <\/div>\n          <\/div>\n        <\/div>\n      <\/div>\n      <div data-colibri-id=\"161089-c7\" class=\"h-row-container gutters-row-lg-2 gutters-row-md-2 gutters-row-2 gutters-row-v-lg-2 gutters-row-v-md-2 gutters-row-v-2 style-2346 style-local-161089-c7 position-relative\">\n        <!---->\n        <div class=\"h-row justify-content-lg-center justify-content-md-center justify-content-center align-items-lg-stretch align-items-md-stretch align-items-stretch gutters-col-lg-2 gutters-col-md-2 gutters-col-2 gutters-col-v-lg-2 gutters-col-v-md-2 gutters-col-v-2\">\n          <!---->\n          <div class=\"h-column h-column-container d-flex h-col-lg-4 h-col-md-6 h-col-12 style-2347-outer style-local-161089-c8-outer\">\n            <div data-colibri-id=\"161089-c8\" class=\"d-flex h-flex-basis h-column__inner h-px-lg-2 h-px-md-2 h-px-2 v-inner-lg-2 v-inner-md-2 v-inner-2 style-2347 style-local-161089-c8 position-relative\">\n              <!---->\n              <!---->\n              <div class=\"w-100 h-y-container h-column__content h-column__v-align flex-basis-100 align-self-lg-start align-self-md-start align-self-start\">\n                <!---->\n                <div data-colibri-component=\"content-swap\" data-colibri-id=\"161089-c9\" class=\"content-swap style-2348 style-local-161089-c9 position-relative h-element\">\n                  <!---->\n                  <div class=\"d-flex position-relative border-radius-inherit h-content-swap__overflow\">\n                    <div data-normal=\"\" data-colibri-id=\"161089-c10\" class=\"h-content-swap__normal d-flex border-radius-inherit h-ui-empty-state-container hide-animation style-2349 style-local-161089-c10 position-relative\">\n                      <!---->\n                      <div class=\"w-100 h-y-container\">\n                        <!---->\n                      <\/div>\n                    <\/div>\n                    <div data-hover=\"\" data-colibri-component=\"link\" data-href=\"\" data-colibri-id=\"161089-c11\" class=\"h-content-swap-hover-container animated h-content-swap__hover d-flex border-radius-inherit fadeIn justify-content-lg-center justify-content-md-center justify-content-center style-2350 style-local-161089-c11 position-relative\"\n                      style=\"display: none;\">\n                      <!---->\n                      <div class=\"w-100 h-y-container align-self-lg-center align-self-md-center align-self-center\">\n                        <!---->\n                        <div data-colibri-id=\"161089-c12\" class=\"h-text h-text-component style-2351 style-local-161089-c12 position-relative h-element\">\n                          <!---->\n                          <!---->\n                          <div class=\"\">\n                            <p><span style=\"color: rgb(251, 253, 255); font-family: Amethysta; font-size: 33.9px; font-weight: 400;\">Le 19e Rendez-vous des peintres<\/span><\/p>\n                          <\/div>\n                        <\/div>\n                        <div data-colibri-id=\"161089-c13\" class=\"h-text h-text-component style-2352 style-local-161089-c13 position-relative h-element\">\n                          <!---->\n                          <!---->\n                          <div class=\"\">\n                            <p><span style=\"color: rgb(250, 252, 254); font-family: &quot;Playfair Display&quot;;\">Du 13 au 15 novembre 2026<\/span><\/p>\n                          <\/div>\n                        <\/div>\n                        <div data-colibri-id=\"161089-c14\" class=\"h-x-container style-2353 style-local-161089-c14 position-relative h-element\">\n                          <!---->\n                          <div class=\"h-x-container-inner style-dynamic-161089-c14-group style-2353-spacing style-local-161089-c14-spacing\"><span class=\"h-button__outer style-2354-outer style-local-161089-c15-outer d-inline-flex h-element\"><a h-use-smooth-scroll=\"true\" href=\"https:\/\/artspopulaires.org\/?page_id=161105\"  data-colibri-id=\"161089-c15\" class=\"d-flex w-100 align-items-center h-button justify-content-lg-center justify-content-md-center justify-content-center style-2354 style-local-161089-c15 position-relative\"><!----><!----> <span>En savoir plus<\/span><\/a>\n                            <\/span>\n                          <\/div>\n                        <\/div>\n                      <\/div>\n                    <\/div>\n                  <\/div>\n                <\/div>\n              <\/div>\n            <\/div>\n          <\/div>\n          <div class=\"h-column h-column-container d-flex h-col-lg-4 h-col-md-6 h-col-12 style-2347-outer style-local-161089-c16-outer\">\n            <div data-colibri-id=\"161089-c16\" class=\"d-flex h-flex-basis h-column__inner h-px-lg-2 h-px-md-2 h-px-2 v-inner-lg-2 v-inner-md-2 v-inner-2 style-2347 style-local-161089-c16 position-relative\">\n              <!---->\n              <!---->\n              <div class=\"w-100 h-y-container h-column__content h-column__v-align flex-basis-100 align-self-lg-start align-self-md-start align-self-start\">\n                <!---->\n                <div data-colibri-component=\"content-swap\" data-colibri-id=\"161089-c17\" class=\"content-swap style-2355 style-local-161089-c17 position-relative h-element\">\n                  <!---->\n                  <div class=\"d-flex position-relative border-radius-inherit h-content-swap__overflow\">\n                    <div data-normal=\"\" data-colibri-id=\"161089-c18\" class=\"h-content-swap__normal d-flex border-radius-inherit h-ui-empty-state-container hide-animation style-2356 style-local-161089-c18 position-relative\">\n                      <!---->\n                      <div class=\"w-100 h-y-container\">\n                        <!---->\n                      <\/div>\n                    <\/div>\n                    <div data-hover=\"\" data-colibri-component=\"link\" data-href=\"\" data-colibri-id=\"161089-c19\" class=\"h-content-swap-hover-container animated h-content-swap__hover d-flex border-radius-inherit fadeIn justify-content-lg-center justify-content-md-center justify-content-center style-2357 style-local-161089-c19 position-relative\"\n                      style=\"display: none;\">\n                      <!---->\n                      <div class=\"w-100 h-y-container align-self-lg-center align-self-md-center align-self-center\">\n                        <!---->\n                        <div data-colibri-id=\"161089-c20\" class=\"h-text h-text-component style-2358 style-local-161089-c20 position-relative h-element\">\n                          <!---->\n                          <!---->\n                          <div class=\"\">\n                            <p><span style=\"color: rgb(251, 253, 255); font-family: Amethysta; font-size: 27.6px; font-weight: 400;\">Le Salon des arts populaires Desjardins 2026<\/span><\/p>\n                          <\/div>\n                        <\/div>\n                        <div data-colibri-id=\"161089-c21\" class=\"h-text h-text-component style-2359 style-local-161089-c21 position-relative h-element\">\n                          <!---->\n                          <!---->\n                          <div class=\"\">\n                            <p><span style=\"color: rgb(250, 252, 254); font-family: &quot;Playfair Display&quot;;\">21-22 novembre <\/span><\/p>\n                          <\/div>\n                        <\/div>\n                        <div data-colibri-id=\"161089-c22\" class=\"h-x-container style-2353 style-local-161089-c22 position-relative h-element\">\n                          <!---->\n                          <div class=\"h-x-container-inner style-dynamic-161089-c22-group style-2353-spacing style-local-161089-c22-spacing\"><span class=\"h-button__outer style-2360-outer style-local-161089-c23-outer d-inline-flex h-element\"><a h-use-smooth-scroll=\"true\" href=\"\"  data-colibri-id=\"161089-c23\" class=\"d-flex w-100 align-items-center h-button justify-content-lg-center justify-content-md-center justify-content-center style-2360 style-local-161089-c23 position-relative\"><!----><!----> <span>D\u00e9tails \u00e0 venir<\/span><\/a>\n                            <\/span>\n                          <\/div>\n                        <\/div>\n                      <\/div>\n                    <\/div>\n                  <\/div>\n                <\/div>\n              <\/div>\n            <\/div>\n          <\/div>\n          <div class=\"h-column h-column-container d-flex h-col-lg-4 h-col-md-6 h-col-12 style-2347-outer style-local-161089-c24-outer\">\n            <div data-colibri-id=\"161089-c24\" class=\"d-flex h-flex-basis h-column__inner h-px-lg-2 h-px-md-2 h-px-2 v-inner-lg-2 v-inner-md-2 v-inner-2 style-2347 style-local-161089-c24 position-relative\">\n              <!---->\n              <!---->\n              <div class=\"w-100 h-y-container h-column__content h-column__v-align flex-basis-100 align-self-lg-start align-self-md-start align-self-start\">\n                <!---->\n                <div data-colibri-component=\"content-swap\" data-colibri-id=\"161089-c25\" class=\"content-swap style-2375 style-local-161089-c25 position-relative h-element\">\n                  <!---->\n                  <div class=\"d-flex position-relative border-radius-inherit h-content-swap__overflow\">\n                    <div data-normal=\"\" data-colibri-id=\"161089-c26\" class=\"h-content-swap__normal d-flex border-radius-inherit h-ui-empty-state-container hide-animation style-2376 style-local-161089-c26 position-relative\">\n                      <!---->\n                      <div class=\"w-100 h-y-container\">\n                        <!---->\n                      <\/div>\n                    <\/div>\n                    <div data-hover=\"\" data-colibri-component=\"link\" data-href=\"\" data-colibri-id=\"161089-c27\" class=\"h-content-swap-hover-container animated h-content-swap__hover d-flex border-radius-inherit fadeIn justify-content-lg-center justify-content-md-center justify-content-center style-2377 style-local-161089-c27 position-relative\"\n                      style=\"display: none;\">\n                      <!---->\n                      <div class=\"w-100 h-y-container align-self-lg-center align-self-md-center align-self-center\">\n                        <!---->\n                        <div data-colibri-id=\"161089-c28\" class=\"h-text h-text-component style-2378 style-local-161089-c28 position-relative h-element\">\n                          <!---->\n                          <!---->\n                          <div class=\"\">\n                            <p><span style=\"color: rgb(251, 253, 255); font-family: Amethysta;\">L&rsquo;Odyss\u00e9e du <\/span><\/p>\n                            <p><span style=\"color: rgb(251, 253, 255); font-family: Amethysta;\">Magellan<\/span><\/p>\n                          <\/div>\n                        <\/div>\n                        <div data-colibri-id=\"161089-c29\" class=\"h-text h-text-component style-2379 style-local-161089-c29 position-relative h-element\">\n                          <!---->\n                          <!---->\n                          <div class=\"\">\n                            <p><span style=\"color: rgb(250, 252, 254); font-family: &quot;Playfair Display&quot;;\">Octobre \u00e0 avril<\/span><\/p>\n                          <\/div>\n                        <\/div>\n                        <div data-colibri-id=\"161089-c30\" class=\"h-x-container style-2353 style-local-161089-c30 position-relative h-element\">\n                          <!---->\n                          <div class=\"h-x-container-inner style-dynamic-161089-c30-group style-2353-spacing style-local-161089-c30-spacing\"><span class=\"h-button__outer style-2380-outer style-local-161089-c31-outer d-inline-flex h-element\"><a h-use-smooth-scroll=\"true\" href=\"https:\/\/projet-enclave.com\/\" target=\"_blank\" data-colibri-id=\"161089-c31\" class=\"d-flex w-100 align-items-center h-button justify-content-lg-center justify-content-md-center justify-content-center style-2380 style-local-161089-c31 position-relative\" rel=\"noopener\"><!----><!----> <span>En savoir plus<\/span><\/a>\n                            <\/span>\n                          <\/div>\n                        <\/div>\n                      <\/div>\n                    <\/div>\n                  <\/div>\n                <\/div>\n              <\/div>\n            <\/div>\n          <\/div>\n        <\/div>\n      <\/div>\n    <\/div>\n  <\/div>\n<\/div>","protected":false},"excerpt":{"rendered":"<p>programmation 2026 En plus d\u2019\u00eatre le propri\u00e9taire de l\u2019un des b\u00e2timents patrimoniaux les plus remarquables du Centre-du-Qu\u00e9bec, le Centre des arts populaires de Nicolet est un organisme \u00e0 but non lucratif vou\u00e9 \u00e0 l\u2019enrichissement de la culture et de la communaut\u00e9. \u00c0 chaque ann\u00e9e, la direction du centre organise et fait la promotion d\u2019\u00e9v\u00e9nements soulignant [&hellip;]<\/p>\n","protected":false},"author":1,"featured_media":0,"parent":0,"menu_order":0,"comment_status":"closed","ping_status":"closed","template":"page-templates\/full-width-page.php","meta":{"footnotes":""},"_links":{"self":[{"href":"https:\/\/artspopulaires.org\/index.php?rest_route=\/wp\/v2\/pages\/161089"}],"collection":[{"href":"https:\/\/artspopulaires.org\/index.php?rest_route=\/wp\/v2\/pages"}],"about":[{"href":"https:\/\/artspopulaires.org\/index.php?rest_route=\/wp\/v2\/types\/page"}],"author":[{"embeddable":true,"href":"https:\/\/artspopulaires.org\/index.php?rest_route=\/wp\/v2\/users\/1"}],"replies":[{"embeddable":true,"href":"https:\/\/artspopulaires.org\/index.php?rest_route=%2Fwp%2Fv2%2Fcomments&post=161089"}],"version-history":[{"count":3,"href":"https:\/\/artspopulaires.org\/index.php?rest_route=\/wp\/v2\/pages\/161089\/revisions"}],"predecessor-version":[{"id":161129,"href":"https:\/\/artspopulaires.org\/index.php?rest_route=\/wp\/v2\/pages\/161089\/revisions\/161129"}],"wp:attachment":[{"href":"https:\/\/artspopulaires.org\/index.php?rest_route=%2Fwp%2Fv2%2Fmedia&parent=161089"}],"curies":[{"name":"wp","href":"https:\/\/api.w.org\/{rel}","templated":true}]}}