{"id":160777,"date":"2025-03-21T18:50:20","date_gmt":"2025-03-21T17:50:20","guid":{"rendered":"https:\/\/artspopulaires.org\/?page_id=160777"},"modified":"2025-10-02T19:46:41","modified_gmt":"2025-10-02T18:46:41","slug":"18e-rendez-vous-des-peintres-sogetel","status":"publish","type":"page","link":"https:\/\/artspopulaires.org\/?page_id=160777","title":{"rendered":"18e Rendez-vous des Peintres Sogetel"},"content":{"rendered":"<div data-colibri-id=\"160777-c1\" class=\"style-2265 style-local-160777-c1 position-relative\">\n  <!---->\n  <div data-colibri-component=\"section\" data-colibri-id=\"160777-c2\" id=\"custom\" class=\"h-section h-section-global-spacing d-flex align-items-lg-center align-items-md-center align-items-center style-2266 style-local-160777-c2 position-relative\">\n    <!---->\n    <!---->\n    <div class=\"h-section-grid-container h-section-boxed-container\">\n      <!---->\n      <div data-colibri-id=\"160777-c3\" class=\"h-row-container gutters-row-lg-2 gutters-row-md-2 gutters-row-0 gutters-row-v-lg-2 gutters-row-v-md-2 gutters-row-v-2 style-2267 style-local-160777-c3 position-relative\">\n        <!---->\n        <div class=\"h-row justify-content-lg-center justify-content-md-center justify-content-center align-items-lg-stretch align-items-md-stretch align-items-stretch gutters-col-lg-2 gutters-col-md-2 gutters-col-0 gutters-col-v-lg-2 gutters-col-v-md-2 gutters-col-v-2\">\n          <!---->\n          <div class=\"h-column h-column-container d-flex h-col-lg-auto h-col-md-auto h-col-auto style-2268-outer style-local-160777-c4-outer\">\n            <div data-colibri-id=\"160777-c4\" class=\"d-flex h-flex-basis h-column__inner h-px-lg-2 h-px-md-2 h-px-2 v-inner-lg-2 v-inner-md-2 v-inner-2 style-2268 style-local-160777-c4 position-relative\">\n              <!---->\n              <!---->\n              <div class=\"w-100 h-y-container h-column__content h-column__v-align flex-basis-100 align-self-lg-start align-self-md-start align-self-start\">\n                <!---->\n                <div data-colibri-id=\"160777-c5\" class=\"h-text h-text-component style-2269 style-local-160777-c5 position-relative h-element\">\n                  <!---->\n                  <!---->\n                  <div class=\"\">\n                    <p><span style=\"font-weight: 400; font-size: 18px; font-family: Adamina; color: rgb(50, 49, 49);\">C\u2019est la fin de semaine des 14, 15 et 16 novembre 2025 que se tiendra la 18e \u00e9dition du Rendez-vous des Peintres. <\/span><\/p>\n                    <p>Le Rendez-vous des Peintres est une exposition collective d\u2019artistes en arts visuels pr\u00e9sent\u00e9e annuellement dans le Centre des arts populaires de Nicolet. Commenc\u00e9 humblement en 2008 avec des artistes provenant principalement de Nicolet\n                      et sa r\u00e9gion imm\u00e9diate, l\u2019\u00e9v\u00e9nement est devenu la plus importante exposition collective \u00e0 se tenir sur le territoire de la MRC Nicolet-Yamaska.<\/p>\n                    <p>Sous la pr\u00e9sidence de Maurice Richard,&nbsp;<span style=\"font-weight: 400; font-size: 18px; font-family: Adamina; color: rgb(50, 49, 49);\">ce sont 18 artistes-peintres qui pr\u00e9senteront leurs oeuvres sous la vo\u00fbte du Centre des arts populaires. Par ailleurs, en parall\u00e8le \u00e0 ces centaines d&rsquo;oeuvres, l&rsquo;artiste Danielle Caron exposera ses propres cr\u00e9ations dans la salle Jean-Paul-Charland.&nbsp;<\/span><\/p>\n                  <\/div>\n                <\/div>\n                <div data-colibri-id=\"160777-c26\" class=\"h-text h-text-component style-2319 style-local-160777-c26 position-relative h-element\">\n                  <!---->\n                  <!---->\n                  <div class=\"\">\n                    <p><em style=\"color: rgb(50, 49, 49); font-family: Adamina; font-size: 18px; font-weight: 400;\"><u>ARTISTES PARTICIPANTS &#8211; \u00c9DITION 2025<\/u><\/em><\/p>\n                    <ul>\n                      <li>\n                        <u>Artiste invit\u00e9e<\/u>&nbsp;: Myriam \u013feblanc <em>(Rimouski)<\/em><\/li>\n                      <li>Yves Amyot <em>(Verch\u00e8res)<\/em><\/li>\n                      <li>Magella Bouchard <em>(Trois-Rivi\u00e8res)&nbsp;<\/em><\/li>\n                      <li>Cindy C\u00f4t\u00e9 <em>(Varenne)<\/em><\/li>\n                      <li>Louise Desaulniers <em>(B\u00e9cancour)<\/em><\/li>\n                      <li>Lise Desrosiers <em>(St-Edmond de Grantham)<\/em><\/li>\n                      <li>Alyssa Gagn\u00e9 <em>(L\u00e9vis)<\/em><\/li>\n                      <li>Diane H\u00e9on<em> (Shawinigan)<\/em><\/li>\n                      <li>Lorraine Lamirande <em>(Louiseville)<\/em><\/li>\n                      <li>Jean Lemire <em>(Trois-Rivi\u00e8res)<\/em><\/li>\n                      <li>Val\u00e9rie Lortie <em>(Ste-Eulalie)<\/em><\/li>\n                      <li>Alain Martel <em>(Salaberry-de-Valleyfield)<\/em><\/li>\n                      <li>Julie Martel<em> (Drummondville)<\/em><\/li>\n                      <li>Nicole Proulx <em>(Nicolet)<\/em><\/li>\n                      <li>Anne Ren\u00e9 de Cotret <em>(Nicolet)<\/em><\/li>\n                      <li>Caroline Roberge <em>(Trois-Rivi\u00e8res)<\/em><\/li>\n                      <li>Sandra Veillette <em>(St-L\u00e9onard-de Portneuf)<\/em><\/li>\n                      <li>Carolane Venne <em>(Ste-Anne-de-la-P\u00e9rade)<\/em><\/li>\n                    <\/ul>\n                    <p>\n                      <br>\n                    <\/p>\n                  <\/div>\n                <\/div>\n              <\/div>\n            <\/div>\n          <\/div>\n          <div class=\"h-column h-column-container d-flex h-col-lg-auto h-col-md-auto h-col-auto style-2270-outer style-local-160777-c6-outer\">\n            <div data-colibri-id=\"160777-c6\" class=\"d-flex h-flex-basis h-column__inner h-px-lg-0 h-px-md-0 h-px-0 v-inner-lg-0 v-inner-md-0 v-inner-0 style-2270 style-local-160777-c6 position-relative\">\n              <!---->\n              <!---->\n              <div class=\"w-100 h-y-container h-column__content h-column__v-align flex-basis-100 align-self-lg-start align-self-md-start align-self-start\">\n                <!---->\n                <div data-colibri-id=\"160777-c7\" class=\"d-block style-2318 style-local-160777-c7 position-relative h-element\">\n                  <!---->\n                  <div class=\"h-image__frame-container-outer\">\n                    <a href=\"http:\/\/artspopulaires.org\/wp-content\/uploads\/2025\/10\/affiche-rendez-vous-peintres-2025-compresse.png\" h-use-smooth-scroll=\"true\" class=\"image-link\">\n                      <div class=\"h-image__frame-container\">\n                        <!---->\n                        <!---->\n                        <img fetchpriority=\"high\" decoding=\"async\" width=\"1200\" height=\"1800\" src=\"http:\/\/artspopulaires.org\/wp-content\/uploads\/2025\/10\/affiche-rendez-vous-peintres-2025-compresse.png\" class=\"wp-image-160944 style-2318-image style-local-160777-c7-image\" alt=\"\" srcset=\"https:\/\/artspopulaires.org\/wp-content\/uploads\/2025\/10\/affiche-rendez-vous-peintres-2025-compresse.png 1200w, https:\/\/artspopulaires.org\/wp-content\/uploads\/2025\/10\/affiche-rendez-vous-peintres-2025-compresse-200x300.png 200w, https:\/\/artspopulaires.org\/wp-content\/uploads\/2025\/10\/affiche-rendez-vous-peintres-2025-compresse-683x1024.png 683w, https:\/\/artspopulaires.org\/wp-content\/uploads\/2025\/10\/affiche-rendez-vous-peintres-2025-compresse-768x1152.png 768w, https:\/\/artspopulaires.org\/wp-content\/uploads\/2025\/10\/affiche-rendez-vous-peintres-2025-compresse-1024x1536.png 1024w\" sizes=\"(max-width: 1200px) 100vw, 1200px\" \/>\n                        <div class=\"h-image__frame h-hide-lg h-hide-md h-hide-sm style-2318-frameImage style-local-160777-c7-frameImage\"><\/div>\n                      <\/div>\n                    <\/a>\n                  <\/div>\n                <\/div>\n              <\/div>\n            <\/div>\n          <\/div>\n        <\/div>\n      <\/div>\n    <\/div>\n  <\/div>\n<\/div>","protected":false},"excerpt":{"rendered":"<p>C\u2019est la fin de semaine des 14, 15 et 16 novembre 2025 que se tiendra la 18e \u00e9dition du Rendez-vous des Peintres. Le Rendez-vous des Peintres est une exposition collective d\u2019artistes en arts visuels pr\u00e9sent\u00e9e annuellement dans le Centre des arts populaires de Nicolet. Commenc\u00e9 humblement en 2008 avec des artistes provenant principalement de Nicolet [&hellip;]<\/p>\n","protected":false},"author":1,"featured_media":0,"parent":0,"menu_order":0,"comment_status":"closed","ping_status":"closed","template":"page-templates\/full-width-page.php","meta":{"footnotes":""},"_links":{"self":[{"href":"https:\/\/artspopulaires.org\/index.php?rest_route=\/wp\/v2\/pages\/160777"}],"collection":[{"href":"https:\/\/artspopulaires.org\/index.php?rest_route=\/wp\/v2\/pages"}],"about":[{"href":"https:\/\/artspopulaires.org\/index.php?rest_route=\/wp\/v2\/types\/page"}],"author":[{"embeddable":true,"href":"https:\/\/artspopulaires.org\/index.php?rest_route=\/wp\/v2\/users\/1"}],"replies":[{"embeddable":true,"href":"https:\/\/artspopulaires.org\/index.php?rest_route=%2Fwp%2Fv2%2Fcomments&post=160777"}],"version-history":[{"count":8,"href":"https:\/\/artspopulaires.org\/index.php?rest_route=\/wp\/v2\/pages\/160777\/revisions"}],"predecessor-version":[{"id":160960,"href":"https:\/\/artspopulaires.org\/index.php?rest_route=\/wp\/v2\/pages\/160777\/revisions\/160960"}],"wp:attachment":[{"href":"https:\/\/artspopulaires.org\/index.php?rest_route=%2Fwp%2Fv2%2Fmedia&parent=160777"}],"curies":[{"name":"wp","href":"https:\/\/api.w.org\/{rel}","templated":true}]}}

<div data-colibri-id="160777-c1" class="style-2265 style-local-160777-c1 position-relative">
  <!---->
  <div data-colibri-component="section" data-colibri-id="160777-c2" id="custom" class="h-section h-section-global-spacing d-flex align-items-lg-center align-items-md-center align-items-center style-2266 style-local-160777-c2 position-relative">
    <!---->
    <!---->
    <div class="h-section-grid-container h-section-boxed-container">
      <!---->
      <div data-colibri-id="160777-c3" class="h-row-container gutters-row-lg-2 gutters-row-md-2 gutters-row-0 gutters-row-v-lg-2 gutters-row-v-md-2 gutters-row-v-2 style-2267 style-local-160777-c3 position-relative">
        <!---->
        <div class="h-row justify-content-lg-center justify-content-md-center justify-content-center align-items-lg-stretch align-items-md-stretch align-items-stretch gutters-col-lg-2 gutters-col-md-2 gutters-col-0 gutters-col-v-lg-2 gutters-col-v-md-2 gutters-col-v-2">
          <!---->
          <div class="h-column h-column-container d-flex h-col-lg-auto h-col-md-auto h-col-auto style-2268-outer style-local-160777-c4-outer">
            <div data-colibri-id="160777-c4" class="d-flex h-flex-basis h-column__inner h-px-lg-2 h-px-md-2 h-px-2 v-inner-lg-2 v-inner-md-2 v-inner-2 style-2268 style-local-160777-c4 position-relative">
              <!---->
              <!---->
              <div class="w-100 h-y-container h-column__content h-column__v-align flex-basis-100 align-self-lg-start align-self-md-start align-self-start">
                <!---->
                <div data-colibri-id="160777-c5" class="h-text h-text-component style-2269 style-local-160777-c5 position-relative h-element">
                  <!---->
                  <!---->
                  <div class="">
                    <p><span style="font-weight: 400; font-size: 18px; font-family: Adamina; color: rgb(50, 49, 49);">C’est la fin de semaine des 14, 15 et 16 novembre 2025 que se tiendra la 18e édition du Rendez-vous des Peintres. </span></p>
                    <p>Le Rendez-vous des Peintres est une exposition collective d’artistes en arts visuels présentée annuellement dans le Centre des arts populaires de Nicolet. Commencé humblement en 2008 avec des artistes provenant principalement de Nicolet
                      et sa région immédiate, l’événement est devenu la plus importante exposition collective à se tenir sur le territoire de la MRC Nicolet-Yamaska.</p>
                    <p>Sous la présidence de Maurice Richard,&nbsp;<span style="font-weight: 400; font-size: 18px; font-family: Adamina; color: rgb(50, 49, 49);">ce sont 18 artistes-peintres qui présenteront leurs oeuvres sous la voûte du Centre des arts populaires. Par ailleurs, en parallèle à ces centaines d&rsquo;oeuvres, l&rsquo;artiste Danielle Caron exposera ses propres créations dans la salle Jean-Paul-Charland.&nbsp;</span></p>
                  </div>
                </div>
                <div data-colibri-id="160777-c26" class="h-text h-text-component style-2319 style-local-160777-c26 position-relative h-element">
                  <!---->
                  <!---->
                  <div class="">
                    <p><em style="color: rgb(50, 49, 49); font-family: Adamina; font-size: 18px; font-weight: 400;"><u>ARTISTES PARTICIPANTS &#8211; ÉDITION 2025</u></em></p>
                    <ul>
                      <li>
                        <u>Artiste invitée</u>&nbsp;: Myriam Ŀeblanc <em>(Rimouski)</em></li>
                      <li>Yves Amyot <em>(Verchères)</em></li>
                      <li>Magella Bouchard <em>(Trois-Rivières)&nbsp;</em></li>
                      <li>Cindy Côté <em>(Varenne)</em></li>
                      <li>Louise Desaulniers <em>(Bécancour)</em></li>
                      <li>Lise Desrosiers <em>(St-Edmond de Grantham)</em></li>
                      <li>Alyssa Gagné <em>(Lévis)</em></li>
                      <li>Diane Héon<em> (Shawinigan)</em></li>
                      <li>Lorraine Lamirande <em>(Louiseville)</em></li>
                      <li>Jean Lemire <em>(Trois-Rivières)</em></li>
                      <li>Valérie Lortie <em>(Ste-Eulalie)</em></li>
                      <li>Alain Martel <em>(Salaberry-de-Valleyfield)</em></li>
                      <li>Julie Martel<em> (Drummondville)</em></li>
                      <li>Nicole Proulx <em>(Nicolet)</em></li>
                      <li>Anne René de Cotret <em>(Nicolet)</em></li>
                      <li>Caroline Roberge <em>(Trois-Rivières)</em></li>
                      <li>Sandra Veillette <em>(St-Léonard-de Portneuf)</em></li>
                      <li>Carolane Venne <em>(Ste-Anne-de-la-Pérade)</em></li>
                    </ul>
                    <p>
                      <br>
                    </p>
                  </div>
                </div>
              </div>
            </div>
          </div>
          <div class="h-column h-column-container d-flex h-col-lg-auto h-col-md-auto h-col-auto style-2270-outer style-local-160777-c6-outer">
            <div data-colibri-id="160777-c6" class="d-flex h-flex-basis h-column__inner h-px-lg-0 h-px-md-0 h-px-0 v-inner-lg-0 v-inner-md-0 v-inner-0 style-2270 style-local-160777-c6 position-relative">
              <!---->
              <!---->
              <div class="w-100 h-y-container h-column__content h-column__v-align flex-basis-100 align-self-lg-start align-self-md-start align-self-start">
                <!---->
                <div data-colibri-id="160777-c7" class="d-block style-2318 style-local-160777-c7 position-relative h-element">
                  <!---->
                  <div class="h-image__frame-container-outer">
                    <a href="http://artspopulaires.org/wp-content/uploads/2025/10/affiche-rendez-vous-peintres-2025-compresse.png" h-use-smooth-scroll="true" class="image-link">
                      <div class="h-image__frame-container">
                        <!---->
                        <!---->
                        <img fetchpriority="high" decoding="async" width="1200" height="1800" src="http://artspopulaires.org/wp-content/uploads/2025/10/affiche-rendez-vous-peintres-2025-compresse.png" class="wp-image-160944 style-2318-image style-local-160777-c7-image" alt="" srcset="https://artspopulaires.org/wp-content/uploads/2025/10/affiche-rendez-vous-peintres-2025-compresse.png 1200w, https://artspopulaires.org/wp-content/uploads/2025/10/affiche-rendez-vous-peintres-2025-compresse-200x300.png 200w, https://artspopulaires.org/wp-content/uploads/2025/10/affiche-rendez-vous-peintres-2025-compresse-683x1024.png 683w, https://artspopulaires.org/wp-content/uploads/2025/10/affiche-rendez-vous-peintres-2025-compresse-768x1152.png 768w, https://artspopulaires.org/wp-content/uploads/2025/10/affiche-rendez-vous-peintres-2025-compresse-1024x1536.png 1024w" sizes="(max-width: 1200px) 100vw, 1200px" />
                        <div class="h-image__frame h-hide-lg h-hide-md h-hide-sm style-2318-frameImage style-local-160777-c7-frameImage"></div>
                      </div>
                    </a>
                  </div>
                </div>
              </div>
            </div>
          </div>
        </div>
      </div>
    </div>
  </div>
</div>

<p>C’est la fin de semaine des 14, 15 et 16 novembre 2025 que se tiendra la 18e édition du Rendez-vous des Peintres. Le Rendez-vous des Peintres est une exposition collective d’artistes en arts visuels présentée annuellement dans le Centre des arts populaires de Nicolet. Commencé humblement en 2008 avec des artistes provenant principalement de Nicolet [&hellip;]</p>
