{"id":160730,"date":"2025-02-21T22:51:46","date_gmt":"2025-02-21T21:51:46","guid":{"rendered":"https:\/\/artspopulaires.org\/?page_id=160730"},"modified":"2025-02-21T23:01:47","modified_gmt":"2025-02-21T22:01:47","slug":"dina-belanger-pionniere-du-piano-au-quebec","status":"publish","type":"page","link":"https:\/\/artspopulaires.org\/?page_id=160730","title":{"rendered":"Dina B\u00e9langer : Pionni\u00e8re du piano au Qu\u00e9bec"},"content":{"rendered":"<div data-colibri-id=\"160730-c1\" class=\"style-2258 style-local-160730-c1 position-relative\">\n  <!---->\n  <div data-colibri-component=\"section\" data-colibri-id=\"160730-c2\" id=\"custom\" class=\"h-section h-section-global-spacing d-flex align-items-lg-center align-items-md-center align-items-center style-2259 style-local-160730-c2 position-relative\">\n    <!---->\n    <!---->\n    <div class=\"h-section-grid-container h-section-boxed-container\">\n      <!---->\n      <div data-colibri-id=\"160730-c3\" class=\"h-row-container gutters-row-lg-2 gutters-row-md-2 gutters-row-0 gutters-row-v-lg-2 gutters-row-v-md-2 gutters-row-v-2 style-2260 style-local-160730-c3 position-relative\">\n        <!---->\n        <div class=\"h-row justify-content-lg-center justify-content-md-center justify-content-center align-items-lg-stretch align-items-md-stretch align-items-stretch gutters-col-lg-2 gutters-col-md-2 gutters-col-0 gutters-col-v-lg-2 gutters-col-v-md-2 gutters-col-v-2\">\n          <!---->\n          <div class=\"h-column h-column-container d-flex h-col-lg-auto h-col-md-auto h-col-auto style-2261-outer style-local-160730-c4-outer\">\n            <div data-colibri-id=\"160730-c4\" class=\"d-flex h-flex-basis h-column__inner h-px-lg-2 h-px-md-2 h-px-2 v-inner-lg-2 v-inner-md-2 v-inner-2 style-2261 style-local-160730-c4 position-relative\">\n              <!---->\n              <!---->\n              <div class=\"w-100 h-y-container h-column__content h-column__v-align flex-basis-100 align-self-lg-start align-self-md-start align-self-start\">\n                <!---->\n                <div data-colibri-id=\"160730-c5\" class=\"h-text h-text-component style-2262 style-local-160730-c5 position-relative h-element\">\n                  <!---->\n                  <!---->\n                  <div class=\"\">\n                    <p><span style=\"font-size: 200%;\">Dina B\u00e9langer : Pionni\u00e8re du piano au Qu\u00e9bec<\/span><\/p>\n                    <p><em style=\"font-size: 124%; font-family: Adamina;\">Le jeudi 13 mars 2025<\/em><\/p>\n                    <p>\n                      <br>\n                    <\/p>\n                    <p>La pianiste Anne-Marie Dubois donnera un r\u00e9cital comment\u00e9 dans notre grande salle le jeudi 13 mars prochain, \u00e0 19 h 30.&nbsp;Ce concert, s\u2019intitule <strong>Dina B\u00e9langer, pionni\u00e8re du piano au Qu\u00e9bec<\/strong>.<\/p>\n                    <p>Dina B\u00e9langer n\u00e9e le 30 avril 1897 est une religieuse, pianiste et musicienne membre de la congr\u00e9gation des religieuses de J\u00e9sus-Marie. D\u00e8s l\u2019enfance, elle se sent attir\u00e9e par la vie religieuse mais ses parents pr\u00e9f\u00e8rent qu\u2019elle d\u00e9veloppe\n                      ses talents musicaux. Elle \u00e9tudie le piano \u00e0 partir de l\u2019\u00e2ge de 8 ans et, en enfant ob\u00e9issante, accepte de se rendre \u00e0 New-York de 1916 \u00e01918 pour \u00e9tudier la composition et l\u2019harmonie \u00e0 \u00ab l\u2019Institute of Musical Art \u00bb. De retour au\n                      pays, elle donne des concerts au profit d\u2019\u0153uvres de charit\u00e9 tout en continuant d\u2019\u00e9tudier l\u2019harmonie. Mais l\u2019appel de la vie religieuse est trop fort et, en 1921, elle est admise comme novice chez les religieuses de J\u00e9sus-Marie de\n                      Sillery. Lors de sa premi\u00e8re mission \u00e0 Saint-Michel-de-Bellechasse, o\u00f9 elle enseigne le piano, elle contracte la scarlatine au contact d&rsquo;une de ses \u00e9l\u00e8ves. Sa fi\u00e8vre persiste, et finalement le diagnostic m\u00e9dical \u00e9tablit qu&rsquo;elle a\n                      contract\u00e9 la tuberculose. La maladie l\u2019emporte \u00e0 l&rsquo;\u00e2ge de trente-deux ans, le 4 septembre 1929.<\/p>\n                    <p>La foi h\u00e9ro\u00efque de Dina B\u00e9langer, proclam\u00e9e bienheureuse par le pape Jean-Paul II en 1993, est un myst\u00e8re pour bien des gens. Motiv\u00e9e \u00e0 la fois par ses belles compositions mais \u00e9galement par la richesse de sa personnalit\u00e9, Anne-Marie\n                      Dubois a grand plaisir \u00e0 s\u2019associer \u00e0 Dina B\u00e9langer pour vous la raconter!<\/p>\n                    <p>\n                      <br>\n                    <\/p>\n                    <p><em style=\"font-size: 129%;\"><u>Programme<\/u><\/em><\/p>\n                    <ul>\n                      <li><strong>Beethoven <\/strong>: <em>Variations sur le th\u00e8me de la Marche turque des Ruines d\u2019Ath\u00e8nes<\/em><\/li>\n                      <li><strong>Liszt <\/strong>: <em>Gondoliera de la Suite Venezia e<\/em><\/li>\n                      <li><strong>Beethoven <\/strong>: <em>Scherzo en la b\u00e9mol de la sonate no18<\/em><\/li>\n                      <li><strong>Chopin <\/strong>: <em>Andante Spianato et Grande Polonaise brillante<\/em><\/li>\n                      <li><strong>Dina B\u00e9langer<\/strong> :<\/li>\n                      <li class=\"ql-indent-1\"><em>R\u00eaverie sur le Saguenay<\/em><\/li>\n                      <li class=\"ql-indent-1\"><em>Les Cloches de l\u2019abbaye<\/em><\/li>\n                      <li class=\"ql-indent-1\"><em>Ricordanza&nbsp;&nbsp;&nbsp;<\/em><\/li>\n                      <li><strong>Liszt <\/strong>: <em>14<\/em>\n                        <sup><em>e<\/em><\/sup><em> Rhapsodie hongroise<\/em><\/li>\n                    <\/ul>\n                    <p>\n                      <br>\n                    <\/p>\n                    <p><em style=\"font-size: 23.22px;\"><u>Informations et r\u00e9servations<\/u><\/em><\/p>\n                    <ul>\n                      <li>Pour r\u00e9server : 819 293-4646<\/li>\n                    <\/ul>\n                    <p>\n                      <br>\n                    <\/p>\n                    <p>&nbsp;&nbsp;&nbsp;&nbsp;&nbsp;&nbsp;&nbsp;&nbsp;&nbsp;&nbsp;&nbsp;&nbsp;&nbsp;&nbsp;&nbsp;&nbsp;&nbsp;&nbsp;&nbsp;&nbsp;&nbsp;&nbsp;&nbsp;&nbsp;&nbsp;&nbsp;&nbsp;&nbsp;&nbsp;&nbsp;&nbsp;&nbsp;&nbsp;<\/p>\n                  <\/div>\n                <\/div>\n              <\/div>\n            <\/div>\n          <\/div>\n          <div class=\"h-column h-column-container d-flex h-col-lg-auto h-col-md-auto h-col-auto style-2263-outer style-local-160730-c6-outer\">\n            <div data-colibri-id=\"160730-c6\" class=\"d-flex h-flex-basis h-column__inner h-px-lg-2 h-px-md-2 h-px-2 v-inner-lg-2 v-inner-md-2 v-inner-2 style-2263 style-local-160730-c6 position-relative\">\n              <!---->\n              <!---->\n              <div class=\"w-100 h-y-container h-column__content h-column__v-align flex-basis-100 align-self-lg-start align-self-md-start align-self-start\">\n                <!---->\n                <div data-colibri-id=\"160730-c7\" class=\"d-block style-2264 style-local-160730-c7 position-relative h-element\">\n                  <!---->\n                  <div class=\"h-image__frame-container-outer\">\n                    <a href=\"http:\/\/artspopulaires.org\/wp-content\/uploads\/2025\/02\/Pub-medias-sociaux-piano.jpg\" h-use-smooth-scroll=\"true\" class=\"image-link\">\n                      <div class=\"h-image__frame-container\">\n                        <!---->\n                        <!---->\n                        <img fetchpriority=\"high\" decoding=\"async\" width=\"1999\" height=\"2484\" src=\"http:\/\/artspopulaires.org\/wp-content\/uploads\/2025\/02\/Pub-medias-sociaux-piano.jpg\" class=\"wp-image-160714 style-2264-image style-local-160730-c7-image\" alt=\"\" srcset=\"https:\/\/artspopulaires.org\/wp-content\/uploads\/2025\/02\/Pub-medias-sociaux-piano.jpg 1999w, https:\/\/artspopulaires.org\/wp-content\/uploads\/2025\/02\/Pub-medias-sociaux-piano-241x300.jpg 241w, https:\/\/artspopulaires.org\/wp-content\/uploads\/2025\/02\/Pub-medias-sociaux-piano-824x1024.jpg 824w, https:\/\/artspopulaires.org\/wp-content\/uploads\/2025\/02\/Pub-medias-sociaux-piano-768x954.jpg 768w, https:\/\/artspopulaires.org\/wp-content\/uploads\/2025\/02\/Pub-medias-sociaux-piano-1236x1536.jpg 1236w, https:\/\/artspopulaires.org\/wp-content\/uploads\/2025\/02\/Pub-medias-sociaux-piano-1648x2048.jpg 1648w\" sizes=\"(max-width: 1999px) 100vw, 1999px\" \/>\n                        <div class=\"h-image__frame h-hide-lg h-hide-md h-hide-sm style-2264-frameImage style-local-160730-c7-frameImage\"><\/div>\n                      <\/div>\n                    <\/a>\n                  <\/div>\n                <\/div>\n              <\/div>\n            <\/div>\n          <\/div>\n        <\/div>\n      <\/div>\n    <\/div>\n  <\/div>\n<\/div>","protected":false},"excerpt":{"rendered":"<p>Dina B\u00e9langer : Pionni\u00e8re du piano au Qu\u00e9bec Le jeudi 13 mars 2025 La pianiste Anne-Marie Dubois donnera un r\u00e9cital comment\u00e9 dans notre grande salle le jeudi 13 mars prochain, \u00e0 19 h 30.&nbsp;Ce concert, s\u2019intitule Dina B\u00e9langer, pionni\u00e8re du piano au Qu\u00e9bec. Dina B\u00e9langer n\u00e9e le 30 avril 1897 est une religieuse, pianiste et [&hellip;]<\/p>\n","protected":false},"author":1,"featured_media":0,"parent":0,"menu_order":0,"comment_status":"closed","ping_status":"closed","template":"page-templates\/full-width-page.php","meta":{"footnotes":""},"_links":{"self":[{"href":"https:\/\/artspopulaires.org\/index.php?rest_route=\/wp\/v2\/pages\/160730"}],"collection":[{"href":"https:\/\/artspopulaires.org\/index.php?rest_route=\/wp\/v2\/pages"}],"about":[{"href":"https:\/\/artspopulaires.org\/index.php?rest_route=\/wp\/v2\/types\/page"}],"author":[{"embeddable":true,"href":"https:\/\/artspopulaires.org\/index.php?rest_route=\/wp\/v2\/users\/1"}],"replies":[{"embeddable":true,"href":"https:\/\/artspopulaires.org\/index.php?rest_route=%2Fwp%2Fv2%2Fcomments&post=160730"}],"version-history":[{"count":4,"href":"https:\/\/artspopulaires.org\/index.php?rest_route=\/wp\/v2\/pages\/160730\/revisions"}],"predecessor-version":[{"id":160757,"href":"https:\/\/artspopulaires.org\/index.php?rest_route=\/wp\/v2\/pages\/160730\/revisions\/160757"}],"wp:attachment":[{"href":"https:\/\/artspopulaires.org\/index.php?rest_route=%2Fwp%2Fv2%2Fmedia&parent=160730"}],"curies":[{"name":"wp","href":"https:\/\/api.w.org\/{rel}","templated":true}]}}

Dina Bélanger : Pionnière du piano au Québec

<div data-colibri-id="160730-c1" class="style-2258 style-local-160730-c1 position-relative">
  <!---->
  <div data-colibri-component="section" data-colibri-id="160730-c2" id="custom" class="h-section h-section-global-spacing d-flex align-items-lg-center align-items-md-center align-items-center style-2259 style-local-160730-c2 position-relative">
    <!---->
    <!---->
    <div class="h-section-grid-container h-section-boxed-container">
      <!---->
      <div data-colibri-id="160730-c3" class="h-row-container gutters-row-lg-2 gutters-row-md-2 gutters-row-0 gutters-row-v-lg-2 gutters-row-v-md-2 gutters-row-v-2 style-2260 style-local-160730-c3 position-relative">
        <!---->
        <div class="h-row justify-content-lg-center justify-content-md-center justify-content-center align-items-lg-stretch align-items-md-stretch align-items-stretch gutters-col-lg-2 gutters-col-md-2 gutters-col-0 gutters-col-v-lg-2 gutters-col-v-md-2 gutters-col-v-2">
          <!---->
          <div class="h-column h-column-container d-flex h-col-lg-auto h-col-md-auto h-col-auto style-2261-outer style-local-160730-c4-outer">
            <div data-colibri-id="160730-c4" class="d-flex h-flex-basis h-column__inner h-px-lg-2 h-px-md-2 h-px-2 v-inner-lg-2 v-inner-md-2 v-inner-2 style-2261 style-local-160730-c4 position-relative">
              <!---->
              <!---->
              <div class="w-100 h-y-container h-column__content h-column__v-align flex-basis-100 align-self-lg-start align-self-md-start align-self-start">
                <!---->
                <div data-colibri-id="160730-c5" class="h-text h-text-component style-2262 style-local-160730-c5 position-relative h-element">
                  <!---->
                  <!---->
                  <div class="">
                    <p><span style="font-size: 200%;">Dina Bélanger : Pionnière du piano au Québec</span></p>
                    <p><em style="font-size: 124%; font-family: Adamina;">Le jeudi 13 mars 2025</em></p>
                    <p>
                      <br>
                    </p>
                    <p>La pianiste Anne-Marie Dubois donnera un récital commenté dans notre grande salle le jeudi 13 mars prochain, à 19 h 30.&nbsp;Ce concert, s’intitule <strong>Dina Bélanger, pionnière du piano au Québec</strong>.</p>
                    <p>Dina Bélanger née le 30 avril 1897 est une religieuse, pianiste et musicienne membre de la congrégation des religieuses de Jésus-Marie. Dès l’enfance, elle se sent attirée par la vie religieuse mais ses parents préfèrent qu’elle développe
                      ses talents musicaux. Elle étudie le piano à partir de l’âge de 8 ans et, en enfant obéissante, accepte de se rendre à New-York de 1916 à1918 pour étudier la composition et l’harmonie à « l’Institute of Musical Art ». De retour au
                      pays, elle donne des concerts au profit d’œuvres de charité tout en continuant d’étudier l’harmonie. Mais l’appel de la vie religieuse est trop fort et, en 1921, elle est admise comme novice chez les religieuses de Jésus-Marie de
                      Sillery. Lors de sa première mission à Saint-Michel-de-Bellechasse, où elle enseigne le piano, elle contracte la scarlatine au contact d&rsquo;une de ses élèves. Sa fièvre persiste, et finalement le diagnostic médical établit qu&rsquo;elle a
                      contracté la tuberculose. La maladie l’emporte à l&rsquo;âge de trente-deux ans, le 4 septembre 1929.</p>
                    <p>La foi héroïque de Dina Bélanger, proclamée bienheureuse par le pape Jean-Paul II en 1993, est un mystère pour bien des gens. Motivée à la fois par ses belles compositions mais également par la richesse de sa personnalité, Anne-Marie
                      Dubois a grand plaisir à s’associer à Dina Bélanger pour vous la raconter!</p>
                    <p>
                      <br>
                    </p>
                    <p><em style="font-size: 129%;"><u>Programme</u></em></p>
                    <ul>
                      <li><strong>Beethoven </strong>: <em>Variations sur le thème de la Marche turque des Ruines d’Athènes</em></li>
                      <li><strong>Liszt </strong>: <em>Gondoliera de la Suite Venezia e</em></li>
                      <li><strong>Beethoven </strong>: <em>Scherzo en la bémol de la sonate no18</em></li>
                      <li><strong>Chopin </strong>: <em>Andante Spianato et Grande Polonaise brillante</em></li>
                      <li><strong>Dina Bélanger</strong> :</li>
                      <li class="ql-indent-1"><em>Rêverie sur le Saguenay</em></li>
                      <li class="ql-indent-1"><em>Les Cloches de l’abbaye</em></li>
                      <li class="ql-indent-1"><em>Ricordanza&nbsp;&nbsp;&nbsp;</em></li>
                      <li><strong>Liszt </strong>: <em>14</em>
                        <sup><em>e</em></sup><em> Rhapsodie hongroise</em></li>
                    </ul>
                    <p>
                      <br>
                    </p>
                    <p><em style="font-size: 23.22px;"><u>Informations et réservations</u></em></p>
                    <ul>
                      <li>Pour réserver : 819 293-4646</li>
                    </ul>
                    <p>
                      <br>
                    </p>
                    <p>&nbsp;&nbsp;&nbsp;&nbsp;&nbsp;&nbsp;&nbsp;&nbsp;&nbsp;&nbsp;&nbsp;&nbsp;&nbsp;&nbsp;&nbsp;&nbsp;&nbsp;&nbsp;&nbsp;&nbsp;&nbsp;&nbsp;&nbsp;&nbsp;&nbsp;&nbsp;&nbsp;&nbsp;&nbsp;&nbsp;&nbsp;&nbsp;&nbsp;</p>
                  </div>
                </div>
              </div>
            </div>
          </div>
          <div class="h-column h-column-container d-flex h-col-lg-auto h-col-md-auto h-col-auto style-2263-outer style-local-160730-c6-outer">
            <div data-colibri-id="160730-c6" class="d-flex h-flex-basis h-column__inner h-px-lg-2 h-px-md-2 h-px-2 v-inner-lg-2 v-inner-md-2 v-inner-2 style-2263 style-local-160730-c6 position-relative">
              <!---->
              <!---->
              <div class="w-100 h-y-container h-column__content h-column__v-align flex-basis-100 align-self-lg-start align-self-md-start align-self-start">
                <!---->
                <div data-colibri-id="160730-c7" class="d-block style-2264 style-local-160730-c7 position-relative h-element">
                  <!---->
                  <div class="h-image__frame-container-outer">
                    <a href="http://artspopulaires.org/wp-content/uploads/2025/02/Pub-medias-sociaux-piano.jpg" h-use-smooth-scroll="true" class="image-link">
                      <div class="h-image__frame-container">
                        <!---->
                        <!---->
                        <img fetchpriority="high" decoding="async" width="1999" height="2484" src="http://artspopulaires.org/wp-content/uploads/2025/02/Pub-medias-sociaux-piano.jpg" class="wp-image-160714 style-2264-image style-local-160730-c7-image" alt="" srcset="https://artspopulaires.org/wp-content/uploads/2025/02/Pub-medias-sociaux-piano.jpg 1999w, https://artspopulaires.org/wp-content/uploads/2025/02/Pub-medias-sociaux-piano-241x300.jpg 241w, https://artspopulaires.org/wp-content/uploads/2025/02/Pub-medias-sociaux-piano-824x1024.jpg 824w, https://artspopulaires.org/wp-content/uploads/2025/02/Pub-medias-sociaux-piano-768x954.jpg 768w, https://artspopulaires.org/wp-content/uploads/2025/02/Pub-medias-sociaux-piano-1236x1536.jpg 1236w, https://artspopulaires.org/wp-content/uploads/2025/02/Pub-medias-sociaux-piano-1648x2048.jpg 1648w" sizes="(max-width: 1999px) 100vw, 1999px" />
                        <div class="h-image__frame h-hide-lg h-hide-md h-hide-sm style-2264-frameImage style-local-160730-c7-frameImage"></div>
                      </div>
                    </a>
                  </div>
                </div>
              </div>
            </div>
          </div>
        </div>
      </div>
    </div>
  </div>
</div>

<p>Dina Bélanger : Pionnière du piano au Québec Le jeudi 13 mars 2025 La pianiste Anne-Marie Dubois donnera un récital commenté dans notre grande salle le jeudi 13 mars prochain, à 19 h 30.&nbsp;Ce concert, s’intitule Dina Bélanger, pionnière du piano au Québec. Dina Bélanger née le 30 avril 1897 est une religieuse, pianiste et [&hellip;]</p>
