{"id":160476,"date":"2024-05-08T18:56:29","date_gmt":"2024-05-08T17:56:29","guid":{"rendered":"https:\/\/artspopulaires.org\/?page_id=160476"},"modified":"2024-05-08T19:59:55","modified_gmt":"2024-05-08T18:59:55","slug":"la-quatrieme-biennale-de-courtepointes","status":"publish","type":"page","link":"https:\/\/artspopulaires.org\/?page_id=160476","title":{"rendered":"La quatri\u00e8me biennale de courtepointes"},"content":{"rendered":"<div data-colibri-id=\"160476-c1\" class=\"style-2146 style-local-160476-c1 position-relative\">\n  <!---->\n  <div data-colibri-component=\"section\" data-colibri-id=\"160476-c2\" id=\"custom\" class=\"h-section h-section-global-spacing d-flex align-items-lg-center align-items-md-center align-items-center style-2147 style-local-160476-c2 position-relative\">\n    <!---->\n    <!---->\n    <div class=\"h-section-grid-container h-section-boxed-container\">\n      <!---->\n      <div data-colibri-id=\"160476-c3\" class=\"h-row-container gutters-row-lg-2 gutters-row-md-2 gutters-row-0 gutters-row-v-lg-2 gutters-row-v-md-2 gutters-row-v-2 style-2148 style-local-160476-c3 position-relative\">\n        <!---->\n        <div class=\"h-row justify-content-lg-center justify-content-md-center justify-content-center align-items-lg-stretch align-items-md-stretch align-items-stretch gutters-col-lg-2 gutters-col-md-2 gutters-col-0 gutters-col-v-lg-2 gutters-col-v-md-2 gutters-col-v-2\">\n          <!---->\n          <div class=\"h-column h-column-container d-flex h-col-lg-6 h-col-md-6 h-col-12 style-2149-outer style-local-160476-c4-outer\">\n            <div data-colibri-id=\"160476-c4\" class=\"d-flex h-flex-basis h-column__inner h-px-lg-2 h-px-md-2 h-px-2 v-inner-lg-2 v-inner-md-2 v-inner-2 style-2149 style-local-160476-c4 position-relative\">\n              <!---->\n              <!---->\n              <div class=\"w-100 h-y-container h-column__content h-column__v-align flex-basis-100 align-self-lg-center align-self-md-center align-self-center\">\n                <!---->\n                <div data-colibri-id=\"160476-c5\" class=\"h-text h-text-component style-2154 style-local-160476-c5 position-relative h-element\">\n                  <!---->\n                  <!---->\n                  <div class=\"\">\n                    <p><span style=\"font-size: 36px; font-family: Adamina;\">La quatri\u00e8me biennale de courtepointes<\/span><\/p>\n                    <p><span style=\"font-family: Adamina; font-size: 22.32px;\">Les 17, 18 et 19 mai 2024<\/span><\/p>\n                    <p>\n                      <br>\n                    <\/p>\n                    <p>Les 17, 18 et 19 mai 2024 se tiendra, au Centre des arts populaires de Nicolet, la <em>Quatri\u00e8me biennale de courtepointes<\/em> de la <em>Guilde Les doigts de f\u00e9e<\/em>. Cette exposition pr\u00e9sentera plus d\u2019une centaine de pi\u00e8ces&nbsp;:\n                      grandes courtepointes, jet\u00e9s, napperons et murales, toutes r\u00e9alis\u00e9es par la Guilde Les doigts de F\u00e9e.<\/p>\n                    <p><em>La Guilde Les doigts de f\u00e9e<\/em>, c\u2019est plus d\u2019une douzaine d\u2019amoureuses de l\u2019agencement des tissus qui se rencontrent un jeudi sur deux au Centre des arts populaires pour apprendre de nouveaux trucs, partager leurs exp\u00e9riences\n                      et r\u00e9aliser de nouveaux projets. Cette ann\u00e9e, l\u2019un de ces projets collectifs est le magnifique couvre lit de format \u00ab grand lit \u00bb portant le titre de <em>Danse des rubans<\/em>. Les personnes qui visiteront l\u2019exposition pourront courir\n                      la chance de repartir avec cette pi\u00e8ce remarquable tout en participant au financement de l\u2019\u00e9v\u00e9nement.<\/p>\n                    <p>En prime, aux m\u00eames heures, dans la salle Jean-Paul-Charland, se tiendra une exposition de l\u2019artiste peintre Monique Danis. Cette exposition \u00ab fermeture d\u2019atelier \u00bb permettra de se procurer ses \u0153uvres \u00e0 prix de liquidation. 50% de\n                      la vente des tableaux seront vers\u00e9s au profit du financement du Centre des arts populaires.<\/p>\n                  <\/div>\n                <\/div>\n              <\/div>\n            <\/div>\n          <\/div>\n          <div class=\"h-column h-column-container d-flex h-col-lg-6 h-col-md-6 h-col-12 style-2151-outer style-local-160476-c6-outer\">\n            <div data-colibri-id=\"160476-c6\" class=\"d-flex h-flex-basis h-column__inner h-px-lg-2 h-px-md-2 h-px-2 v-inner-lg-2 v-inner-md-2 v-inner-2 style-2151 style-local-160476-c6 position-relative\">\n              <!---->\n              <!---->\n              <div class=\"w-100 h-y-container h-column__content h-column__v-align flex-basis-100 align-self-lg-start align-self-md-start align-self-start\">\n                <!---->\n                <div data-colibri-id=\"160476-c7\" class=\"d-block style-2152 style-local-160476-c7 position-relative h-element\">\n                  <!---->\n                  <div class=\"h-image__frame-container-outer\">\n                    <a href=\"http:\/\/artspopulaires.org\/wp-content\/uploads\/2024\/05\/Affiche-courtepointe-2024.png\" h-use-smooth-scroll=\"true\" class=\"image-link\">\n                      <div class=\"h-image__frame-container\">\n                        <!---->\n                        <!---->\n                        <img fetchpriority=\"high\" decoding=\"async\" width=\"1100\" height=\"1700\" src=\"http:\/\/artspopulaires.org\/wp-content\/uploads\/2024\/05\/Affiche-courtepointe-2024.png\" class=\"wp-image-160520 style-2152-image style-local-160476-c7-image\" alt=\"\" srcset=\"https:\/\/artspopulaires.org\/wp-content\/uploads\/2024\/05\/Affiche-courtepointe-2024.png 1100w, https:\/\/artspopulaires.org\/wp-content\/uploads\/2024\/05\/Affiche-courtepointe-2024-194x300.png 194w, https:\/\/artspopulaires.org\/wp-content\/uploads\/2024\/05\/Affiche-courtepointe-2024-663x1024.png 663w, https:\/\/artspopulaires.org\/wp-content\/uploads\/2024\/05\/Affiche-courtepointe-2024-768x1187.png 768w, https:\/\/artspopulaires.org\/wp-content\/uploads\/2024\/05\/Affiche-courtepointe-2024-994x1536.png 994w\" sizes=\"(max-width: 1100px) 100vw, 1100px\" \/>\n                        <div class=\"h-image__frame h-hide-lg h-hide-md h-hide-sm style-2152-frameImage style-local-160476-c7-frameImage\"><\/div>\n                      <\/div>\n                    <\/a>\n                  <\/div>\n                <\/div>\n              <\/div>\n            <\/div>\n          <\/div>\n        <\/div>\n      <\/div>\n    <\/div>\n  <\/div>\n<\/div>","protected":false},"excerpt":{"rendered":"<p>La quatri\u00e8me biennale de courtepointes Les 17, 18 et 19 mai 2024 Les 17, 18 et 19 mai 2024 se tiendra, au Centre des arts populaires de Nicolet, la Quatri\u00e8me biennale de courtepointes de la Guilde Les doigts de f\u00e9e. Cette exposition pr\u00e9sentera plus d\u2019une centaine de pi\u00e8ces&nbsp;: grandes courtepointes, jet\u00e9s, napperons et murales, toutes [&hellip;]<\/p>\n","protected":false},"author":1,"featured_media":0,"parent":0,"menu_order":0,"comment_status":"closed","ping_status":"closed","template":"page-templates\/full-width-page.php","meta":{"footnotes":""},"_links":{"self":[{"href":"https:\/\/artspopulaires.org\/index.php?rest_route=\/wp\/v2\/pages\/160476"}],"collection":[{"href":"https:\/\/artspopulaires.org\/index.php?rest_route=\/wp\/v2\/pages"}],"about":[{"href":"https:\/\/artspopulaires.org\/index.php?rest_route=\/wp\/v2\/types\/page"}],"author":[{"embeddable":true,"href":"https:\/\/artspopulaires.org\/index.php?rest_route=\/wp\/v2\/users\/1"}],"replies":[{"embeddable":true,"href":"https:\/\/artspopulaires.org\/index.php?rest_route=%2Fwp%2Fv2%2Fcomments&post=160476"}],"version-history":[{"count":6,"href":"https:\/\/artspopulaires.org\/index.php?rest_route=\/wp\/v2\/pages\/160476\/revisions"}],"predecessor-version":[{"id":160605,"href":"https:\/\/artspopulaires.org\/index.php?rest_route=\/wp\/v2\/pages\/160476\/revisions\/160605"}],"wp:attachment":[{"href":"https:\/\/artspopulaires.org\/index.php?rest_route=%2Fwp%2Fv2%2Fmedia&parent=160476"}],"curies":[{"name":"wp","href":"https:\/\/api.w.org\/{rel}","templated":true}]}}

La quatrième biennale de courtepointes

<div data-colibri-id="160476-c1" class="style-2146 style-local-160476-c1 position-relative">
  <!---->
  <div data-colibri-component="section" data-colibri-id="160476-c2" id="custom" class="h-section h-section-global-spacing d-flex align-items-lg-center align-items-md-center align-items-center style-2147 style-local-160476-c2 position-relative">
    <!---->
    <!---->
    <div class="h-section-grid-container h-section-boxed-container">
      <!---->
      <div data-colibri-id="160476-c3" class="h-row-container gutters-row-lg-2 gutters-row-md-2 gutters-row-0 gutters-row-v-lg-2 gutters-row-v-md-2 gutters-row-v-2 style-2148 style-local-160476-c3 position-relative">
        <!---->
        <div class="h-row justify-content-lg-center justify-content-md-center justify-content-center align-items-lg-stretch align-items-md-stretch align-items-stretch gutters-col-lg-2 gutters-col-md-2 gutters-col-0 gutters-col-v-lg-2 gutters-col-v-md-2 gutters-col-v-2">
          <!---->
          <div class="h-column h-column-container d-flex h-col-lg-6 h-col-md-6 h-col-12 style-2149-outer style-local-160476-c4-outer">
            <div data-colibri-id="160476-c4" class="d-flex h-flex-basis h-column__inner h-px-lg-2 h-px-md-2 h-px-2 v-inner-lg-2 v-inner-md-2 v-inner-2 style-2149 style-local-160476-c4 position-relative">
              <!---->
              <!---->
              <div class="w-100 h-y-container h-column__content h-column__v-align flex-basis-100 align-self-lg-center align-self-md-center align-self-center">
                <!---->
                <div data-colibri-id="160476-c5" class="h-text h-text-component style-2154 style-local-160476-c5 position-relative h-element">
                  <!---->
                  <!---->
                  <div class="">
                    <p><span style="font-size: 36px; font-family: Adamina;">La quatrième biennale de courtepointes</span></p>
                    <p><span style="font-family: Adamina; font-size: 22.32px;">Les 17, 18 et 19 mai 2024</span></p>
                    <p>
                      <br>
                    </p>
                    <p>Les 17, 18 et 19 mai 2024 se tiendra, au Centre des arts populaires de Nicolet, la <em>Quatrième biennale de courtepointes</em> de la <em>Guilde Les doigts de fée</em>. Cette exposition présentera plus d’une centaine de pièces&nbsp;:
                      grandes courtepointes, jetés, napperons et murales, toutes réalisées par la Guilde Les doigts de Fée.</p>
                    <p><em>La Guilde Les doigts de fée</em>, c’est plus d’une douzaine d’amoureuses de l’agencement des tissus qui se rencontrent un jeudi sur deux au Centre des arts populaires pour apprendre de nouveaux trucs, partager leurs expériences
                      et réaliser de nouveaux projets. Cette année, l’un de ces projets collectifs est le magnifique couvre lit de format « grand lit » portant le titre de <em>Danse des rubans</em>. Les personnes qui visiteront l’exposition pourront courir
                      la chance de repartir avec cette pièce remarquable tout en participant au financement de l’événement.</p>
                    <p>En prime, aux mêmes heures, dans la salle Jean-Paul-Charland, se tiendra une exposition de l’artiste peintre Monique Danis. Cette exposition « fermeture d’atelier » permettra de se procurer ses œuvres à prix de liquidation. 50% de
                      la vente des tableaux seront versés au profit du financement du Centre des arts populaires.</p>
                  </div>
                </div>
              </div>
            </div>
          </div>
          <div class="h-column h-column-container d-flex h-col-lg-6 h-col-md-6 h-col-12 style-2151-outer style-local-160476-c6-outer">
            <div data-colibri-id="160476-c6" class="d-flex h-flex-basis h-column__inner h-px-lg-2 h-px-md-2 h-px-2 v-inner-lg-2 v-inner-md-2 v-inner-2 style-2151 style-local-160476-c6 position-relative">
              <!---->
              <!---->
              <div class="w-100 h-y-container h-column__content h-column__v-align flex-basis-100 align-self-lg-start align-self-md-start align-self-start">
                <!---->
                <div data-colibri-id="160476-c7" class="d-block style-2152 style-local-160476-c7 position-relative h-element">
                  <!---->
                  <div class="h-image__frame-container-outer">
                    <a href="http://artspopulaires.org/wp-content/uploads/2024/05/Affiche-courtepointe-2024.png" h-use-smooth-scroll="true" class="image-link">
                      <div class="h-image__frame-container">
                        <!---->
                        <!---->
                        <img fetchpriority="high" decoding="async" width="1100" height="1700" src="http://artspopulaires.org/wp-content/uploads/2024/05/Affiche-courtepointe-2024.png" class="wp-image-160520 style-2152-image style-local-160476-c7-image" alt="" srcset="https://artspopulaires.org/wp-content/uploads/2024/05/Affiche-courtepointe-2024.png 1100w, https://artspopulaires.org/wp-content/uploads/2024/05/Affiche-courtepointe-2024-194x300.png 194w, https://artspopulaires.org/wp-content/uploads/2024/05/Affiche-courtepointe-2024-663x1024.png 663w, https://artspopulaires.org/wp-content/uploads/2024/05/Affiche-courtepointe-2024-768x1187.png 768w, https://artspopulaires.org/wp-content/uploads/2024/05/Affiche-courtepointe-2024-994x1536.png 994w" sizes="(max-width: 1100px) 100vw, 1100px" />
                        <div class="h-image__frame h-hide-lg h-hide-md h-hide-sm style-2152-frameImage style-local-160476-c7-frameImage"></div>
                      </div>
                    </a>
                  </div>
                </div>
              </div>
            </div>
          </div>
        </div>
      </div>
    </div>
  </div>
</div>

<p>La quatrième biennale de courtepointes Les 17, 18 et 19 mai 2024 Les 17, 18 et 19 mai 2024 se tiendra, au Centre des arts populaires de Nicolet, la Quatrième biennale de courtepointes de la Guilde Les doigts de fée. Cette exposition présentera plus d’une centaine de pièces&nbsp;: grandes courtepointes, jetés, napperons et murales, toutes [&hellip;]</p>
