{"id":160475,"date":"2024-05-08T18:41:02","date_gmt":"2024-05-08T17:41:02","guid":{"rendered":"https:\/\/artspopulaires.org\/?page_id=160475"},"modified":"2024-05-08T19:20:07","modified_gmt":"2024-05-08T18:20:07","slug":"journee-des-dentellieres-et-des-brodeuses-2024","status":"publish","type":"page","link":"https:\/\/artspopulaires.org\/?page_id=160475","title":{"rendered":"Journ\u00e9e des dentelli\u00e8res et des brodeuses 2024"},"content":{"rendered":"<div data-colibri-id=\"160475-c1\" class=\"style-2133 style-local-160475-c1 position-relative\">\n  <!---->\n  <div data-colibri-component=\"section\" data-colibri-id=\"160475-c2\" id=\"custom\" class=\"h-section h-section-global-spacing d-flex align-items-lg-center align-items-md-center align-items-center style-2134 style-local-160475-c2 position-relative\">\n    <!---->\n    <!---->\n    <div class=\"h-section-grid-container h-section-boxed-container\">\n      <!---->\n      <div data-colibri-id=\"160475-c3\" class=\"h-row-container gutters-row-lg-2 gutters-row-md-2 gutters-row-0 gutters-row-v-lg-2 gutters-row-v-md-2 gutters-row-v-2 style-2135 style-local-160475-c3 position-relative\">\n        <!---->\n        <div class=\"h-row justify-content-lg-center justify-content-md-center justify-content-center align-items-lg-stretch align-items-md-stretch align-items-stretch gutters-col-lg-2 gutters-col-md-2 gutters-col-0 gutters-col-v-lg-2 gutters-col-v-md-2 gutters-col-v-2\">\n          <!---->\n          <div class=\"h-column h-column-container d-flex h-col-lg-auto h-col-md-auto h-col-auto style-2136-outer style-local-160475-c4-outer\">\n            <div data-colibri-id=\"160475-c4\" class=\"d-flex h-flex-basis h-column__inner h-px-lg-2 h-px-md-2 h-px-2 v-inner-lg-2 v-inner-md-2 v-inner-2 style-2136 style-local-160475-c4 position-relative\">\n              <!---->\n              <!---->\n              <div class=\"w-100 h-y-container h-column__content h-column__v-align flex-basis-100 align-self-lg-start align-self-md-start align-self-start\">\n                <!---->\n                <div data-colibri-id=\"160475-c5\" class=\"h-text h-text-component style-2137 style-local-160475-c5 position-relative h-element\">\n                  <!---->\n                  <!---->\n                  <div class=\"\">\n                    <p><span style=\"font-family: Adamina; font-size: 200%;\">La journ\u00e9e des dentelli\u00e8res et des brodeuses 2024<\/span><\/p>\n                    <p><span style=\"font-size: 124%; font-family: Adamina;\">Le samedi 8 juin 2024<\/span><\/p>\n                    <p>\n                      <br>\n                    <\/p>\n                    <p>Pour une dixi\u00e8me ann\u00e9e, le Centre des arts populaires de Nicolet s\u2019associe au collectif <em>Accros du fuseau<\/em> et organise la <strong><em>Journ\u00e9e des dentelli\u00e8res et des brodeuses<\/em><\/strong>&nbsp;le samedi 8 juin 2024 de 10&nbsp;h\n                      \u00e0 16&nbsp;h.<\/p>\n                    <p>D\u00e9j\u00e0 dix ans que le Centre des arts populaires a pris la rel\u00e8ve de la Maison et Atelier Rodolphe-Duguay pour organiser, \u00e0 Nicolet, la <strong><em>Journ\u00e9e des dentelli\u00e8res et des brodeuses<\/em><\/strong>.&nbsp;Au fil des ans, cette grande\n                      foire publique autour de la dentelle et de la broderie est devenue le plus important \u00e9v\u00e9nement du genre au Qu\u00e9bec. Pour les praticiennes, c\u2019est l\u2019occasion de venir d\u00e9couvrir les nouveaut\u00e9s que les marchands sp\u00e9cialis\u00e9s provenant\n                      de partout au Qu\u00e9bec ont \u00e0 offrir. En prime, le collectif <em>Accros du fuseau<\/em>, pr\u00e9sente leurs \u0153uvres r\u00e9alis\u00e9es au cours de l\u2019ann\u00e9e. Le th\u00e8me&nbsp;de cette exposition annuelle: Petits mouchoirs.<\/p>\n                    <p>Pour ce d\u00e9but du mois de juin, nous nous souhaitons une belle journ\u00e9e ensoleill\u00e9e afin que, une fois leurs achats effectu\u00e9s, plusieurs des artisanes pr\u00e9sentes s\u2019installent avec leurs tabourets, tables et carreaux dans tous les espaces\n                      disponibles et sur les vastes terrains du Centre des arts populaires pour croiser les fuseaux ou manier l\u2019aiguille.<\/p>\n                    <p>La <strong><em>Journ\u00e9e des dentelli\u00e8res et des brodeuses<\/em><\/strong> c\u2019est une rare occasion de venir observer le travail minutieux de ces artistes du fil sous la grande vo\u00fbte du Centre des arts populaires, situ\u00e9 au 725 du boulevard\n                      Louis-Fr\u00e9chette \u00e0 Nicolet (route 132). La Journ\u00e9e des dentelli\u00e8res et des&nbsp;brodeuses accueillera le public le samedi 8 juin de 10&nbsp;h \u00e0 16&nbsp;h et le co\u00fbt d\u2019entr\u00e9e est de 5 $.<\/p>\n                  <\/div>\n                <\/div>\n              <\/div>\n            <\/div>\n          <\/div>\n          <div class=\"h-column h-column-container d-flex h-col-lg-auto h-col-md-auto h-col-auto style-2138-outer style-local-160475-c6-outer\">\n            <div data-colibri-id=\"160475-c6\" class=\"d-flex h-flex-basis h-column__inner h-px-lg-2 h-px-md-2 h-px-2 v-inner-lg-2 v-inner-md-2 v-inner-2 style-2138 style-local-160475-c6 position-relative\">\n              <!---->\n              <!---->\n              <div class=\"w-100 h-y-container h-column__content h-column__v-align flex-basis-100 align-self-lg-start align-self-md-start align-self-start\">\n                <!---->\n                <div data-colibri-id=\"160475-c7\" class=\"d-block style-2139 style-local-160475-c7 position-relative h-element\">\n                  <!---->\n                  <div class=\"h-image__frame-container-outer\">\n                    <a href=\"http:\/\/artspopulaires.org\/wp-content\/uploads\/2024\/05\/Affiche-dentellieres-2024.png\" h-use-smooth-scroll=\"true\" class=\"image-link\">\n                      <div class=\"h-image__frame-container\">\n                        <!---->\n                        <!---->\n                        <img fetchpriority=\"high\" decoding=\"async\" width=\"1100\" height=\"1700\" src=\"http:\/\/artspopulaires.org\/wp-content\/uploads\/2024\/05\/Affiche-dentellieres-2024.png\" class=\"wp-image-160479 style-2139-image style-local-160475-c7-image\" alt=\"\" srcset=\"https:\/\/artspopulaires.org\/wp-content\/uploads\/2024\/05\/Affiche-dentellieres-2024.png 1100w, https:\/\/artspopulaires.org\/wp-content\/uploads\/2024\/05\/Affiche-dentellieres-2024-194x300.png 194w, https:\/\/artspopulaires.org\/wp-content\/uploads\/2024\/05\/Affiche-dentellieres-2024-663x1024.png 663w, https:\/\/artspopulaires.org\/wp-content\/uploads\/2024\/05\/Affiche-dentellieres-2024-768x1187.png 768w, https:\/\/artspopulaires.org\/wp-content\/uploads\/2024\/05\/Affiche-dentellieres-2024-994x1536.png 994w\" sizes=\"(max-width: 1100px) 100vw, 1100px\" \/>\n                        <div class=\"h-image__frame h-hide-lg h-hide-md h-hide-sm style-2139-frameImage style-local-160475-c7-frameImage\"><\/div>\n                      <\/div>\n                    <\/a>\n                  <\/div>\n                <\/div>\n              <\/div>\n            <\/div>\n          <\/div>\n        <\/div>\n      <\/div>\n    <\/div>\n  <\/div>\n<\/div>","protected":false},"excerpt":{"rendered":"<p>La journ\u00e9e des dentelli\u00e8res et des brodeuses 2024 Le samedi 8 juin 2024 Pour une dixi\u00e8me ann\u00e9e, le Centre des arts populaires de Nicolet s\u2019associe au collectif Accros du fuseau et organise la Journ\u00e9e des dentelli\u00e8res et des brodeuses&nbsp;le samedi 8 juin 2024 de 10&nbsp;h \u00e0 16&nbsp;h. D\u00e9j\u00e0 dix ans que le Centre des arts [&hellip;]<\/p>\n","protected":false},"author":1,"featured_media":0,"parent":0,"menu_order":0,"comment_status":"closed","ping_status":"closed","template":"page-templates\/full-width-page.php","meta":{"footnotes":""},"_links":{"self":[{"href":"https:\/\/artspopulaires.org\/index.php?rest_route=\/wp\/v2\/pages\/160475"}],"collection":[{"href":"https:\/\/artspopulaires.org\/index.php?rest_route=\/wp\/v2\/pages"}],"about":[{"href":"https:\/\/artspopulaires.org\/index.php?rest_route=\/wp\/v2\/types\/page"}],"author":[{"embeddable":true,"href":"https:\/\/artspopulaires.org\/index.php?rest_route=\/wp\/v2\/users\/1"}],"replies":[{"embeddable":true,"href":"https:\/\/artspopulaires.org\/index.php?rest_route=%2Fwp%2Fv2%2Fcomments&post=160475"}],"version-history":[{"count":7,"href":"https:\/\/artspopulaires.org\/index.php?rest_route=\/wp\/v2\/pages\/160475\/revisions"}],"predecessor-version":[{"id":160591,"href":"https:\/\/artspopulaires.org\/index.php?rest_route=\/wp\/v2\/pages\/160475\/revisions\/160591"}],"wp:attachment":[{"href":"https:\/\/artspopulaires.org\/index.php?rest_route=%2Fwp%2Fv2%2Fmedia&parent=160475"}],"curies":[{"name":"wp","href":"https:\/\/api.w.org\/{rel}","templated":true}]}}

Journée des dentellières et des brodeuses 2024

<div data-colibri-id="160475-c1" class="style-2133 style-local-160475-c1 position-relative">
  <!---->
  <div data-colibri-component="section" data-colibri-id="160475-c2" id="custom" class="h-section h-section-global-spacing d-flex align-items-lg-center align-items-md-center align-items-center style-2134 style-local-160475-c2 position-relative">
    <!---->
    <!---->
    <div class="h-section-grid-container h-section-boxed-container">
      <!---->
      <div data-colibri-id="160475-c3" class="h-row-container gutters-row-lg-2 gutters-row-md-2 gutters-row-0 gutters-row-v-lg-2 gutters-row-v-md-2 gutters-row-v-2 style-2135 style-local-160475-c3 position-relative">
        <!---->
        <div class="h-row justify-content-lg-center justify-content-md-center justify-content-center align-items-lg-stretch align-items-md-stretch align-items-stretch gutters-col-lg-2 gutters-col-md-2 gutters-col-0 gutters-col-v-lg-2 gutters-col-v-md-2 gutters-col-v-2">
          <!---->
          <div class="h-column h-column-container d-flex h-col-lg-auto h-col-md-auto h-col-auto style-2136-outer style-local-160475-c4-outer">
            <div data-colibri-id="160475-c4" class="d-flex h-flex-basis h-column__inner h-px-lg-2 h-px-md-2 h-px-2 v-inner-lg-2 v-inner-md-2 v-inner-2 style-2136 style-local-160475-c4 position-relative">
              <!---->
              <!---->
              <div class="w-100 h-y-container h-column__content h-column__v-align flex-basis-100 align-self-lg-start align-self-md-start align-self-start">
                <!---->
                <div data-colibri-id="160475-c5" class="h-text h-text-component style-2137 style-local-160475-c5 position-relative h-element">
                  <!---->
                  <!---->
                  <div class="">
                    <p><span style="font-family: Adamina; font-size: 200%;">La journée des dentellières et des brodeuses 2024</span></p>
                    <p><span style="font-size: 124%; font-family: Adamina;">Le samedi 8 juin 2024</span></p>
                    <p>
                      <br>
                    </p>
                    <p>Pour une dixième année, le Centre des arts populaires de Nicolet s’associe au collectif <em>Accros du fuseau</em> et organise la <strong><em>Journée des dentellières et des brodeuses</em></strong>&nbsp;le samedi 8 juin 2024 de 10&nbsp;h
                      à 16&nbsp;h.</p>
                    <p>Déjà dix ans que le Centre des arts populaires a pris la relève de la Maison et Atelier Rodolphe-Duguay pour organiser, à Nicolet, la <strong><em>Journée des dentellières et des brodeuses</em></strong>.&nbsp;Au fil des ans, cette grande
                      foire publique autour de la dentelle et de la broderie est devenue le plus important événement du genre au Québec. Pour les praticiennes, c’est l’occasion de venir découvrir les nouveautés que les marchands spécialisés provenant
                      de partout au Québec ont à offrir. En prime, le collectif <em>Accros du fuseau</em>, présente leurs œuvres réalisées au cours de l’année. Le thème&nbsp;de cette exposition annuelle: Petits mouchoirs.</p>
                    <p>Pour ce début du mois de juin, nous nous souhaitons une belle journée ensoleillée afin que, une fois leurs achats effectués, plusieurs des artisanes présentes s’installent avec leurs tabourets, tables et carreaux dans tous les espaces
                      disponibles et sur les vastes terrains du Centre des arts populaires pour croiser les fuseaux ou manier l’aiguille.</p>
                    <p>La <strong><em>Journée des dentellières et des brodeuses</em></strong> c’est une rare occasion de venir observer le travail minutieux de ces artistes du fil sous la grande voûte du Centre des arts populaires, situé au 725 du boulevard
                      Louis-Fréchette à Nicolet (route 132). La Journée des dentellières et des&nbsp;brodeuses accueillera le public le samedi 8 juin de 10&nbsp;h à 16&nbsp;h et le coût d’entrée est de 5 $.</p>
                  </div>
                </div>
              </div>
            </div>
          </div>
          <div class="h-column h-column-container d-flex h-col-lg-auto h-col-md-auto h-col-auto style-2138-outer style-local-160475-c6-outer">
            <div data-colibri-id="160475-c6" class="d-flex h-flex-basis h-column__inner h-px-lg-2 h-px-md-2 h-px-2 v-inner-lg-2 v-inner-md-2 v-inner-2 style-2138 style-local-160475-c6 position-relative">
              <!---->
              <!---->
              <div class="w-100 h-y-container h-column__content h-column__v-align flex-basis-100 align-self-lg-start align-self-md-start align-self-start">
                <!---->
                <div data-colibri-id="160475-c7" class="d-block style-2139 style-local-160475-c7 position-relative h-element">
                  <!---->
                  <div class="h-image__frame-container-outer">
                    <a href="http://artspopulaires.org/wp-content/uploads/2024/05/Affiche-dentellieres-2024.png" h-use-smooth-scroll="true" class="image-link">
                      <div class="h-image__frame-container">
                        <!---->
                        <!---->
                        <img fetchpriority="high" decoding="async" width="1100" height="1700" src="http://artspopulaires.org/wp-content/uploads/2024/05/Affiche-dentellieres-2024.png" class="wp-image-160479 style-2139-image style-local-160475-c7-image" alt="" srcset="https://artspopulaires.org/wp-content/uploads/2024/05/Affiche-dentellieres-2024.png 1100w, https://artspopulaires.org/wp-content/uploads/2024/05/Affiche-dentellieres-2024-194x300.png 194w, https://artspopulaires.org/wp-content/uploads/2024/05/Affiche-dentellieres-2024-663x1024.png 663w, https://artspopulaires.org/wp-content/uploads/2024/05/Affiche-dentellieres-2024-768x1187.png 768w, https://artspopulaires.org/wp-content/uploads/2024/05/Affiche-dentellieres-2024-994x1536.png 994w" sizes="(max-width: 1100px) 100vw, 1100px" />
                        <div class="h-image__frame h-hide-lg h-hide-md h-hide-sm style-2139-frameImage style-local-160475-c7-frameImage"></div>
                      </div>
                    </a>
                  </div>
                </div>
              </div>
            </div>
          </div>
        </div>
      </div>
    </div>
  </div>
</div>

<p>La journée des dentellières et des brodeuses 2024 Le samedi 8 juin 2024 Pour une dixième année, le Centre des arts populaires de Nicolet s’associe au collectif Accros du fuseau et organise la Journée des dentellières et des brodeuses&nbsp;le samedi 8 juin 2024 de 10&nbsp;h à 16&nbsp;h. Déjà dix ans que le Centre des arts [&hellip;]</p>
