{"id":159506,"date":"2022-05-20T20:00:17","date_gmt":"2022-05-20T19:00:17","guid":{"rendered":"https:\/\/artspopulaires.org\/?page_id=159506"},"modified":"2022-05-20T20:11:50","modified_gmt":"2022-05-20T19:11:50","slug":"la-journee-des-dentellieres-et-des-brodeuses-2022","status":"publish","type":"page","link":"https:\/\/artspopulaires.org\/?page_id=159506","title":{"rendered":"La courtepointe \u00e0 travers la tradition&#8230;et autres arts textiles"},"content":{"rendered":"<div data-colibri-id=\"159506-c1\" class=\"style-1660 style-local-159506-c1 position-relative\">\n  <!---->\n  <div data-colibri-component=\"section\" data-colibri-id=\"159506-c2\" id=\"custom\" class=\"h-section h-section-global-spacing d-flex align-items-lg-center align-items-md-center align-items-center style-1661 style-local-159506-c2 position-relative\">\n    <!---->\n    <!---->\n    <div class=\"h-section-grid-container h-section-boxed-container\">\n      <!---->\n      <div data-colibri-id=\"159506-c3\" class=\"h-row-container gutters-row-lg-2 gutters-row-md-2 gutters-row-0 gutters-row-v-lg-2 gutters-row-v-md-2 gutters-row-v-2 style-1662 style-local-159506-c3 position-relative\">\n        <!---->\n        <div class=\"h-row justify-content-lg-center justify-content-md-center justify-content-center align-items-lg-stretch align-items-md-stretch align-items-stretch gutters-col-lg-2 gutters-col-md-2 gutters-col-0 gutters-col-v-lg-2 gutters-col-v-md-2 gutters-col-v-2\">\n          <!---->\n          <div class=\"h-column h-column-container d-flex h-col-lg-auto h-col-md-auto h-col-auto style-1663-outer style-local-159506-c4-outer\">\n            <div data-colibri-id=\"159506-c4\" class=\"d-flex h-flex-basis h-column__inner h-px-lg-2 h-px-md-2 h-px-2 v-inner-lg-2 v-inner-md-2 v-inner-2 style-1663 style-local-159506-c4 position-relative\">\n              <!---->\n              <!---->\n              <div class=\"w-100 h-y-container h-column__content h-column__v-align flex-basis-100 align-self-lg-start align-self-md-start align-self-start\">\n                <!---->\n                <div data-colibri-id=\"159506-c5\" class=\"h-text h-text-component style-1666 style-local-159506-c5 position-relative h-element\">\n                  <!---->\n                  <!---->\n                  <div class=\"\">\n                    <p><strong style=\"font-size: 155%; font-family: Adamina; color: rgb(0, 0, 0); font-weight: 400;\"><em>La courtepointe \u00e0 travers la tradition&#8230; et autres arts textiles<\/em><\/strong><\/p>\n                    <p><strong style=\"font-size: 139%; font-family: Adamina; color: rgb(0, 0, 0); font-weight: 400;\">17, 18 et 19 juin 2022<\/strong><\/p>\n                    <p><strong style=\"font-size: 101%; font-family: Adamina; color: rgb(0, 0, 0); font-weight: 400;\">Organis\u00e9e dans le cadre du 350e anniversaire de Nicolet, cette exposition pr\u00e9sentera plus d\u2019une centaine de pi\u00e8ces (grande courtepointes, nappes, jet\u00e9s, napperons et murales) et aussi une trentaine de petites courtepointes fabriqu\u00e9es pour une importante cause sociale, toutes r\u00e9alis\u00e9es par la Guilde Les doigts de F\u00e9e (qui se rencontre dans nos installations!). S&rsquo;ajoute une quinzaine de courtepointes anciennes (une de plus de 100 ans) pr\u00eat\u00e9es par des familles locales, une exposition de dentelles actuelles et, dans une autre salle, de dentelles anciennes. <\/strong><\/p>\n                    <p><strong style=\"font-size: 101%; font-family: Adamina; color: rgb(0, 0, 0); font-weight: 400;\">De plus, l&rsquo;aquarelliste Nicole Dubuc exposera une douzaine d&rsquo;\u0153uvres qui mettent la courtepointe \u00e0 l&rsquo;honneur. Nos tricoteuses exposeront \u00e9galement\u2026et, \u00e0 l\u2019atelier de tissage, les gens seront invit\u00e9s \u00e0 \u00abpasser la navette\u00bb pour r\u00e9aliser une catalogne.<\/strong><\/p>\n                    <p><strong style=\"font-size: 101%; font-family: Adamina; color: rgb(0, 0, 0); font-weight: 400;\"> Bref, une grande exposition d\u2019arts textiles \u00e0 mettre \u00e0 votre agenda!<\/strong><\/p>\n                  <\/div>\n                <\/div>\n              <\/div>\n            <\/div>\n          <\/div>\n          <div class=\"h-column h-column-container d-flex h-col-lg-auto h-col-md-auto h-col-auto style-1664-outer style-local-159506-c6-outer\">\n            <div data-colibri-id=\"159506-c6\" class=\"d-flex h-flex-basis h-column__inner h-px-lg-2 h-px-md-2 h-px-2 v-inner-lg-2 v-inner-md-2 v-inner-2 style-1664 style-local-159506-c6 position-relative\">\n              <!---->\n              <!---->\n              <div class=\"w-100 h-y-container h-column__content h-column__v-align flex-basis-100 align-self-lg-start align-self-md-start align-self-start\">\n                <!---->\n                <div data-colibri-id=\"159506-c7\" class=\"d-block style-1665 style-local-159506-c7 position-relative h-element\">\n                  <!---->\n                  <div class=\"h-image__frame-container-outer\">\n                    <a href=\"http:\/\/artspopulaires.org\/wp-content\/uploads\/2022\/05\/Courtepointe2022-scaled.jpg\" h-use-smooth-scroll=\"true\" class=\"image-link\">\n                      <div class=\"h-image__frame-container\">\n                        <!---->\n                        <!---->\n                        <img fetchpriority=\"high\" decoding=\"async\" width=\"1656\" height=\"2560\" src=\"http:\/\/artspopulaires.org\/wp-content\/uploads\/2022\/05\/Courtepointe2022-scaled.jpg\" class=\"wp-image-159509 style-1665-image style-local-159506-c7-image\" alt=\"\" srcset=\"https:\/\/artspopulaires.org\/wp-content\/uploads\/2022\/05\/Courtepointe2022-scaled.jpg 1656w, https:\/\/artspopulaires.org\/wp-content\/uploads\/2022\/05\/Courtepointe2022-194x300.jpg 194w, https:\/\/artspopulaires.org\/wp-content\/uploads\/2022\/05\/Courtepointe2022-663x1024.jpg 663w, https:\/\/artspopulaires.org\/wp-content\/uploads\/2022\/05\/Courtepointe2022-768x1187.jpg 768w, https:\/\/artspopulaires.org\/wp-content\/uploads\/2022\/05\/Courtepointe2022-994x1536.jpg 994w, https:\/\/artspopulaires.org\/wp-content\/uploads\/2022\/05\/Courtepointe2022-1325x2048.jpg 1325w\" sizes=\"(max-width: 1656px) 100vw, 1656px\" \/>\n                        <div class=\"h-image__frame h-hide-lg h-hide-md h-hide-sm style-1665-frameImage style-local-159506-c7-frameImage\"><\/div>\n                      <\/div>\n                    <\/a>\n                  <\/div>\n                <\/div>\n              <\/div>\n            <\/div>\n          <\/div>\n        <\/div>\n      <\/div>\n    <\/div>\n  <\/div>\n<\/div>","protected":false},"excerpt":{"rendered":"<p>La courtepointe \u00e0 travers la tradition&#8230; et autres arts textiles 17, 18 et 19 juin 2022 Organis\u00e9e dans le cadre du 350e anniversaire de Nicolet, cette exposition pr\u00e9sentera plus d\u2019une centaine de pi\u00e8ces (grande courtepointes, nappes, jet\u00e9s, napperons et murales) et aussi une trentaine de petites courtepointes fabriqu\u00e9es pour une importante cause sociale, toutes r\u00e9alis\u00e9es [&hellip;]<\/p>\n","protected":false},"author":1,"featured_media":0,"parent":0,"menu_order":0,"comment_status":"closed","ping_status":"closed","template":"page-templates\/full-width-page.php","meta":{"footnotes":""},"_links":{"self":[{"href":"https:\/\/artspopulaires.org\/index.php?rest_route=\/wp\/v2\/pages\/159506"}],"collection":[{"href":"https:\/\/artspopulaires.org\/index.php?rest_route=\/wp\/v2\/pages"}],"about":[{"href":"https:\/\/artspopulaires.org\/index.php?rest_route=\/wp\/v2\/types\/page"}],"author":[{"embeddable":true,"href":"https:\/\/artspopulaires.org\/index.php?rest_route=\/wp\/v2\/users\/1"}],"replies":[{"embeddable":true,"href":"https:\/\/artspopulaires.org\/index.php?rest_route=%2Fwp%2Fv2%2Fcomments&post=159506"}],"version-history":[{"count":4,"href":"https:\/\/artspopulaires.org\/index.php?rest_route=\/wp\/v2\/pages\/159506\/revisions"}],"predecessor-version":[{"id":159519,"href":"https:\/\/artspopulaires.org\/index.php?rest_route=\/wp\/v2\/pages\/159506\/revisions\/159519"}],"wp:attachment":[{"href":"https:\/\/artspopulaires.org\/index.php?rest_route=%2Fwp%2Fv2%2Fmedia&parent=159506"}],"curies":[{"name":"wp","href":"https:\/\/api.w.org\/{rel}","templated":true}]}}

La courtepointe à travers la tradition&#8230;et autres arts textiles

<div data-colibri-id="159506-c1" class="style-1660 style-local-159506-c1 position-relative">
  <!---->
  <div data-colibri-component="section" data-colibri-id="159506-c2" id="custom" class="h-section h-section-global-spacing d-flex align-items-lg-center align-items-md-center align-items-center style-1661 style-local-159506-c2 position-relative">
    <!---->
    <!---->
    <div class="h-section-grid-container h-section-boxed-container">
      <!---->
      <div data-colibri-id="159506-c3" class="h-row-container gutters-row-lg-2 gutters-row-md-2 gutters-row-0 gutters-row-v-lg-2 gutters-row-v-md-2 gutters-row-v-2 style-1662 style-local-159506-c3 position-relative">
        <!---->
        <div class="h-row justify-content-lg-center justify-content-md-center justify-content-center align-items-lg-stretch align-items-md-stretch align-items-stretch gutters-col-lg-2 gutters-col-md-2 gutters-col-0 gutters-col-v-lg-2 gutters-col-v-md-2 gutters-col-v-2">
          <!---->
          <div class="h-column h-column-container d-flex h-col-lg-auto h-col-md-auto h-col-auto style-1663-outer style-local-159506-c4-outer">
            <div data-colibri-id="159506-c4" class="d-flex h-flex-basis h-column__inner h-px-lg-2 h-px-md-2 h-px-2 v-inner-lg-2 v-inner-md-2 v-inner-2 style-1663 style-local-159506-c4 position-relative">
              <!---->
              <!---->
              <div class="w-100 h-y-container h-column__content h-column__v-align flex-basis-100 align-self-lg-start align-self-md-start align-self-start">
                <!---->
                <div data-colibri-id="159506-c5" class="h-text h-text-component style-1666 style-local-159506-c5 position-relative h-element">
                  <!---->
                  <!---->
                  <div class="">
                    <p><strong style="font-size: 155%; font-family: Adamina; color: rgb(0, 0, 0); font-weight: 400;"><em>La courtepointe à travers la tradition&#8230; et autres arts textiles</em></strong></p>
                    <p><strong style="font-size: 139%; font-family: Adamina; color: rgb(0, 0, 0); font-weight: 400;">17, 18 et 19 juin 2022</strong></p>
                    <p><strong style="font-size: 101%; font-family: Adamina; color: rgb(0, 0, 0); font-weight: 400;">Organisée dans le cadre du 350e anniversaire de Nicolet, cette exposition présentera plus d’une centaine de pièces (grande courtepointes, nappes, jetés, napperons et murales) et aussi une trentaine de petites courtepointes fabriquées pour une importante cause sociale, toutes réalisées par la Guilde Les doigts de Fée (qui se rencontre dans nos installations!). S&rsquo;ajoute une quinzaine de courtepointes anciennes (une de plus de 100 ans) prêtées par des familles locales, une exposition de dentelles actuelles et, dans une autre salle, de dentelles anciennes. </strong></p>
                    <p><strong style="font-size: 101%; font-family: Adamina; color: rgb(0, 0, 0); font-weight: 400;">De plus, l&rsquo;aquarelliste Nicole Dubuc exposera une douzaine d&rsquo;œuvres qui mettent la courtepointe à l&rsquo;honneur. Nos tricoteuses exposeront également…et, à l’atelier de tissage, les gens seront invités à «passer la navette» pour réaliser une catalogne.</strong></p>
                    <p><strong style="font-size: 101%; font-family: Adamina; color: rgb(0, 0, 0); font-weight: 400;"> Bref, une grande exposition d’arts textiles à mettre à votre agenda!</strong></p>
                  </div>
                </div>
              </div>
            </div>
          </div>
          <div class="h-column h-column-container d-flex h-col-lg-auto h-col-md-auto h-col-auto style-1664-outer style-local-159506-c6-outer">
            <div data-colibri-id="159506-c6" class="d-flex h-flex-basis h-column__inner h-px-lg-2 h-px-md-2 h-px-2 v-inner-lg-2 v-inner-md-2 v-inner-2 style-1664 style-local-159506-c6 position-relative">
              <!---->
              <!---->
              <div class="w-100 h-y-container h-column__content h-column__v-align flex-basis-100 align-self-lg-start align-self-md-start align-self-start">
                <!---->
                <div data-colibri-id="159506-c7" class="d-block style-1665 style-local-159506-c7 position-relative h-element">
                  <!---->
                  <div class="h-image__frame-container-outer">
                    <a href="http://artspopulaires.org/wp-content/uploads/2022/05/Courtepointe2022-scaled.jpg" h-use-smooth-scroll="true" class="image-link">
                      <div class="h-image__frame-container">
                        <!---->
                        <!---->
                        <img fetchpriority="high" decoding="async" width="1656" height="2560" src="http://artspopulaires.org/wp-content/uploads/2022/05/Courtepointe2022-scaled.jpg" class="wp-image-159509 style-1665-image style-local-159506-c7-image" alt="" srcset="https://artspopulaires.org/wp-content/uploads/2022/05/Courtepointe2022-scaled.jpg 1656w, https://artspopulaires.org/wp-content/uploads/2022/05/Courtepointe2022-194x300.jpg 194w, https://artspopulaires.org/wp-content/uploads/2022/05/Courtepointe2022-663x1024.jpg 663w, https://artspopulaires.org/wp-content/uploads/2022/05/Courtepointe2022-768x1187.jpg 768w, https://artspopulaires.org/wp-content/uploads/2022/05/Courtepointe2022-994x1536.jpg 994w, https://artspopulaires.org/wp-content/uploads/2022/05/Courtepointe2022-1325x2048.jpg 1325w" sizes="(max-width: 1656px) 100vw, 1656px" />
                        <div class="h-image__frame h-hide-lg h-hide-md h-hide-sm style-1665-frameImage style-local-159506-c7-frameImage"></div>
                      </div>
                    </a>
                  </div>
                </div>
              </div>
            </div>
          </div>
        </div>
      </div>
    </div>
  </div>
</div>

<p>La courtepointe à travers la tradition&#8230; et autres arts textiles 17, 18 et 19 juin 2022 Organisée dans le cadre du 350e anniversaire de Nicolet, cette exposition présentera plus d’une centaine de pièces (grande courtepointes, nappes, jetés, napperons et murales) et aussi une trentaine de petites courtepointes fabriquées pour une importante cause sociale, toutes réalisées [&hellip;]</p>
