{"id":949,"date":"2016-10-04T05:43:12","date_gmt":"2016-10-04T04:43:12","guid":{"rendered":"http:\/\/artspopulaires.org\/?page_id=949"},"modified":"2016-10-22T06:46:34","modified_gmt":"2016-10-22T05:46:34","slug":"halloween-2016-lecole-des-sorciers","status":"publish","type":"page","link":"http:\/\/artspopulaires.org\/?page_id=949","title":{"rendered":"Halloween 2016 : L&rsquo;\u00e9cole des sorciers"},"content":{"rendered":"<p><img fetchpriority=\"high\" decoding=\"async\" class=\"aligncenter wp-image-951 size-full\" src=\"http:\/\/artspopulaires.org\/wp-content\/uploads\/2016\/10\/Hautdepage.png\" alt=\"hautdepage\" width=\"1146\" height=\"400\" srcset=\"http:\/\/artspopulaires.org\/wp-content\/uploads\/2016\/10\/Hautdepage.png 1146w, http:\/\/artspopulaires.org\/wp-content\/uploads\/2016\/10\/Hautdepage-300x105.png 300w, http:\/\/artspopulaires.org\/wp-content\/uploads\/2016\/10\/Hautdepage-1024x357.png 1024w, http:\/\/artspopulaires.org\/wp-content\/uploads\/2016\/10\/Hautdepage-250x87.png 250w, http:\/\/artspopulaires.org\/wp-content\/uploads\/2016\/10\/Hautdepage-150x52.png 150w\" sizes=\"(max-width: 1146px) 100vw, 1146px\" \/><\/p>\n<p style=\"text-align: justify;\">Le Centre des arts populaires de Nicolet, en collaboration avec <em>L&rsquo;Enclave\u00a0<\/em>et avec la g\u00e9n\u00e9reuse contribution de <em>Matelas Ren\u00e9<\/em>, accueillera le samedi 29 octobre en apr\u00e8s-midi les enfants de la r\u00e9gion et d&rsquo;ailleurs pour une s\u00e9rie d&rsquo;animations et d&rsquo;activit\u00e9s inspir\u00e9es de l&rsquo;univers de <em>Harry Potter<\/em>.<\/p>\n<h4 style=\"text-align: justify;\"><em>Samedi 29 octobre<br \/>\n<\/em><\/h4>\n<p style=\"text-align: justify;\"><em>Quoi<\/em>? \u00c0 chaque automne, la prestigieuse \u00e9cole de sorcellerie de Poudlard ouvre ses portes aux futurs \u00e9tudiants. Lors d&rsquo;une grande journ\u00e9e de d\u00e9couverte, les apprentis sorciers rencontrent leurs professeurs pour l&rsquo;ann\u00e9e \u00e0 venir et sont initi\u00e9s aux rudiments de la magie : r\u00e9ception de leur baguette magique, s\u00e9lection de leur maison, visite \u00e0 la banque de Gringotts, cours d&rsquo;alchimie, chasse dans la for\u00eat interdite, le\u00e7on de quidditch, etc. \u00c0 l&rsquo;issue de cette journ\u00e9e, les enfants seront de v\u00e9ritables petits sorciers! Cette ann\u00e9e, ce furent les enfants de Nicolet et des environs qui eurent l&rsquo;honneur de recevoir leur invitation pour Poudlard.<\/p>\n<h4 style=\"text-align: justify;\"><em><a href=\"http:\/\/artspopulaires.org\/wp-content\/uploads\/2016\/10\/AfficheEnfants.png\"><img decoding=\"async\" class=\"alignright size-medium wp-image-950\" src=\"http:\/\/artspopulaires.org\/wp-content\/uploads\/2016\/10\/AfficheEnfants-194x300.png\" alt=\"afficheenfants\" width=\"194\" height=\"300\" srcset=\"http:\/\/artspopulaires.org\/wp-content\/uploads\/2016\/10\/AfficheEnfants-194x300.png 194w, http:\/\/artspopulaires.org\/wp-content\/uploads\/2016\/10\/AfficheEnfants-663x1024.png 663w, http:\/\/artspopulaires.org\/wp-content\/uploads\/2016\/10\/AfficheEnfants-97x150.png 97w\" sizes=\"(max-width: 194px) 100vw, 194px\" \/><\/a><\/em><\/h4>\n<h4 style=\"text-align: justify;\"><em>Informations suppl\u00e9mentaires<br \/>\n<\/em><\/h4>\n<ul style=\"text-align: justify;\">\n<li>\n<h4 style=\"text-align: justify;\"><\/h4>\n<p>Lors de cette journ\u00e9e immersive, les enfants seront invit\u00e9s \u00e0 participer \u00e0 plusieurs activit\u00e9s inspir\u00e9es de l&rsquo;univers des romans <em>Harry Potter<\/em>. Afin d&rsquo;assurer un maximum de personnalisation pour chaque enfant, il est vivement conseill\u00e9 de r\u00e9server votre place. Dans la mesure du possible, les enfants r\u00e9servant leur place avant le 24 octobre recevront par la poste une lettre d&rsquo;invitation personnalis\u00e9e<\/li>\n<li>Pour les enfants de 6 \u00e0 12 ans<\/li>\n<li>5$\/enfant pay\u00e9 \u00e0 l&rsquo;avance, 6$\/enfant \u00e0 l&rsquo;entr\u00e9e (gratuit pour l&rsquo;accompagnateur)<\/li>\n<li>De 13h00 \u00e0 17h00 le samedi 29 octobre<\/li>\n<\/ul>\n<p style=\"text-align: justify;\">**IMPORTANT : BILLETTERIE FERM\u00c9E**<\/p>\n<p style=\"text-align: justify;\">Suite \u00e0 l&rsquo;int\u00e9r\u00eat impressionnant manifest\u00e9 par les gens de Nicolet et des environs, nous devons aujourd&rsquo;hui annoncer que l&rsquo;activit\u00e9 de \u00ab\u00a0L&rsquo;\u00c9cole des sorciers\u00a0\u00bb qui se tiendra au Centre des arts populaires le 29 octobre est d\u00e9sormais compl\u00e8te. Nous ne serons donc plus en mesure de prendre de nouvelles r\u00e9servations pour celle-ci. Avec d\u00e9j\u00e0 plus d&rsquo;une centaine d&rsquo;enfants participants et leurs accompagnateurs, nous ne pouvons nous pe<span class=\"text_exposed_show\">rmettre d&rsquo;accepter davantage de participants sans risquer de compromettre la qualit\u00e9 de l&rsquo;\u00e9v\u00e9nement. <\/span><\/p>\n<div class=\"text_exposed_show\">\n<p style=\"text-align: justify;\">Il s&rsquo;agit l\u00e0 d&rsquo;un agr\u00e9able probl\u00e8me cela dit! Nous vous remercions tous de votre int\u00e9r\u00eat pour l&rsquo;activit\u00e9 et nous esp\u00e9rons que vous serez des n\u00f4tres l&rsquo;ann\u00e9e prochaine!<\/p>\n<p style=\"text-align: justify;\">P.S. : Les int\u00e9ress\u00e9s ayant communiqu\u00e9 avec nous avant ce samedi 22 octobre pourront toujours confirmer leur r\u00e9servation d\u00e8s que possible et obtenir leur place. Nous ne recevrons toutefois plus de nouvelles demandes \u00e0 partir de cette date.<\/p>\n<\/div>\n<p>&nbsp;<\/p>\n<h6><em>L&rsquo;univers de Harry Potter est une cr\u00e9ation de J.K Rowling. <\/em><\/h6>\n","protected":false},"excerpt":{"rendered":"<p>Le Centre des arts populaires de Nicolet, en collaboration avec L&rsquo;Enclave\u00a0et avec la g\u00e9n\u00e9reuse contribution de Matelas Ren\u00e9, accueillera le samedi 29 octobre en apr\u00e8s-midi les enfants de la r\u00e9gion et d&rsquo;ailleurs pour une s\u00e9rie d&rsquo;animations et d&rsquo;activit\u00e9s inspir\u00e9es de l&rsquo;univers de Harry Potter. Samedi 29 octobre Quoi? \u00c0 chaque automne, la prestigieuse \u00e9cole de [&hellip;]<\/p>\n","protected":false},"author":1,"featured_media":0,"parent":0,"menu_order":0,"comment_status":"closed","ping_status":"open","template":"","meta":{"footnotes":""},"_links":{"self":[{"href":"http:\/\/artspopulaires.org\/index.php?rest_route=\/wp\/v2\/pages\/949"}],"collection":[{"href":"http:\/\/artspopulaires.org\/index.php?rest_route=\/wp\/v2\/pages"}],"about":[{"href":"http:\/\/artspopulaires.org\/index.php?rest_route=\/wp\/v2\/types\/page"}],"author":[{"embeddable":true,"href":"http:\/\/artspopulaires.org\/index.php?rest_route=\/wp\/v2\/users\/1"}],"replies":[{"embeddable":true,"href":"http:\/\/artspopulaires.org\/index.php?rest_route=%2Fwp%2Fv2%2Fcomments&post=949"}],"version-history":[{"count":10,"href":"http:\/\/artspopulaires.org\/index.php?rest_route=\/wp\/v2\/pages\/949\/revisions"}],"predecessor-version":[{"id":967,"href":"http:\/\/artspopulaires.org\/index.php?rest_route=\/wp\/v2\/pages\/949\/revisions\/967"}],"wp:attachment":[{"href":"http:\/\/artspopulaires.org\/index.php?rest_route=%2Fwp%2Fv2%2Fmedia&parent=949"}],"curies":[{"name":"wp","href":"https:\/\/api.w.org\/{rel}","templated":true}]}}

Halloween 2016 : L&rsquo;école des sorciers

<p><img fetchpriority="high" decoding="async" class="aligncenter wp-image-951 size-full" src="http://artspopulaires.org/wp-content/uploads/2016/10/Hautdepage.png" alt="hautdepage" width="1146" height="400" srcset="http://artspopulaires.org/wp-content/uploads/2016/10/Hautdepage.png 1146w, http://artspopulaires.org/wp-content/uploads/2016/10/Hautdepage-300x105.png 300w, http://artspopulaires.org/wp-content/uploads/2016/10/Hautdepage-1024x357.png 1024w, http://artspopulaires.org/wp-content/uploads/2016/10/Hautdepage-250x87.png 250w, http://artspopulaires.org/wp-content/uploads/2016/10/Hautdepage-150x52.png 150w" sizes="(max-width: 1146px) 100vw, 1146px" /></p>
<p style="text-align: justify;">Le Centre des arts populaires de Nicolet, en collaboration avec <em>L&rsquo;Enclave </em>et avec la généreuse contribution de <em>Matelas René</em>, accueillera le samedi 29 octobre en après-midi les enfants de la région et d&rsquo;ailleurs pour une série d&rsquo;animations et d&rsquo;activités inspirées de l&rsquo;univers de <em>Harry Potter</em>.</p>
<h4 style="text-align: justify;"><em>Samedi 29 octobre<br />
</em></h4>
<p style="text-align: justify;"><em>Quoi</em>? À chaque automne, la prestigieuse école de sorcellerie de Poudlard ouvre ses portes aux futurs étudiants. Lors d&rsquo;une grande journée de découverte, les apprentis sorciers rencontrent leurs professeurs pour l&rsquo;année à venir et sont initiés aux rudiments de la magie : réception de leur baguette magique, sélection de leur maison, visite à la banque de Gringotts, cours d&rsquo;alchimie, chasse dans la forêt interdite, leçon de quidditch, etc. À l&rsquo;issue de cette journée, les enfants seront de véritables petits sorciers! Cette année, ce furent les enfants de Nicolet et des environs qui eurent l&rsquo;honneur de recevoir leur invitation pour Poudlard.</p>
<h4 style="text-align: justify;"><em><a href="http://artspopulaires.org/wp-content/uploads/2016/10/AfficheEnfants.png"><img decoding="async" class="alignright size-medium wp-image-950" src="http://artspopulaires.org/wp-content/uploads/2016/10/AfficheEnfants-194x300.png" alt="afficheenfants" width="194" height="300" srcset="http://artspopulaires.org/wp-content/uploads/2016/10/AfficheEnfants-194x300.png 194w, http://artspopulaires.org/wp-content/uploads/2016/10/AfficheEnfants-663x1024.png 663w, http://artspopulaires.org/wp-content/uploads/2016/10/AfficheEnfants-97x150.png 97w" sizes="(max-width: 194px) 100vw, 194px" /></a></em></h4>
<h4 style="text-align: justify;"><em>Informations supplémentaires<br />
</em></h4>
<ul style="text-align: justify;">
<li>
<h4 style="text-align: justify;"></h4>
<p>Lors de cette journée immersive, les enfants seront invités à participer à plusieurs activités inspirées de l&rsquo;univers des romans <em>Harry Potter</em>. Afin d&rsquo;assurer un maximum de personnalisation pour chaque enfant, il est vivement conseillé de réserver votre place. Dans la mesure du possible, les enfants réservant leur place avant le 24 octobre recevront par la poste une lettre d&rsquo;invitation personnalisée</li>
<li>Pour les enfants de 6 à 12 ans</li>
<li>5$/enfant payé à l&rsquo;avance, 6$/enfant à l&rsquo;entrée (gratuit pour l&rsquo;accompagnateur)</li>
<li>De 13h00 à 17h00 le samedi 29 octobre</li>
</ul>
<p style="text-align: justify;">**IMPORTANT : BILLETTERIE FERMÉE**</p>
<p style="text-align: justify;">Suite à l&rsquo;intérêt impressionnant manifesté par les gens de Nicolet et des environs, nous devons aujourd&rsquo;hui annoncer que l&rsquo;activité de « L&rsquo;École des sorciers » qui se tiendra au Centre des arts populaires le 29 octobre est désormais complète. Nous ne serons donc plus en mesure de prendre de nouvelles réservations pour celle-ci. Avec déjà plus d&rsquo;une centaine d&rsquo;enfants participants et leurs accompagnateurs, nous ne pouvons nous pe<span class="text_exposed_show">rmettre d&rsquo;accepter davantage de participants sans risquer de compromettre la qualité de l&rsquo;événement. </span></p>
<div class="text_exposed_show">
<p style="text-align: justify;">Il s&rsquo;agit là d&rsquo;un agréable problème cela dit! Nous vous remercions tous de votre intérêt pour l&rsquo;activité et nous espérons que vous serez des nôtres l&rsquo;année prochaine!</p>
<p style="text-align: justify;">P.S. : Les intéressés ayant communiqué avec nous avant ce samedi 22 octobre pourront toujours confirmer leur réservation dès que possible et obtenir leur place. Nous ne recevrons toutefois plus de nouvelles demandes à partir de cette date.</p>
</div>
<p>&nbsp;</p>
<h6><em>L&rsquo;univers de Harry Potter est une création de J.K Rowling. </em></h6>

<p>Le Centre des arts populaires de Nicolet, en collaboration avec L&rsquo;Enclave et avec la généreuse contribution de Matelas René, accueillera le samedi 29 octobre en après-midi les enfants de la région et d&rsquo;ailleurs pour une série d&rsquo;animations et d&rsquo;activités inspirées de l&rsquo;univers de Harry Potter. Samedi 29 octobre Quoi? À chaque automne, la prestigieuse école de [&hellip;]</p>
