{"id":902,"date":"2016-05-04T19:43:59","date_gmt":"2016-05-04T18:43:59","guid":{"rendered":"http:\/\/artspopulaires.org\/?page_id=902"},"modified":"2016-11-17T18:55:15","modified_gmt":"2016-11-17T17:55:15","slug":"le-7e-salon-des-arts-populaires","status":"publish","type":"page","link":"http:\/\/artspopulaires.org\/?page_id=902","title":{"rendered":"Le 7e Salon des arts populaires"},"content":{"rendered":"<p><a href=\"http:\/\/artspopulaires.org\/wp-content\/uploads\/2015\/04\/Salon-des-arts-pop.png\"><img fetchpriority=\"high\" decoding=\"async\" class=\" size-full wp-image-688 aligncenter\" src=\"http:\/\/artspopulaires.org\/wp-content\/uploads\/2015\/04\/Salon-des-arts-pop.png\" alt=\"Salon des arts pop\" width=\"601\" height=\"271\" srcset=\"http:\/\/artspopulaires.org\/wp-content\/uploads\/2015\/04\/Salon-des-arts-pop.png 601w, http:\/\/artspopulaires.org\/wp-content\/uploads\/2015\/04\/Salon-des-arts-pop-300x135.png 300w, http:\/\/artspopulaires.org\/wp-content\/uploads\/2015\/04\/Salon-des-arts-pop-250x113.png 250w, http:\/\/artspopulaires.org\/wp-content\/uploads\/2015\/04\/Salon-des-arts-pop-150x68.png 150w\" sizes=\"(max-width: 601px) 100vw, 601px\" \/><\/a><\/p>\n<h4>Samedi 26 novembre &amp; dimanche 27 novembre 2016<\/h4>\n<p style=\"text-align: justify;\">D\u00e9j\u00e0 une 7<sup>e<\/sup> \u00e9dition pour le salon de No\u00ebl du Centre des arts populaires! L\u2019\u00e9v\u00e9nement, d\u00e9sormais r\u00e9current et attendu de beaucoup, s\u2019adresse aux artisans, aux organismes communautaires et aux groupes scolaires r\u00e9alisant des \u0153uvres originales pouvant s\u2019offrir en cadeau et, bien s\u00fbr, aux visiteurs et curieux d\u00e9sireux d&rsquo;acqu\u00e9rir des pr\u00e9sents originaux pour la p\u00e9riode des F\u00eates!<\/p>\n<p style=\"text-align: justify;\">Cette ann\u00e9e, plus d\u2019une trentaine d\u2019espaces d\u2019exposition seront disponibles. Chacun des espaces sera form\u00e9 d\u2019une cloison de 10 pieds de large X 8 pieds de haut en panneaux perfor\u00e9s et d\u2019une table de 8 pieds de large par 30 pouces de largeur. Chaque espace co\u00fbte 75$. Nous vous recommandons de pr\u00e9voir de l\u2019\u00e9clairage additionnel pour votre kiosque.<\/p>\n<p style=\"text-align: justify;\">L\u2019installation des kiosques par les artistes et artisans pourra se faire le samedi 26 novembre \u00e0 compter de 8h00. Le SALON des ARTS POPULAIRES DESJARDINS n\u2019est pas un march\u00e9 aux puces. Seuls les personnes ou groupes r\u00e9alisant eux-m\u00eames des \u0153uvres, objets ou produits faits \u00e0 la main seront accept\u00e9s. Pour vous inscrire, vous n\u2019avez qu\u2019\u00e0 remplir la fiche d\u2019inscription et \u00e0 nous la retourner avec votre paiement.<\/p>\n<p style=\"text-align: justify;\"><strong><em>Heures d&rsquo;ouverture au public<\/em><\/strong> :<\/p>\n<ul>\n<li style=\"text-align: justify;\">samedi 26 novembre de 11h00 \u00e0 17h00;<\/li>\n<li style=\"text-align: justify;\">dimanche 27 novembre de 11h00 \u00e0 16h00.<\/li>\n<\/ul>\n<p style=\"text-align: justify;\"><em><strong>Pour plus d\u2019information : <\/strong><\/em><\/p>\n<p style=\"text-align: justify;\">Communiquez avec Bernard Brochu :<\/p>\n<ul>\n<li style=\"text-align: justify;\"><em>Par t\u00e9l\u00e9phone<\/em> : 819 293-4646<\/li>\n<li style=\"text-align: justify;\"><em>Par courriel<\/em> : <a href=\"mailto:artspopulaires@sogetel.net\">artspopulaires@sogetel.net<\/a><\/li>\n<\/ul>\n<p style=\"text-align: justify;\"><strong><em>Documents<\/em><em> (cliquez sur le texte)<\/em><\/strong>:<\/p>\n<ul>\n<li style=\"text-align: justify;\"><a href=\"http:\/\/artspopulaires.org\/wp-content\/uploads\/2016\/05\/Fiche-salon-2016.pdf\">Fiche d&rsquo;inscription pour les exposants<\/a><\/li>\n<\/ul>\n","protected":false},"excerpt":{"rendered":"<p>Samedi 26 novembre &amp; dimanche 27 novembre 2016 D\u00e9j\u00e0 une 7e \u00e9dition pour le salon de No\u00ebl du Centre des arts populaires! L\u2019\u00e9v\u00e9nement, d\u00e9sormais r\u00e9current et attendu de beaucoup, s\u2019adresse aux artisans, aux organismes communautaires et aux groupes scolaires r\u00e9alisant des \u0153uvres originales pouvant s\u2019offrir en cadeau et, bien s\u00fbr, aux visiteurs et curieux d\u00e9sireux [&hellip;]<\/p>\n","protected":false},"author":1,"featured_media":0,"parent":0,"menu_order":0,"comment_status":"closed","ping_status":"open","template":"","meta":{"footnotes":""},"_links":{"self":[{"href":"http:\/\/artspopulaires.org\/index.php?rest_route=\/wp\/v2\/pages\/902"}],"collection":[{"href":"http:\/\/artspopulaires.org\/index.php?rest_route=\/wp\/v2\/pages"}],"about":[{"href":"http:\/\/artspopulaires.org\/index.php?rest_route=\/wp\/v2\/types\/page"}],"author":[{"embeddable":true,"href":"http:\/\/artspopulaires.org\/index.php?rest_route=\/wp\/v2\/users\/1"}],"replies":[{"embeddable":true,"href":"http:\/\/artspopulaires.org\/index.php?rest_route=%2Fwp%2Fv2%2Fcomments&post=902"}],"version-history":[{"count":3,"href":"http:\/\/artspopulaires.org\/index.php?rest_route=\/wp\/v2\/pages\/902\/revisions"}],"predecessor-version":[{"id":977,"href":"http:\/\/artspopulaires.org\/index.php?rest_route=\/wp\/v2\/pages\/902\/revisions\/977"}],"wp:attachment":[{"href":"http:\/\/artspopulaires.org\/index.php?rest_route=%2Fwp%2Fv2%2Fmedia&parent=902"}],"curies":[{"name":"wp","href":"https:\/\/api.w.org\/{rel}","templated":true}]}}

<p><a href="http://artspopulaires.org/wp-content/uploads/2015/04/Salon-des-arts-pop.png"><img fetchpriority="high" decoding="async" class=" size-full wp-image-688 aligncenter" src="http://artspopulaires.org/wp-content/uploads/2015/04/Salon-des-arts-pop.png" alt="Salon des arts pop" width="601" height="271" srcset="http://artspopulaires.org/wp-content/uploads/2015/04/Salon-des-arts-pop.png 601w, http://artspopulaires.org/wp-content/uploads/2015/04/Salon-des-arts-pop-300x135.png 300w, http://artspopulaires.org/wp-content/uploads/2015/04/Salon-des-arts-pop-250x113.png 250w, http://artspopulaires.org/wp-content/uploads/2015/04/Salon-des-arts-pop-150x68.png 150w" sizes="(max-width: 601px) 100vw, 601px" /></a></p>
<h4>Samedi 26 novembre &amp; dimanche 27 novembre 2016</h4>
<p style="text-align: justify;">Déjà une 7<sup>e</sup> édition pour le salon de Noël du Centre des arts populaires! L’événement, désormais récurrent et attendu de beaucoup, s’adresse aux artisans, aux organismes communautaires et aux groupes scolaires réalisant des œuvres originales pouvant s’offrir en cadeau et, bien sûr, aux visiteurs et curieux désireux d&rsquo;acquérir des présents originaux pour la période des Fêtes!</p>
<p style="text-align: justify;">Cette année, plus d’une trentaine d’espaces d’exposition seront disponibles. Chacun des espaces sera formé d’une cloison de 10 pieds de large X 8 pieds de haut en panneaux perforés et d’une table de 8 pieds de large par 30 pouces de largeur. Chaque espace coûte 75$. Nous vous recommandons de prévoir de l’éclairage additionnel pour votre kiosque.</p>
<p style="text-align: justify;">L’installation des kiosques par les artistes et artisans pourra se faire le samedi 26 novembre à compter de 8h00. Le SALON des ARTS POPULAIRES DESJARDINS n’est pas un marché aux puces. Seuls les personnes ou groupes réalisant eux-mêmes des œuvres, objets ou produits faits à la main seront acceptés. Pour vous inscrire, vous n’avez qu’à remplir la fiche d’inscription et à nous la retourner avec votre paiement.</p>
<p style="text-align: justify;"><strong><em>Heures d&rsquo;ouverture au public</em></strong> :</p>
<ul>
<li style="text-align: justify;">samedi 26 novembre de 11h00 à 17h00;</li>
<li style="text-align: justify;">dimanche 27 novembre de 11h00 à 16h00.</li>
</ul>
<p style="text-align: justify;"><em><strong>Pour plus d’information : </strong></em></p>
<p style="text-align: justify;">Communiquez avec Bernard Brochu :</p>
<ul>
<li style="text-align: justify;"><em>Par téléphone</em> : 819 293-4646</li>
<li style="text-align: justify;"><em>Par courriel</em> : <a href="mailto:artspopulaires@sogetel.net">artspopulaires@sogetel.net</a></li>
</ul>
<p style="text-align: justify;"><strong><em>Documents</em><em> (cliquez sur le texte)</em></strong>:</p>
<ul>
<li style="text-align: justify;"><a href="http://artspopulaires.org/wp-content/uploads/2016/05/Fiche-salon-2016.pdf">Fiche d&rsquo;inscription pour les exposants</a></li>
</ul>

<p>Samedi 26 novembre &amp; dimanche 27 novembre 2016 Déjà une 7e édition pour le salon de Noël du Centre des arts populaires! L’événement, désormais récurrent et attendu de beaucoup, s’adresse aux artisans, aux organismes communautaires et aux groupes scolaires réalisant des œuvres originales pouvant s’offrir en cadeau et, bien sûr, aux visiteurs et curieux désireux [&hellip;]</p>
