{"id":1505,"date":"2020-03-24T21:56:41","date_gmt":"2020-03-24T20:56:41","guid":{"rendered":"http:\/\/artspopulaires.org\/?page_id=1505"},"modified":"2020-03-24T21:56:41","modified_gmt":"2020-03-24T20:56:41","slug":"13e-rendez-vous-des-peintres-sogetel","status":"publish","type":"page","link":"http:\/\/artspopulaires.org\/?page_id=1505","title":{"rendered":"13e Rendez-vous des Peintres Sogetel"},"content":{"rendered":"<p><a href=\"http:\/\/artspopulaires.org\/wp-content\/uploads\/2018\/02\/Informations-et-r\u00e8glements-2018.pdf\"><img fetchpriority=\"high\" decoding=\"async\" class=\"alignnone wp-image-1235 size-medium\" src=\"http:\/\/artspopulaires.org\/wp-content\/uploads\/2018\/02\/Logo-RVP-300x171.jpg\" alt=\"\" width=\"300\" height=\"171\" srcset=\"http:\/\/artspopulaires.org\/wp-content\/uploads\/2018\/02\/Logo-RVP-300x171.jpg 300w, http:\/\/artspopulaires.org\/wp-content\/uploads\/2018\/02\/Logo-RVP-768x438.jpg 768w, http:\/\/artspopulaires.org\/wp-content\/uploads\/2018\/02\/Logo-RVP-150x86.jpg 150w, http:\/\/artspopulaires.org\/wp-content\/uploads\/2018\/02\/Logo-RVP.jpg 921w\" sizes=\"(max-width: 300px) 100vw, 300px\" \/><\/a><\/p>\n<p style=\"text-align: justify;\">Les 20, 21 et 22\u00a0 novembre 2020 sera pr\u00e9sent\u00e9e la treizi\u00e8me \u00e9dition du <em>Rendez-vous des peintres SOGETEL<\/em> du Centre des arts populaires de Nicolet.<\/p>\n<p style=\"text-align: justify;\">Le Rendez-vous des peintres est la plus importante exposition collective du Centre-du-Qu\u00e9bec. 36 artistes s\u00e9lectionn\u00e9s provenant de partout au Qu\u00e9bec y pr\u00e9sentent leur travail.<\/p>\n<p style=\"text-align: justify;\">Afin de visualiser des photos des \u00e9ditions pr\u00e9c\u00e9dentes, nous vous invitons \u00e0 vous feuilleter l&rsquo;album disponible sur notre page Facebook : <a href=\"https:\/\/www.facebook.com\/pg\/Centre-des-arts-populaires-160469040680337\/photos\/?tab=album&amp;album_id=3106684059392139\">12e Rendez-vous des Peintres SOGETEL<\/a><\/p>\n<h5 style=\"text-align: justify;\">Documents suppl\u00e9mentaires \u00e0 l&rsquo;attention des peintres :<\/h5>\n<ul>\n<li style=\"list-style-type: none;\">\n<ul>\n<li style=\"text-align: justify;\"><a href=\"http:\/\/artspopulaires.org\/wp-content\/uploads\/2020\/03\/Fiche-dinscription-2020.pdf\">Fiche d&rsquo;inscription 2020<\/a><\/li>\n<\/ul>\n<\/li>\n<\/ul>\n<ul>\n<li style=\"list-style-type: none;\">\n<ul>\n<li style=\"text-align: justify;\"><a href=\"http:\/\/artspopulaires.org\/wp-content\/uploads\/2020\/03\/R\u00e8glements-2020.pdf\">R\u00e8glements g\u00e9n\u00e9raux<\/a><\/li>\n<\/ul>\n<\/li>\n<\/ul>\n<ul>\n<li style=\"list-style-type: none;\">\n<ul>\n<li style=\"text-align: justify;\"><a href=\"http:\/\/artspopulaires.org\/wp-content\/uploads\/2020\/03\/S\u00c9LECTION-DES-ARTISTES-EXPOSANTS.pdf\">S\u00e9lection des artistes<\/a><\/li>\n<\/ul>\n<\/li>\n<\/ul>\n<p>&nbsp;<\/p>\n<ul>\n<li style=\"text-align: justify;\">Pour toute information suppl\u00e9mentaire, veuillez communiquer avec nous par t\u00e9l\u00e9phone au 819 293-4646 ou par courriel au artspopulaires@sogetel.net<\/li>\n<\/ul>\n","protected":false},"excerpt":{"rendered":"<p>Les 20, 21 et 22\u00a0 novembre 2020 sera pr\u00e9sent\u00e9e la treizi\u00e8me \u00e9dition du Rendez-vous des peintres SOGETEL du Centre des arts populaires de Nicolet. Le Rendez-vous des peintres est la plus importante exposition collective du Centre-du-Qu\u00e9bec. 36 artistes s\u00e9lectionn\u00e9s provenant de partout au Qu\u00e9bec y pr\u00e9sentent leur travail. Afin de visualiser des photos des \u00e9ditions [&hellip;]<\/p>\n","protected":false},"author":1,"featured_media":0,"parent":0,"menu_order":0,"comment_status":"closed","ping_status":"closed","template":"","meta":{"footnotes":""},"_links":{"self":[{"href":"http:\/\/artspopulaires.org\/index.php?rest_route=\/wp\/v2\/pages\/1505"}],"collection":[{"href":"http:\/\/artspopulaires.org\/index.php?rest_route=\/wp\/v2\/pages"}],"about":[{"href":"http:\/\/artspopulaires.org\/index.php?rest_route=\/wp\/v2\/types\/page"}],"author":[{"embeddable":true,"href":"http:\/\/artspopulaires.org\/index.php?rest_route=\/wp\/v2\/users\/1"}],"replies":[{"embeddable":true,"href":"http:\/\/artspopulaires.org\/index.php?rest_route=%2Fwp%2Fv2%2Fcomments&post=1505"}],"version-history":[{"count":1,"href":"http:\/\/artspopulaires.org\/index.php?rest_route=\/wp\/v2\/pages\/1505\/revisions"}],"predecessor-version":[{"id":1509,"href":"http:\/\/artspopulaires.org\/index.php?rest_route=\/wp\/v2\/pages\/1505\/revisions\/1509"}],"wp:attachment":[{"href":"http:\/\/artspopulaires.org\/index.php?rest_route=%2Fwp%2Fv2%2Fmedia&parent=1505"}],"curies":[{"name":"wp","href":"https:\/\/api.w.org\/{rel}","templated":true}]}}