{"id":1440,"date":"2019-06-18T18:33:21","date_gmt":"2019-06-18T17:33:21","guid":{"rendered":"http:\/\/artspopulaires.org\/?page_id=1440"},"modified":"2019-06-18T18:33:21","modified_gmt":"2019-06-18T17:33:21","slug":"gala-de-lutte-a-nicolet-le-test-se-poursuit","status":"publish","type":"page","link":"http:\/\/artspopulaires.org\/?page_id=1440","title":{"rendered":"Gala de lutte \u00e0 Nicolet : Le Test se poursuit"},"content":{"rendered":"<p style=\"text-align: justify;\"><a href=\"http:\/\/artspopulaires.org\/wp-content\/uploads\/2019\/06\/Affiche.png\"><img fetchpriority=\"high\" decoding=\"async\" class=\"alignright size-medium wp-image-1441\" src=\"http:\/\/artspopulaires.org\/wp-content\/uploads\/2019\/06\/Affiche-194x300.png\" alt=\"\" width=\"194\" height=\"300\" srcset=\"http:\/\/artspopulaires.org\/wp-content\/uploads\/2019\/06\/Affiche-194x300.png 194w, http:\/\/artspopulaires.org\/wp-content\/uploads\/2019\/06\/Affiche-768x1187.png 768w, http:\/\/artspopulaires.org\/wp-content\/uploads\/2019\/06\/Affiche-663x1024.png 663w, http:\/\/artspopulaires.org\/wp-content\/uploads\/2019\/06\/Affiche-97x150.png 97w\" sizes=\"(max-width: 194px) 100vw, 194px\" \/><\/a>Le vendredi 21 juin d\u00e8s 20h00 aura lieu au Centre des arts populaires de Nicolet la seconde \u00e9dition du \u00ab\u00a0Test\u00a0\u00bb, un gala de lutte bien de chez nous. \u00c0 partir 17h30, le chansonnier Nicolas Langlois pr\u00e9sentera un r\u00e9pertoire de musique qu\u00e9b\u00e9coise tandis que l\u2019humoriste Mike Paterson lancera les hostilit\u00e9s du gala qui aura pour th\u00e8me \u00ab\u00a0Nicolet vs Qu\u00e9bexit\u00a0\u00bb.<\/p>\n<p style=\"text-align: justify;\">Le 5 avril dernier, ce sont plus de 300 spectateurs qui se sont d\u00e9plac\u00e9s sous la vo\u00fbte du Centre des arts populaires afin d\u2019encourager ou de d\u00e9tester les lutteurs rassembl\u00e9s sur place. Fort de ce succ\u00e8s, \u00ab\u00a0le Test\u00a0\u00bb retente le coup en proposant cette fois une soir\u00e9e o\u00f9 l\u2019avenir de Nicolet, voire m\u00eame du Qu\u00e9bec, sera mis en jeu. Pour l\u2019occasion, pr\u00e8s d\u2019une quinzaine de lutteurs professionnels s\u2019affronteront dans le ring pour le plaisir des jeunes et moins jeunes.<\/p>\n<p style=\"text-align: justify;\">Le gala de lutte \u00ab\u00a0le Test\u00a0\u00bb est une exp\u00e9rience bien nicol\u00e9taine initi\u00e9e au printemps par le passionn\u00e9 de lutte Vincent B\u00e9lisle. Apr\u00e8s avoir assist\u00e9 \u00e0 des repr\u00e9sentations de ce sport th\u00e9\u00e2tral un peu partout au Qu\u00e9bec, Vincent en est venu \u00e0 cultiver un r\u00eave bien personnel\u00a0: faire na\u00eetre dans son patelin de Nicolet une r\u00e9elle passion pour la lutte. Non pas seulement rassembler les curieux et initi\u00e9s, mais cr\u00e9er de nouveaux fans afin de faire de celle ville un nouveau p\u00f4le sportif au Qu\u00e9bec. Apr\u00e8s la premi\u00e8re \u00e9dition d\u2019avril, le Centre des arts populaires de Nicolet s\u2019est officiellement associ\u00e9 avec le promoteur afin d\u2019organiser l\u2019\u00e9v\u00e9nement. Ayant pour mission de promouvoir la culture populaire et d\u2019offrir des installations \u00e0 la communaut\u00e9 nicol\u00e9taine, le Centre esp\u00e8re contribuer \u00e0 sa mani\u00e8re au dynamisme de la r\u00e9gion.<\/p>\n<p style=\"text-align: justify;\">Le 21 juin, d\u00e8s 17h30, les participants pourront profiter d\u2019un concert gratuit par le chansonnier Nicolas Langlois. \u00c0 19h30, les portes ouvriront pour le gala de lutte. Les billets pour ce dernier sont vendus aux prix de 10$ (en pr\u00e9vente au <em>Centre des arts populaires de Nicolet<\/em>, <em>Pr\u00eat-\u00e0-reporter, R\u00f4tisserie Woody&rsquo;s, Mamma Mia <\/em>et <em>D\u00e9panneur royal<\/em>), 15$ \u00e0 la porte et 5$ pour les moins de 16 ans.<\/p>\n","protected":false},"excerpt":{"rendered":"<p>Le vendredi 21 juin d\u00e8s 20h00 aura lieu au Centre des arts populaires de Nicolet la seconde \u00e9dition du \u00ab\u00a0Test\u00a0\u00bb, un gala de lutte bien de chez nous. \u00c0 partir 17h30, le chansonnier Nicolas Langlois pr\u00e9sentera un r\u00e9pertoire de musique qu\u00e9b\u00e9coise tandis que l\u2019humoriste Mike Paterson lancera les hostilit\u00e9s du gala qui aura pour th\u00e8me [&hellip;]<\/p>\n","protected":false},"author":1,"featured_media":0,"parent":0,"menu_order":0,"comment_status":"closed","ping_status":"closed","template":"","meta":{"footnotes":""},"_links":{"self":[{"href":"http:\/\/artspopulaires.org\/index.php?rest_route=\/wp\/v2\/pages\/1440"}],"collection":[{"href":"http:\/\/artspopulaires.org\/index.php?rest_route=\/wp\/v2\/pages"}],"about":[{"href":"http:\/\/artspopulaires.org\/index.php?rest_route=\/wp\/v2\/types\/page"}],"author":[{"embeddable":true,"href":"http:\/\/artspopulaires.org\/index.php?rest_route=\/wp\/v2\/users\/1"}],"replies":[{"embeddable":true,"href":"http:\/\/artspopulaires.org\/index.php?rest_route=%2Fwp%2Fv2%2Fcomments&post=1440"}],"version-history":[{"count":2,"href":"http:\/\/artspopulaires.org\/index.php?rest_route=\/wp\/v2\/pages\/1440\/revisions"}],"predecessor-version":[{"id":1445,"href":"http:\/\/artspopulaires.org\/index.php?rest_route=\/wp\/v2\/pages\/1440\/revisions\/1445"}],"wp:attachment":[{"href":"http:\/\/artspopulaires.org\/index.php?rest_route=%2Fwp%2Fv2%2Fmedia&parent=1440"}],"curies":[{"name":"wp","href":"https:\/\/api.w.org\/{rel}","templated":true}]}}

Gala de lutte à Nicolet : Le Test se poursuit

<p style="text-align: justify;"><a href="http://artspopulaires.org/wp-content/uploads/2019/06/Affiche.png"><img fetchpriority="high" decoding="async" class="alignright size-medium wp-image-1441" src="http://artspopulaires.org/wp-content/uploads/2019/06/Affiche-194x300.png" alt="" width="194" height="300" srcset="http://artspopulaires.org/wp-content/uploads/2019/06/Affiche-194x300.png 194w, http://artspopulaires.org/wp-content/uploads/2019/06/Affiche-768x1187.png 768w, http://artspopulaires.org/wp-content/uploads/2019/06/Affiche-663x1024.png 663w, http://artspopulaires.org/wp-content/uploads/2019/06/Affiche-97x150.png 97w" sizes="(max-width: 194px) 100vw, 194px" /></a>Le vendredi 21 juin dès 20h00 aura lieu au Centre des arts populaires de Nicolet la seconde édition du « Test », un gala de lutte bien de chez nous. À partir 17h30, le chansonnier Nicolas Langlois présentera un répertoire de musique québécoise tandis que l’humoriste Mike Paterson lancera les hostilités du gala qui aura pour thème « Nicolet vs Québexit ».</p>
<p style="text-align: justify;">Le 5 avril dernier, ce sont plus de 300 spectateurs qui se sont déplacés sous la voûte du Centre des arts populaires afin d’encourager ou de détester les lutteurs rassemblés sur place. Fort de ce succès, « le Test » retente le coup en proposant cette fois une soirée où l’avenir de Nicolet, voire même du Québec, sera mis en jeu. Pour l’occasion, près d’une quinzaine de lutteurs professionnels s’affronteront dans le ring pour le plaisir des jeunes et moins jeunes.</p>
<p style="text-align: justify;">Le gala de lutte « le Test » est une expérience bien nicolétaine initiée au printemps par le passionné de lutte Vincent Bélisle. Après avoir assisté à des représentations de ce sport théâtral un peu partout au Québec, Vincent en est venu à cultiver un rêve bien personnel : faire naître dans son patelin de Nicolet une réelle passion pour la lutte. Non pas seulement rassembler les curieux et initiés, mais créer de nouveaux fans afin de faire de celle ville un nouveau pôle sportif au Québec. Après la première édition d’avril, le Centre des arts populaires de Nicolet s’est officiellement associé avec le promoteur afin d’organiser l’événement. Ayant pour mission de promouvoir la culture populaire et d’offrir des installations à la communauté nicolétaine, le Centre espère contribuer à sa manière au dynamisme de la région.</p>
<p style="text-align: justify;">Le 21 juin, dès 17h30, les participants pourront profiter d’un concert gratuit par le chansonnier Nicolas Langlois. À 19h30, les portes ouvriront pour le gala de lutte. Les billets pour ce dernier sont vendus aux prix de 10$ (en prévente au <em>Centre des arts populaires de Nicolet</em>, <em>Prêt-à-reporter, Rôtisserie Woody&rsquo;s, Mamma Mia </em>et <em>Dépanneur royal</em>), 15$ à la porte et 5$ pour les moins de 16 ans.</p>

<p>Le vendredi 21 juin dès 20h00 aura lieu au Centre des arts populaires de Nicolet la seconde édition du « Test », un gala de lutte bien de chez nous. À partir 17h30, le chansonnier Nicolas Langlois présentera un répertoire de musique québécoise tandis que l’humoriste Mike Paterson lancera les hostilités du gala qui aura pour thème [&hellip;]</p>
