{"id":1354,"date":"2019-03-01T20:59:24","date_gmt":"2019-03-01T19:59:24","guid":{"rendered":"http:\/\/artspopulaires.org\/?page_id=1354"},"modified":"2019-03-01T21:06:44","modified_gmt":"2019-03-01T20:06:44","slug":"la-semaine-des-enfants-promutuel-2019","status":"publish","type":"page","link":"http:\/\/artspopulaires.org\/?page_id=1354","title":{"rendered":"La Semaine des enfants Promutuel 2019"},"content":{"rendered":"<p style=\"text-align: justify;\"><a href=\"http:\/\/artspopulaires.org\/wp-content\/uploads\/2019\/03\/Feuillet-Centre-des-Arts-C-2019.png\"><img fetchpriority=\"high\" decoding=\"async\" class=\"wp-image-1374 size-full alignright\" src=\"http:\/\/artspopulaires.org\/wp-content\/uploads\/2019\/03\/Feuillet-Centre-des-Arts-C-2019.png\" alt=\"\" width=\"400\" height=\"1075\" srcset=\"http:\/\/artspopulaires.org\/wp-content\/uploads\/2019\/03\/Feuillet-Centre-des-Arts-C-2019.png 400w, http:\/\/artspopulaires.org\/wp-content\/uploads\/2019\/03\/Feuillet-Centre-des-Arts-C-2019-112x300.png 112w, http:\/\/artspopulaires.org\/wp-content\/uploads\/2019\/03\/Feuillet-Centre-des-Arts-C-2019-381x1024.png 381w, http:\/\/artspopulaires.org\/wp-content\/uploads\/2019\/03\/Feuillet-Centre-des-Arts-C-2019-56x150.png 56w\" sizes=\"(max-width: 400px) 100vw, 400px\" \/><\/a><\/p>\n<p style=\"text-align: justify;\">La Semaine des enfants <strong>PROMUTUEL<\/strong> du Centre des arts populaires de Nicolet se tiendra du lundi 4 mars au vendredi 8 mars de 10 h \u00e0 16\u00a0h. Nos activit\u00e9s pour les familles pendant la semaine de rel\u00e2che de la Commission scolaire de La Riveraine sont maintenant une tradition. Encore une fois cette ann\u00e9e, la grande salle s\u2019emplira de grosses structures gonflables tandis que des jeux d\u2019adresse et de strat\u00e9gie attendront les jeunes et leurs parents dans la salle Jean-Paul-Charland.<\/p>\n<p style=\"text-align: justify;\">Des journ\u00e9es de plaisir garanti offertes \u00e0 un tarif vraiment populaire :<\/p>\n<ul style=\"text-align: justify;\">\n<li style=\"list-style-type: none;\">\n<ul>\n<li style=\"text-align: justify;\">5$ pour un enfant<\/li>\n<li style=\"text-align: justify;\">8$ pour deux enfants<\/li>\n<li style=\"text-align: justify;\">Maximum de 10$ pour les familles de 3 enfants et plus.<\/li>\n<\/ul>\n<\/li>\n<\/ul>\n<ul style=\"text-align: justify;\">\n<li style=\"list-style-type: none;\"><\/li>\n<\/ul>\n<p style=\"text-align: justify;\">Bien s\u00fbr, le tout est gratuit pour les parents accompagnateurs. Pour quelques sous de plus <strong>Mary Maquille &amp; Cie<\/strong> sera sur place pour transformer les petits boutchoux en oursons, super h\u00e9ros ou princesses.<strong> Patricia Desfoss\u00e9s<\/strong>, photographe professionnelle, sera l\u00e0 pour immortaliser ces moments.<\/p>\n<p style=\"text-align: justify;\">Toutes ces activit\u00e9s sont rendues possibles gr\u00e2ce la collaboration de Promutuel Verch\u00e8res \u2013 Les Forges,\u00a0 de la Ville de Nicolet et \u00e0 une participation concert\u00e9e des pharmacies Jean Coutu et Uniprix de Nicolet. Pendant la semaine de rel\u00e2che, la Semaine des enfants Promutuel est une belle opportunit\u00e9 pour offrir \u00e0 votre petite famille des activit\u00e9s amusantes, diversifi\u00e9es et abordables.<\/p>\n<p style=\"text-align: justify;\">Le Centre des arts populaires est situ\u00e9 au 725 du boulevard Louis-Fr\u00e9chette \u00e0 Nicolet.<\/p>\n","protected":false},"excerpt":{"rendered":"<p>La Semaine des enfants PROMUTUEL du Centre des arts populaires de Nicolet se tiendra du lundi 4 mars au vendredi 8 mars de 10 h \u00e0 16\u00a0h. Nos activit\u00e9s pour les familles pendant la semaine de rel\u00e2che de la Commission scolaire de La Riveraine sont maintenant une tradition. Encore une fois cette ann\u00e9e, la grande [&hellip;]<\/p>\n","protected":false},"author":1,"featured_media":0,"parent":0,"menu_order":0,"comment_status":"closed","ping_status":"closed","template":"","meta":{"footnotes":""},"_links":{"self":[{"href":"http:\/\/artspopulaires.org\/index.php?rest_route=\/wp\/v2\/pages\/1354"}],"collection":[{"href":"http:\/\/artspopulaires.org\/index.php?rest_route=\/wp\/v2\/pages"}],"about":[{"href":"http:\/\/artspopulaires.org\/index.php?rest_route=\/wp\/v2\/types\/page"}],"author":[{"embeddable":true,"href":"http:\/\/artspopulaires.org\/index.php?rest_route=\/wp\/v2\/users\/1"}],"replies":[{"embeddable":true,"href":"http:\/\/artspopulaires.org\/index.php?rest_route=%2Fwp%2Fv2%2Fcomments&post=1354"}],"version-history":[{"count":9,"href":"http:\/\/artspopulaires.org\/index.php?rest_route=\/wp\/v2\/pages\/1354\/revisions"}],"predecessor-version":[{"id":1487,"href":"http:\/\/artspopulaires.org\/index.php?rest_route=\/wp\/v2\/pages\/1354\/revisions\/1487"}],"wp:attachment":[{"href":"http:\/\/artspopulaires.org\/index.php?rest_route=%2Fwp%2Fv2%2Fmedia&parent=1354"}],"curies":[{"name":"wp","href":"https:\/\/api.w.org\/{rel}","templated":true}]}}

<p style="text-align: justify;"><a href="http://artspopulaires.org/wp-content/uploads/2019/03/Feuillet-Centre-des-Arts-C-2019.png"><img fetchpriority="high" decoding="async" class="wp-image-1374 size-full alignright" src="http://artspopulaires.org/wp-content/uploads/2019/03/Feuillet-Centre-des-Arts-C-2019.png" alt="" width="400" height="1075" srcset="http://artspopulaires.org/wp-content/uploads/2019/03/Feuillet-Centre-des-Arts-C-2019.png 400w, http://artspopulaires.org/wp-content/uploads/2019/03/Feuillet-Centre-des-Arts-C-2019-112x300.png 112w, http://artspopulaires.org/wp-content/uploads/2019/03/Feuillet-Centre-des-Arts-C-2019-381x1024.png 381w, http://artspopulaires.org/wp-content/uploads/2019/03/Feuillet-Centre-des-Arts-C-2019-56x150.png 56w" sizes="(max-width: 400px) 100vw, 400px" /></a></p>
<p style="text-align: justify;">La Semaine des enfants <strong>PROMUTUEL</strong> du Centre des arts populaires de Nicolet se tiendra du lundi 4 mars au vendredi 8 mars de 10 h à 16 h. Nos activités pour les familles pendant la semaine de relâche de la Commission scolaire de La Riveraine sont maintenant une tradition. Encore une fois cette année, la grande salle s’emplira de grosses structures gonflables tandis que des jeux d’adresse et de stratégie attendront les jeunes et leurs parents dans la salle Jean-Paul-Charland.</p>
<p style="text-align: justify;">Des journées de plaisir garanti offertes à un tarif vraiment populaire :</p>
<ul style="text-align: justify;">
<li style="list-style-type: none;">
<ul>
<li style="text-align: justify;">5$ pour un enfant</li>
<li style="text-align: justify;">8$ pour deux enfants</li>
<li style="text-align: justify;">Maximum de 10$ pour les familles de 3 enfants et plus.</li>
</ul>
</li>
</ul>
<ul style="text-align: justify;">
<li style="list-style-type: none;"></li>
</ul>
<p style="text-align: justify;">Bien sûr, le tout est gratuit pour les parents accompagnateurs. Pour quelques sous de plus <strong>Mary Maquille &amp; Cie</strong> sera sur place pour transformer les petits boutchoux en oursons, super héros ou princesses.<strong> Patricia Desfossés</strong>, photographe professionnelle, sera là pour immortaliser ces moments.</p>
<p style="text-align: justify;">Toutes ces activités sont rendues possibles grâce la collaboration de Promutuel Verchères – Les Forges,  de la Ville de Nicolet et à une participation concertée des pharmacies Jean Coutu et Uniprix de Nicolet. Pendant la semaine de relâche, la Semaine des enfants Promutuel est une belle opportunité pour offrir à votre petite famille des activités amusantes, diversifiées et abordables.</p>
<p style="text-align: justify;">Le Centre des arts populaires est situé au 725 du boulevard Louis-Fréchette à Nicolet.</p>

<p>La Semaine des enfants PROMUTUEL du Centre des arts populaires de Nicolet se tiendra du lundi 4 mars au vendredi 8 mars de 10 h à 16 h. Nos activités pour les familles pendant la semaine de relâche de la Commission scolaire de La Riveraine sont maintenant une tradition. Encore une fois cette année, la grande [&hellip;]</p>
