{"id":1341,"date":"2019-01-31T05:45:35","date_gmt":"2019-01-31T04:45:35","guid":{"rendered":"http:\/\/artspopulaires.org\/?page_id=1341"},"modified":"2019-09-26T20:28:00","modified_gmt":"2019-09-26T19:28:00","slug":"1341-2","status":"publish","type":"page","link":"http:\/\/artspopulaires.org\/?page_id=1341","title":{"rendered":"Programmation 2019"},"content":{"rendered":"<p style=\"text-align: justify;\">En plus d\u2019\u00eatre le propri\u00e9taire de l\u2019un des b\u00e2timents patrimoniaux les plus remarquables du Centre-du-Qu\u00e9bec, le Centre des arts populaires de Nicolet est aussi un organisme \u00e0 but non lucratif vou\u00e9 \u00e0 l\u2019enrichissement de la culture et de la communaut\u00e9. \u00c0 chaque ann\u00e9e, la direction du centre organise et fait la promotion d\u2019\u00e9v\u00e9nements soulignant la cr\u00e9ativit\u00e9 des Nicol\u00e9tains et des environs.<\/p>\n<p><em><strong>Calendrier des \u00e9v\u00e9nements<\/strong><\/em><\/p>\n<p>Dans le cadre de notre programmation 2019, nos principaux \u00e9v\u00e9nements seront les suivants :<\/p>\n<h5>2019<\/h5>\n<ul>\n<li><em>19 janvier, 23 f\u00e9vrier, 30 mars, 27 avril, 1er juin, 21 septembre, 26 octobre, 30 d\u00e9cembre<\/em> : <a href=\"http:\/\/projet-enclave.com\/\">Les tractations de l&rsquo;Enclave<\/a><\/li>\n<li><em>4 au 8 mars<\/em>: <a href=\"http:\/\/artspopulaires.org\/?page_id=1354\">La semaine des enfants Promutuel<\/a><\/li>\n<li><em>14 mars<\/em> : <a href=\"http:\/\/artspopulaires.org\/wp-content\/uploads\/2019\/03\/Affiche-concert.png\">Concert-ap\u00e9ro de l&rsquo;Orchestre symphonique et Drummondville<\/a><\/li>\n<li><em>28 mars<\/em> : Assembl\u00e9e g\u00e9n\u00e9rale du Centre des arts populaires<\/li>\n<li><em>24 avril : <\/em>Vins d&rsquo;ailleurs et fromages d&rsquo;ici &#8211; Activit\u00e9 b\u00e9n\u00e9fice du Centre des arts populaires<\/li>\n<li><em>16 mai <\/em>: Animation scolaire<\/li>\n<li><em>8<\/em> <em>juin <\/em>: <a href=\"http:\/\/artspopulaires.org\/?page_id=1432\">Journ\u00e9e des dentelli\u00e8res et des brodeuses<\/a><\/li>\n<li><em>14 au 16 juin\u00a0<\/em>: <a href=\"http:\/\/artspopulaires.org\/?page_id=1429\">Kermesse de la courtepointe<\/a><\/li>\n<li><em>21 juin<\/em> : <a href=\"http:\/\/artspopulaires.org\/?page_id=1440\">Gala de Lutte<\/a><\/li>\n<li><em>2 novembre : <\/em><a href=\"http:\/\/artspopulaires.org\/?page_id=1457\">L&rsquo;\u00c9cole des sorciers IV<\/a><\/li>\n<li><em>15 au 17 novembre :<\/em> <a href=\"http:\/\/artspopulaires.org\/?page_id=1420\">Le Rendez-vous des peintres Sogetel<\/a><\/li>\n<li><em>23 et 24 novembre <\/em>: <a href=\"http:\/\/artspopulaires.org\/?page_id=1447\">Le Salon des arts populaires Desjardins<\/a><\/li>\n<li><em>6 et 7<\/em> <em>d\u00e9cembre<\/em> : <a href=\"http:\/\/artspopulaires.org\/wp-content\/uploads\/2019\/09\/Lettre-party-multi-2019.pdf\">Party multi-entreprises 2019<\/a><\/li>\n<\/ul>\n<p>Pour en savoir plus, nous vous invitons \u00e0 consulter les pages correspondant \u00e0 chacune de ces activit\u00e9s lorsqu&rsquo;elles seront mises en ligne ou \u00e0 communiquer avec nous par t\u00e9l\u00e9phone (819 293-4646) ou par courriel (artspopulaires@sogetel.net).<\/p>\n","protected":false},"excerpt":{"rendered":"<p>En plus d\u2019\u00eatre le propri\u00e9taire de l\u2019un des b\u00e2timents patrimoniaux les plus remarquables du Centre-du-Qu\u00e9bec, le Centre des arts populaires de Nicolet est aussi un organisme \u00e0 but non lucratif vou\u00e9 \u00e0 l\u2019enrichissement de la culture et de la communaut\u00e9. \u00c0 chaque ann\u00e9e, la direction du centre organise et fait la promotion d\u2019\u00e9v\u00e9nements soulignant la [&hellip;]<\/p>\n","protected":false},"author":1,"featured_media":0,"parent":0,"menu_order":0,"comment_status":"closed","ping_status":"closed","template":"","meta":{"footnotes":""},"_links":{"self":[{"href":"http:\/\/artspopulaires.org\/index.php?rest_route=\/wp\/v2\/pages\/1341"}],"collection":[{"href":"http:\/\/artspopulaires.org\/index.php?rest_route=\/wp\/v2\/pages"}],"about":[{"href":"http:\/\/artspopulaires.org\/index.php?rest_route=\/wp\/v2\/types\/page"}],"author":[{"embeddable":true,"href":"http:\/\/artspopulaires.org\/index.php?rest_route=\/wp\/v2\/users\/1"}],"replies":[{"embeddable":true,"href":"http:\/\/artspopulaires.org\/index.php?rest_route=%2Fwp%2Fv2%2Fcomments&post=1341"}],"version-history":[{"count":14,"href":"http:\/\/artspopulaires.org\/index.php?rest_route=\/wp\/v2\/pages\/1341\/revisions"}],"predecessor-version":[{"id":1472,"href":"http:\/\/artspopulaires.org\/index.php?rest_route=\/wp\/v2\/pages\/1341\/revisions\/1472"}],"wp:attachment":[{"href":"http:\/\/artspopulaires.org\/index.php?rest_route=%2Fwp%2Fv2%2Fmedia&parent=1341"}],"curies":[{"name":"wp","href":"https:\/\/api.w.org\/{rel}","templated":true}]}}

<p style="text-align: justify;">En plus d’être le propriétaire de l’un des bâtiments patrimoniaux les plus remarquables du Centre-du-Québec, le Centre des arts populaires de Nicolet est aussi un organisme à but non lucratif voué à l’enrichissement de la culture et de la communauté. À chaque année, la direction du centre organise et fait la promotion d’événements soulignant la créativité des Nicolétains et des environs.</p>
<p><em><strong>Calendrier des événements</strong></em></p>
<p>Dans le cadre de notre programmation 2019, nos principaux événements seront les suivants :</p>
<h5>2019</h5>
<ul>
<li><em>19 janvier, 23 février, 30 mars, 27 avril, 1er juin, 21 septembre, 26 octobre, 30 décembre</em> : <a href="http://projet-enclave.com/">Les tractations de l&rsquo;Enclave</a></li>
<li><em>4 au 8 mars</em>: <a href="http://artspopulaires.org/?page_id=1354">La semaine des enfants Promutuel</a></li>
<li><em>14 mars</em> : <a href="http://artspopulaires.org/wp-content/uploads/2019/03/Affiche-concert.png">Concert-apéro de l&rsquo;Orchestre symphonique et Drummondville</a></li>
<li><em>28 mars</em> : Assemblée générale du Centre des arts populaires</li>
<li><em>24 avril : </em>Vins d&rsquo;ailleurs et fromages d&rsquo;ici &#8211; Activité bénéfice du Centre des arts populaires</li>
<li><em>16 mai </em>: Animation scolaire</li>
<li><em>8</em> <em>juin </em>: <a href="http://artspopulaires.org/?page_id=1432">Journée des dentellières et des brodeuses</a></li>
<li><em>14 au 16 juin </em>: <a href="http://artspopulaires.org/?page_id=1429">Kermesse de la courtepointe</a></li>
<li><em>21 juin</em> : <a href="http://artspopulaires.org/?page_id=1440">Gala de Lutte</a></li>
<li><em>2 novembre : </em><a href="http://artspopulaires.org/?page_id=1457">L&rsquo;École des sorciers IV</a></li>
<li><em>15 au 17 novembre :</em> <a href="http://artspopulaires.org/?page_id=1420">Le Rendez-vous des peintres Sogetel</a></li>
<li><em>23 et 24 novembre </em>: <a href="http://artspopulaires.org/?page_id=1447">Le Salon des arts populaires Desjardins</a></li>
<li><em>6 et 7</em> <em>décembre</em> : <a href="http://artspopulaires.org/wp-content/uploads/2019/09/Lettre-party-multi-2019.pdf">Party multi-entreprises 2019</a></li>
</ul>
<p>Pour en savoir plus, nous vous invitons à consulter les pages correspondant à chacune de ces activités lorsqu&rsquo;elles seront mises en ligne ou à communiquer avec nous par téléphone (819 293-4646) ou par courriel (artspopulaires@sogetel.net).</p>

<p>En plus d’être le propriétaire de l’un des bâtiments patrimoniaux les plus remarquables du Centre-du-Québec, le Centre des arts populaires de Nicolet est aussi un organisme à but non lucratif voué à l’enrichissement de la culture et de la communauté. À chaque année, la direction du centre organise et fait la promotion d’événements soulignant la [&hellip;]</p>
