{"id":1124,"date":"2017-09-18T19:20:49","date_gmt":"2017-09-18T18:20:49","guid":{"rendered":"http:\/\/artspopulaires.org\/?page_id=1124"},"modified":"2017-09-18T19:40:06","modified_gmt":"2017-09-18T18:40:06","slug":"halloween-2017-lecole-des-sorciers-ii","status":"publish","type":"page","link":"http:\/\/artspopulaires.org\/?page_id=1124","title":{"rendered":"Halloween 2017 : L&rsquo;\u00e9cole des sorciers II"},"content":{"rendered":"<p><img fetchpriority=\"high\" decoding=\"async\" class=\"aligncenter wp-image-951 size-full\" src=\"http:\/\/artspopulaires.org\/wp-content\/uploads\/2016\/10\/Hautdepage.png\" alt=\"hautdepage\" width=\"1146\" height=\"400\" srcset=\"http:\/\/artspopulaires.org\/wp-content\/uploads\/2016\/10\/Hautdepage.png 1146w, http:\/\/artspopulaires.org\/wp-content\/uploads\/2016\/10\/Hautdepage-300x105.png 300w, http:\/\/artspopulaires.org\/wp-content\/uploads\/2016\/10\/Hautdepage-1024x357.png 1024w, http:\/\/artspopulaires.org\/wp-content\/uploads\/2016\/10\/Hautdepage-250x87.png 250w, http:\/\/artspopulaires.org\/wp-content\/uploads\/2016\/10\/Hautdepage-150x52.png 150w\" sizes=\"(max-width: 1146px) 100vw, 1146px\" \/><\/p>\n<p>Le Centre des arts populaires de Nicolet, en collaboration avec <em>L&rsquo;Enclave\u00a0<\/em>et avec la g\u00e9n\u00e9reuse contribution de <em>Matelas Ren\u00e9<\/em>, accueillera le samedi 28 octobre en apr\u00e8s-midi, pour une deuxi\u00e8me ann\u00e9e, les enfants de la r\u00e9gion et d&rsquo;ailleurs pour une s\u00e9rie d&rsquo;animations et d&rsquo;activit\u00e9s inspir\u00e9es de l&rsquo;univers de <em>Harry Potter<\/em>.<\/p>\n<h4><em>Samedi 28 octobre<br \/>\n<\/em><\/h4>\n<p><em>Quoi<\/em>? \u00c0 chaque automne, la prestigieuse \u00e9cole de sorcellerie de Poudlard ouvre ses portes aux futurs \u00e9tudiants. Lors d&rsquo;une grande journ\u00e9e de d\u00e9couverte, les apprentis sorciers rencontrent leurs professeurs pour l&rsquo;ann\u00e9e \u00e0 venir et sont initi\u00e9s aux rudiments de la magie : r\u00e9ception de leur baguette magique, s\u00e9lection de leur maison, farces et attrapes, cours d&rsquo;alchimie, chasse dans la for\u00eat interdite, divination, etc. \u00c0 l&rsquo;issue de cette journ\u00e9e, les enfants seront de v\u00e9ritables petits sorciers! Pour cette seconde \u00e9dition, ce furent les enfants de Nicolet et des environs qui eurent l&rsquo;honneur de recevoir leur invitation pour Poudlard.<\/p>\n<h4><a href=\"http:\/\/artspopulaires.org\/wp-content\/uploads\/2017\/09\/AfficheEnfants.png\"><img decoding=\"async\" class=\"alignright wp-image-1126 size-medium\" src=\"http:\/\/artspopulaires.org\/wp-content\/uploads\/2017\/09\/AfficheEnfants-194x300.png\" alt=\"\" width=\"194\" height=\"300\" srcset=\"http:\/\/artspopulaires.org\/wp-content\/uploads\/2017\/09\/AfficheEnfants-194x300.png 194w, http:\/\/artspopulaires.org\/wp-content\/uploads\/2017\/09\/AfficheEnfants-768x1187.png 768w, http:\/\/artspopulaires.org\/wp-content\/uploads\/2017\/09\/AfficheEnfants-663x1024.png 663w, http:\/\/artspopulaires.org\/wp-content\/uploads\/2017\/09\/AfficheEnfants-97x150.png 97w\" sizes=\"(max-width: 194px) 100vw, 194px\" \/><\/a><\/h4>\n<h4><em>Informations suppl\u00e9mentaires<br \/>\n<\/em><\/h4>\n<ul>\n<li>\n<h4><\/h4>\n<p style=\"text-align: justify;\">Lors de cette journ\u00e9e immersive, les enfants seront invit\u00e9s \u00e0 participer \u00e0 plusieurs activit\u00e9s inspir\u00e9es de l&rsquo;univers des romans <em>Harry Potter<\/em>. Afin d&rsquo;assurer un maximum de personnalisation pour chaque enfant, il est vivement conseill\u00e9 de r\u00e9server votre place. Dans la mesure du possible, les enfants r\u00e9servant leur place avant le 23 octobre recevront par la poste une lettre d&rsquo;invitation personnalis\u00e9e<\/p>\n<\/li>\n<li style=\"text-align: justify;\">Les activit\u00e9s de cette seconde \u00e9dition seront pour la plupart diff\u00e9rentes de celles de la premi\u00e8re de 2016. Les enfants peuvent donc sans probl\u00e8me participer de nouveau.<\/li>\n<li style=\"text-align: justify;\">Pour les enfants de 6 \u00e0 12 ans<\/li>\n<li style=\"text-align: justify;\">12$\/enfant pay\u00e9 \u00e0 l&rsquo;avance (gratuit pour l&rsquo;accompagnateur). <strong>R\u00e9servation obligatoire. <\/strong>Des heures de d\u00e9part pour chaque groupe seront \u00e9tablies. Celles-ci seront d\u00e9termin\u00e9es avec les participants au moment de la r\u00e9servation.<\/li>\n<li style=\"text-align: justify;\">De 12h00 \u00e0 17h30 le samedi 28 octobre<\/li>\n<\/ul>\n<h4><em>R\u00e9servations<br \/>\n<\/em><\/h4>\n<ul>\n<li>Par t\u00e9l\u00e9phone au 819 293-4646<\/li>\n<li>Par courriel au artspopulaires@sogetel.net<\/li>\n<li>Places limit\u00e9es. Ne tardez \u00e0 r\u00e9server!<\/li>\n<\/ul>\n<p>&nbsp;<\/p>\n<p>&nbsp;<\/p>\n<h6><em>L&rsquo;univers de Harry Potter est une cr\u00e9ation de J.K Rowling. <\/em><\/h6>\n","protected":false},"excerpt":{"rendered":"<p>Le Centre des arts populaires de Nicolet, en collaboration avec L&rsquo;Enclave\u00a0et avec la g\u00e9n\u00e9reuse contribution de Matelas Ren\u00e9, accueillera le samedi 28 octobre en apr\u00e8s-midi, pour une deuxi\u00e8me ann\u00e9e, les enfants de la r\u00e9gion et d&rsquo;ailleurs pour une s\u00e9rie d&rsquo;animations et d&rsquo;activit\u00e9s inspir\u00e9es de l&rsquo;univers de Harry Potter. Samedi 28 octobre Quoi? \u00c0 chaque automne, [&hellip;]<\/p>\n","protected":false},"author":1,"featured_media":0,"parent":0,"menu_order":0,"comment_status":"closed","ping_status":"closed","template":"","meta":{"footnotes":""},"_links":{"self":[{"href":"http:\/\/artspopulaires.org\/index.php?rest_route=\/wp\/v2\/pages\/1124"}],"collection":[{"href":"http:\/\/artspopulaires.org\/index.php?rest_route=\/wp\/v2\/pages"}],"about":[{"href":"http:\/\/artspopulaires.org\/index.php?rest_route=\/wp\/v2\/types\/page"}],"author":[{"embeddable":true,"href":"http:\/\/artspopulaires.org\/index.php?rest_route=\/wp\/v2\/users\/1"}],"replies":[{"embeddable":true,"href":"http:\/\/artspopulaires.org\/index.php?rest_route=%2Fwp%2Fv2%2Fcomments&post=1124"}],"version-history":[{"count":3,"href":"http:\/\/artspopulaires.org\/index.php?rest_route=\/wp\/v2\/pages\/1124\/revisions"}],"predecessor-version":[{"id":1128,"href":"http:\/\/artspopulaires.org\/index.php?rest_route=\/wp\/v2\/pages\/1124\/revisions\/1128"}],"wp:attachment":[{"href":"http:\/\/artspopulaires.org\/index.php?rest_route=%2Fwp%2Fv2%2Fmedia&parent=1124"}],"curies":[{"name":"wp","href":"https:\/\/api.w.org\/{rel}","templated":true}]}}

Halloween 2017 : L&rsquo;école des sorciers II

<p><img fetchpriority="high" decoding="async" class="aligncenter wp-image-951 size-full" src="http://artspopulaires.org/wp-content/uploads/2016/10/Hautdepage.png" alt="hautdepage" width="1146" height="400" srcset="http://artspopulaires.org/wp-content/uploads/2016/10/Hautdepage.png 1146w, http://artspopulaires.org/wp-content/uploads/2016/10/Hautdepage-300x105.png 300w, http://artspopulaires.org/wp-content/uploads/2016/10/Hautdepage-1024x357.png 1024w, http://artspopulaires.org/wp-content/uploads/2016/10/Hautdepage-250x87.png 250w, http://artspopulaires.org/wp-content/uploads/2016/10/Hautdepage-150x52.png 150w" sizes="(max-width: 1146px) 100vw, 1146px" /></p>
<p>Le Centre des arts populaires de Nicolet, en collaboration avec <em>L&rsquo;Enclave </em>et avec la généreuse contribution de <em>Matelas René</em>, accueillera le samedi 28 octobre en après-midi, pour une deuxième année, les enfants de la région et d&rsquo;ailleurs pour une série d&rsquo;animations et d&rsquo;activités inspirées de l&rsquo;univers de <em>Harry Potter</em>.</p>
<h4><em>Samedi 28 octobre<br />
</em></h4>
<p><em>Quoi</em>? À chaque automne, la prestigieuse école de sorcellerie de Poudlard ouvre ses portes aux futurs étudiants. Lors d&rsquo;une grande journée de découverte, les apprentis sorciers rencontrent leurs professeurs pour l&rsquo;année à venir et sont initiés aux rudiments de la magie : réception de leur baguette magique, sélection de leur maison, farces et attrapes, cours d&rsquo;alchimie, chasse dans la forêt interdite, divination, etc. À l&rsquo;issue de cette journée, les enfants seront de véritables petits sorciers! Pour cette seconde édition, ce furent les enfants de Nicolet et des environs qui eurent l&rsquo;honneur de recevoir leur invitation pour Poudlard.</p>
<h4><a href="http://artspopulaires.org/wp-content/uploads/2017/09/AfficheEnfants.png"><img decoding="async" class="alignright wp-image-1126 size-medium" src="http://artspopulaires.org/wp-content/uploads/2017/09/AfficheEnfants-194x300.png" alt="" width="194" height="300" srcset="http://artspopulaires.org/wp-content/uploads/2017/09/AfficheEnfants-194x300.png 194w, http://artspopulaires.org/wp-content/uploads/2017/09/AfficheEnfants-768x1187.png 768w, http://artspopulaires.org/wp-content/uploads/2017/09/AfficheEnfants-663x1024.png 663w, http://artspopulaires.org/wp-content/uploads/2017/09/AfficheEnfants-97x150.png 97w" sizes="(max-width: 194px) 100vw, 194px" /></a></h4>
<h4><em>Informations supplémentaires<br />
</em></h4>
<ul>
<li>
<h4></h4>
<p style="text-align: justify;">Lors de cette journée immersive, les enfants seront invités à participer à plusieurs activités inspirées de l&rsquo;univers des romans <em>Harry Potter</em>. Afin d&rsquo;assurer un maximum de personnalisation pour chaque enfant, il est vivement conseillé de réserver votre place. Dans la mesure du possible, les enfants réservant leur place avant le 23 octobre recevront par la poste une lettre d&rsquo;invitation personnalisée</p>
</li>
<li style="text-align: justify;">Les activités de cette seconde édition seront pour la plupart différentes de celles de la première de 2016. Les enfants peuvent donc sans problème participer de nouveau.</li>
<li style="text-align: justify;">Pour les enfants de 6 à 12 ans</li>
<li style="text-align: justify;">12$/enfant payé à l&rsquo;avance (gratuit pour l&rsquo;accompagnateur). <strong>Réservation obligatoire. </strong>Des heures de départ pour chaque groupe seront établies. Celles-ci seront déterminées avec les participants au moment de la réservation.</li>
<li style="text-align: justify;">De 12h00 à 17h30 le samedi 28 octobre</li>
</ul>
<h4><em>Réservations<br />
</em></h4>
<ul>
<li>Par téléphone au 819 293-4646</li>
<li>Par courriel au artspopulaires@sogetel.net</li>
<li>Places limitées. Ne tardez à réserver!</li>
</ul>
<p>&nbsp;</p>
<p>&nbsp;</p>
<h6><em>L&rsquo;univers de Harry Potter est une création de J.K Rowling. </em></h6>

<p>Le Centre des arts populaires de Nicolet, en collaboration avec L&rsquo;Enclave et avec la généreuse contribution de Matelas René, accueillera le samedi 28 octobre en après-midi, pour une deuxième année, les enfants de la région et d&rsquo;ailleurs pour une série d&rsquo;animations et d&rsquo;activités inspirées de l&rsquo;univers de Harry Potter. Samedi 28 octobre Quoi? À chaque automne, [&hellip;]</p>
