{"id":1014,"date":"2017-03-28T20:17:34","date_gmt":"2017-03-28T19:17:34","guid":{"rendered":"http:\/\/artspopulaires.org\/?page_id=1014"},"modified":"2021-05-09T05:28:46","modified_gmt":"2021-05-09T04:28:46","slug":"10e-rendez-vous-des-peintres","status":"publish","type":"page","link":"http:\/\/artspopulaires.org\/?page_id=1014","title":{"rendered":"10e Rendez-vous des peintres"},"content":{"rendered":"<div class=\"style-748 style-local-1014-c1 position-relative\" data-colibri-id=\"1014-c1\">\n<div id=\"initial-content\" class=\"h-section h-section-global-spacing d-flex align-items-lg-center align-items-md-center align-items-center style-749 style-local-1014-c2 position-relative\" data-colibri-component=\"section\" data-colibri-id=\"1014-c2\">\n<div class=\"h-section-grid-container h-section-boxed-container\">\n<div class=\"h-row-container gutters-row-lg-2 gutters-row-md-2 gutters-row-0 gutters-row-v-lg-2 gutters-row-v-md-2 gutters-row-v-2 style-750 style-local-1014-c3 position-relative\" data-colibri-id=\"1014-c3\">\n<div class=\"h-row justify-content-lg-center justify-content-md-center justify-content-center align-items-lg-stretch align-items-md-stretch align-items-stretch gutters-col-lg-2 gutters-col-md-2 gutters-col-0 gutters-col-v-lg-2 gutters-col-v-md-2 gutters-col-v-2\">\n<div class=\"h-column h-column-container d-flex h-col-lg-auto h-col-md-auto h-col-auto style-751-outer style-local-1014-c4-outer\">\n<div class=\"d-flex h-flex-basis h-column__inner h-px-lg-2 h-px-md-2 h-px-2 v-inner-lg-2 v-inner-md-2 v-inner-2 style-751 style-local-1014-c4 position-relative\" data-colibri-id=\"1014-c4\">\n<div class=\"w-100 h-y-container h-column__content h-column__v-align flex-basis-100 align-self-lg-start align-self-md-start align-self-start\">\n<div class=\"style-752 style-local-1014-c5 position-relative h-element\" data-colibri-id=\"1014-c5\">\n<div><img fetchpriority=\"high\" decoding=\"async\" class=\"alignleft wp-image-1015 size-full\" src=\"http:\/\/artspopulaires.org\/wp-content\/uploads\/2017\/03\/Logo-anniversaire-rendez-vous-peintres.jpg\" alt=\"\" width=\"1497\" height=\"984\" srcset=\"http:\/\/artspopulaires.org\/wp-content\/uploads\/2017\/03\/Logo-anniversaire-rendez-vous-peintres.jpg 1497w, http:\/\/artspopulaires.org\/wp-content\/uploads\/2017\/03\/Logo-anniversaire-rendez-vous-peintres-300x197.jpg 300w, http:\/\/artspopulaires.org\/wp-content\/uploads\/2017\/03\/Logo-anniversaire-rendez-vous-peintres-768x505.jpg 768w, http:\/\/artspopulaires.org\/wp-content\/uploads\/2017\/03\/Logo-anniversaire-rendez-vous-peintres-1024x673.jpg 1024w, http:\/\/artspopulaires.org\/wp-content\/uploads\/2017\/03\/Logo-anniversaire-rendez-vous-peintres-228x150.jpg 228w, http:\/\/artspopulaires.org\/wp-content\/uploads\/2017\/03\/Logo-anniversaire-rendez-vous-peintres-150x99.jpg 150w\" sizes=\"(max-width: 1497px) 100vw, 1497px\" \/>\n<p style=\"text-align: justify;\">Les 17, 18 et 19 novembre 2017 sera pr\u00e9sent\u00e9e la dixi\u00e8me \u00e9dition du Rendez-vous des peintres du Centre des arts populaires de Nicolet. Le pr\u00e9sidence d&rsquo;honneur sera tenue par la mairesse de Nicolet, Genevi\u00e8ve Dubois, tandis que Robert\nRoy sera notre artiste invit\u00e9 pour l&rsquo;occasion.<\/p>\n<p style=\"text-align: justify;\">Cette ann\u00e9e, les peintres retenus seront les suivants :<\/p>\n<p style=\"text-align: justify;\">[ezcol_1half]<\/p>\nYves Amyot (Verch\u00e8res) Sylvie Beaudet (Nicolet) Lise Champagne (Nicolet) Marthe Comtois (Nicolet) Michel Desharnais (Shawinigan) Lorraine Dietrich (Shawinigan) Clifford Doresca (Saint-C\u00e9lestin) Danielle Dubuc (Nicolet) Nicole Dubuc (Nicolet) Monique Duguay\n(St-C\u00e9lestin) Sonia Duval (St-Narcisse) Martine Gagn\u00e9 (Saint-Pascal-de-Kamouraska) Christiane Gagnon (Saint-J\u00e9r\u00f4me) Julie G\u00e9linas (B\u00e9cancour) Paul H\u00e9bert (St-Norbert-d&rsquo;Arthabaska) Lise Jussaume (Contrec\u0153ur) Lise Lacoursi\u00e8re (St-Boniface)\nJacques Lamothe (Nicolet) [\/ezcol_1half] [ezcol_1half_end] Nadia Laplante (Saint-Marcel-de-Richelieu) Marcel Lascelle (Saint-Fran\u00e7ois-du-Lac) Myriam Leblanc (Qu\u00e9bec) Lisa-Marie Lemay (Trois-Rivi\u00e8res) Val\u00e9rie Lortie (Ste-Eulalie) Raymonde\nLoyer (Louiseville) Manon Marchand (St-Hyacinthe) Ren\u00e9 Marcotte (Nicolet) Rolande Ouellon (Trois-Rivi\u00e8res) Ghislaine Pilotte (Verch\u00e8res) Anne Ren\u00e9 de Cotret (Nicolet) Jacqueline Rivard (Nicolet) R\u00e9gent Rousseau-Roy (Nicolet) Guylaine\nRuel (Saint-Jean-sur-Richelieu) Jacques Sanfa\u00e7on (Nicolet) Mich\u00e8le Savoie (Saint-Guillaume) Angie Senneville (Nicolet) Alain Veilleux (Trois-Rivi\u00e8res)\n<p style=\"text-align: justify;\">\u00a0[\/ezcol_1half_end]<\/p>\n\n<h5 style=\"text-align: justify;\">Documents suppl\u00e9mentaires \u00e0 l&rsquo;attention des peintres<\/h5>\n<ul>\n \t<li><a href=\"http:\/\/artspopulaires.org\/wp-content\/uploads\/2017\/03\/Informations-et-r\u00e8glements-2017.pdf\">R\u00e8glements g\u00e9n\u00e9raux<\/a><\/li>\n \t<li><a href=\"http:\/\/artspopulaires.org\/wp-content\/uploads\/2017\/03\/S\u00e9lection-des-artistes-2017.pdf\">S\u00e9lection des artistes<\/a><\/li>\n \t<li><a href=\"http:\/\/artspopulaires.org\/wp-content\/uploads\/2017\/03\/Fiche-dinscription-2017.pdf\">Fiche d&rsquo;inscription<\/a><\/li>\n \t<li>Pour toute information suppl\u00e9mentaire, veuillez communiquer avec nous par t\u00e9l\u00e9phone au 819 293-4646 ou par courriel au artspopulaires@sogetel.net<\/li>\n<\/ul>\n<\/div>\n<\/div>\n<\/div>\n<\/div>\n<\/div>\n<\/div>\n<\/div>\n<\/div>\n<\/div>\n<div id=\"custom\" class=\"h-section h-section-global-spacing d-flex align-items-lg-center align-items-md-center align-items-center style-753 style-local-1014-c6 position-relative\" data-colibri-component=\"section\" data-colibri-id=\"1014-c6\">\n<div class=\"h-section-grid-container h-section-boxed-container\">\n<div class=\"h-row-container gutters-row-lg-2 gutters-row-md-2 gutters-row-0 gutters-row-v-lg-2 gutters-row-v-md-2 gutters-row-v-2 style-754 style-local-1014-c7 position-relative\" data-colibri-id=\"1014-c7\">\n<div class=\"h-row justify-content-lg-center justify-content-md-center justify-content-center align-items-lg-stretch align-items-md-stretch align-items-stretch gutters-col-lg-2 gutters-col-md-2 gutters-col-0 gutters-col-v-lg-2 gutters-col-v-md-2 gutters-col-v-2\">\n<div class=\"h-column h-column-container d-flex h-col-lg-auto h-col-md-auto h-col-auto style-755-outer style-local-1014-c8-outer\">\n<div class=\"d-flex h-flex-basis h-column__inner h-px-lg-2 h-px-md-2 h-px-2 v-inner-lg-2 v-inner-md-2 v-inner-2 style-755 style-local-1014-c8 position-relative\" data-colibri-id=\"1014-c8\">\n<div class=\"w-100 h-y-container h-column__content h-column__v-align flex-basis-100 align-self-lg-start align-self-md-start align-self-start\">\n<div class=\"h-text h-text-component style-756 style-local-1014-c9 position-relative h-element\" data-colibri-id=\"1014-c9\">\n<div class=\"\">\n<p style=\"text-align: justify;\">Lorem ipsum dolor sit amet, at mei dolore tritani repudiandae. In his nemore temporibus consequuntur, vim ad prima vivendum consetetur. Viderer feugiat at pro, mea aperiam\u00a0<span style=\"font-weight: 400; font-size: 16px; font-family: 'Open Sans'; color: #46707f;\">Lorem ipsum dolor sit amet, at mei dolore tritani repudiandae. In his nemore temporibus consequuntur, vim ad prima vivendum consetetur. Viderer feugiat at pro, mea aperiam\u00a0Lorem ipsum dolor sit amet, at mei dolore tritani repudiandae. In his nemore temporibus consequuntur, vim ad prima vivendum consetetur. Viderer feugiat at pro, mea aperiam\u00a0Lorem ipsum dolor sit amet, at mei dolore tritani repudiandae. In his nemore temporibus consequuntur, vim ad prima vivendum consetetur. Viderer feugiat at pro, mea aperiam<\/span><\/p>\n\n\n<\/div>\n<\/div>\n<\/div>\n<\/div>\n<\/div>\n<\/div>\n<\/div>\n<\/div>\n<\/div>\n<\/div>","protected":false},"excerpt":{"rendered":"<p>Les 17, 18 et 19 novembre 2017 sera pr\u00e9sent\u00e9e la dixi\u00e8me \u00e9dition du Rendez-vous des peintres du Centre des arts populaires de Nicolet. Le pr\u00e9sidence d&rsquo;honneur sera tenue par la mairesse de Nicolet, Genevi\u00e8ve Dubois, tandis que Robert Roy sera notre artiste invit\u00e9 pour l&rsquo;occasion. Cette ann\u00e9e, les peintres retenus seront les suivants : [ezcol_1half] [&hellip;]<\/p>\n","protected":false},"author":1,"featured_media":0,"parent":0,"menu_order":0,"comment_status":"closed","ping_status":"closed","template":"page-templates\/full-width-page.php","meta":{"footnotes":""},"_links":{"self":[{"href":"http:\/\/artspopulaires.org\/index.php?rest_route=\/wp\/v2\/pages\/1014"}],"collection":[{"href":"http:\/\/artspopulaires.org\/index.php?rest_route=\/wp\/v2\/pages"}],"about":[{"href":"http:\/\/artspopulaires.org\/index.php?rest_route=\/wp\/v2\/types\/page"}],"author":[{"embeddable":true,"href":"http:\/\/artspopulaires.org\/index.php?rest_route=\/wp\/v2\/users\/1"}],"replies":[{"embeddable":true,"href":"http:\/\/artspopulaires.org\/index.php?rest_route=%2Fwp%2Fv2%2Fcomments&post=1014"}],"version-history":[{"count":10,"href":"http:\/\/artspopulaires.org\/index.php?rest_route=\/wp\/v2\/pages\/1014\/revisions"}],"predecessor-version":[{"id":157964,"href":"http:\/\/artspopulaires.org\/index.php?rest_route=\/wp\/v2\/pages\/1014\/revisions\/157964"}],"wp:attachment":[{"href":"http:\/\/artspopulaires.org\/index.php?rest_route=%2Fwp%2Fv2%2Fmedia&parent=1014"}],"curies":[{"name":"wp","href":"https:\/\/api.w.org\/{rel}","templated":true}]}}

<div class="style-748 style-local-1014-c1 position-relative" data-colibri-id="1014-c1">
<div id="initial-content" class="h-section h-section-global-spacing d-flex align-items-lg-center align-items-md-center align-items-center style-749 style-local-1014-c2 position-relative" data-colibri-component="section" data-colibri-id="1014-c2">
<div class="h-section-grid-container h-section-boxed-container">
<div class="h-row-container gutters-row-lg-2 gutters-row-md-2 gutters-row-0 gutters-row-v-lg-2 gutters-row-v-md-2 gutters-row-v-2 style-750 style-local-1014-c3 position-relative" data-colibri-id="1014-c3">
<div class="h-row justify-content-lg-center justify-content-md-center justify-content-center align-items-lg-stretch align-items-md-stretch align-items-stretch gutters-col-lg-2 gutters-col-md-2 gutters-col-0 gutters-col-v-lg-2 gutters-col-v-md-2 gutters-col-v-2">
<div class="h-column h-column-container d-flex h-col-lg-auto h-col-md-auto h-col-auto style-751-outer style-local-1014-c4-outer">
<div class="d-flex h-flex-basis h-column__inner h-px-lg-2 h-px-md-2 h-px-2 v-inner-lg-2 v-inner-md-2 v-inner-2 style-751 style-local-1014-c4 position-relative" data-colibri-id="1014-c4">
<div class="w-100 h-y-container h-column__content h-column__v-align flex-basis-100 align-self-lg-start align-self-md-start align-self-start">
<div class="style-752 style-local-1014-c5 position-relative h-element" data-colibri-id="1014-c5">
<div><img fetchpriority="high" decoding="async" class="alignleft wp-image-1015 size-full" src="http://artspopulaires.org/wp-content/uploads/2017/03/Logo-anniversaire-rendez-vous-peintres.jpg" alt="" width="1497" height="984" srcset="http://artspopulaires.org/wp-content/uploads/2017/03/Logo-anniversaire-rendez-vous-peintres.jpg 1497w, http://artspopulaires.org/wp-content/uploads/2017/03/Logo-anniversaire-rendez-vous-peintres-300x197.jpg 300w, http://artspopulaires.org/wp-content/uploads/2017/03/Logo-anniversaire-rendez-vous-peintres-768x505.jpg 768w, http://artspopulaires.org/wp-content/uploads/2017/03/Logo-anniversaire-rendez-vous-peintres-1024x673.jpg 1024w, http://artspopulaires.org/wp-content/uploads/2017/03/Logo-anniversaire-rendez-vous-peintres-228x150.jpg 228w, http://artspopulaires.org/wp-content/uploads/2017/03/Logo-anniversaire-rendez-vous-peintres-150x99.jpg 150w" sizes="(max-width: 1497px) 100vw, 1497px" />
<p style="text-align: justify;">Les 17, 18 et 19 novembre 2017 sera présentée la dixième édition du Rendez-vous des peintres du Centre des arts populaires de Nicolet. Le présidence d&rsquo;honneur sera tenue par la mairesse de Nicolet, Geneviève Dubois, tandis que Robert
Roy sera notre artiste invité pour l&rsquo;occasion.</p>
<p style="text-align: justify;">Cette année, les peintres retenus seront les suivants :</p>
<p style="text-align: justify;">[ezcol_1half]</p>
Yves Amyot (Verchères) Sylvie Beaudet (Nicolet) Lise Champagne (Nicolet) Marthe Comtois (Nicolet) Michel Desharnais (Shawinigan) Lorraine Dietrich (Shawinigan) Clifford Doresca (Saint-Célestin) Danielle Dubuc (Nicolet) Nicole Dubuc (Nicolet) Monique Duguay
(St-Célestin) Sonia Duval (St-Narcisse) Martine Gagné (Saint-Pascal-de-Kamouraska) Christiane Gagnon (Saint-Jérôme) Julie Gélinas (Bécancour) Paul Hébert (St-Norbert-d&rsquo;Arthabaska) Lise Jussaume (Contrecœur) Lise Lacoursière (St-Boniface)
Jacques Lamothe (Nicolet) [/ezcol_1half] [ezcol_1half_end] Nadia Laplante (Saint-Marcel-de-Richelieu) Marcel Lascelle (Saint-François-du-Lac) Myriam Leblanc (Québec) Lisa-Marie Lemay (Trois-Rivières) Valérie Lortie (Ste-Eulalie) Raymonde
Loyer (Louiseville) Manon Marchand (St-Hyacinthe) René Marcotte (Nicolet) Rolande Ouellon (Trois-Rivières) Ghislaine Pilotte (Verchères) Anne René de Cotret (Nicolet) Jacqueline Rivard (Nicolet) Régent Rousseau-Roy (Nicolet) Guylaine
Ruel (Saint-Jean-sur-Richelieu) Jacques Sanfaçon (Nicolet) Michèle Savoie (Saint-Guillaume) Angie Senneville (Nicolet) Alain Veilleux (Trois-Rivières)
<p style="text-align: justify;"> [/ezcol_1half_end]</p>

<h5 style="text-align: justify;">Documents supplémentaires à l&rsquo;attention des peintres</h5>
<ul>
 	<li><a href="http://artspopulaires.org/wp-content/uploads/2017/03/Informations-et-règlements-2017.pdf">Règlements généraux</a></li>
 	<li><a href="http://artspopulaires.org/wp-content/uploads/2017/03/Sélection-des-artistes-2017.pdf">Sélection des artistes</a></li>
 	<li><a href="http://artspopulaires.org/wp-content/uploads/2017/03/Fiche-dinscription-2017.pdf">Fiche d&rsquo;inscription</a></li>
 	<li>Pour toute information supplémentaire, veuillez communiquer avec nous par téléphone au 819 293-4646 ou par courriel au artspopulaires@sogetel.net</li>
</ul>
</div>
</div>
</div>
</div>
</div>
</div>
</div>
</div>
</div>
<div id="custom" class="h-section h-section-global-spacing d-flex align-items-lg-center align-items-md-center align-items-center style-753 style-local-1014-c6 position-relative" data-colibri-component="section" data-colibri-id="1014-c6">
<div class="h-section-grid-container h-section-boxed-container">
<div class="h-row-container gutters-row-lg-2 gutters-row-md-2 gutters-row-0 gutters-row-v-lg-2 gutters-row-v-md-2 gutters-row-v-2 style-754 style-local-1014-c7 position-relative" data-colibri-id="1014-c7">
<div class="h-row justify-content-lg-center justify-content-md-center justify-content-center align-items-lg-stretch align-items-md-stretch align-items-stretch gutters-col-lg-2 gutters-col-md-2 gutters-col-0 gutters-col-v-lg-2 gutters-col-v-md-2 gutters-col-v-2">
<div class="h-column h-column-container d-flex h-col-lg-auto h-col-md-auto h-col-auto style-755-outer style-local-1014-c8-outer">
<div class="d-flex h-flex-basis h-column__inner h-px-lg-2 h-px-md-2 h-px-2 v-inner-lg-2 v-inner-md-2 v-inner-2 style-755 style-local-1014-c8 position-relative" data-colibri-id="1014-c8">
<div class="w-100 h-y-container h-column__content h-column__v-align flex-basis-100 align-self-lg-start align-self-md-start align-self-start">
<div class="h-text h-text-component style-756 style-local-1014-c9 position-relative h-element" data-colibri-id="1014-c9">
<div class="">
<p style="text-align: justify;">Lorem ipsum dolor sit amet, at mei dolore tritani repudiandae. In his nemore temporibus consequuntur, vim ad prima vivendum consetetur. Viderer feugiat at pro, mea aperiam <span style="font-weight: 400; font-size: 16px; font-family: 'Open Sans'; color: #46707f;">Lorem ipsum dolor sit amet, at mei dolore tritani repudiandae. In his nemore temporibus consequuntur, vim ad prima vivendum consetetur. Viderer feugiat at pro, mea aperiam Lorem ipsum dolor sit amet, at mei dolore tritani repudiandae. In his nemore temporibus consequuntur, vim ad prima vivendum consetetur. Viderer feugiat at pro, mea aperiam Lorem ipsum dolor sit amet, at mei dolore tritani repudiandae. In his nemore temporibus consequuntur, vim ad prima vivendum consetetur. Viderer feugiat at pro, mea aperiam</span></p>


</div>
</div>
</div>
</div>
</div>
</div>
</div>
</div>
</div>
</div>

<p>Les 17, 18 et 19 novembre 2017 sera présentée la dixième édition du Rendez-vous des peintres du Centre des arts populaires de Nicolet. Le présidence d&rsquo;honneur sera tenue par la mairesse de Nicolet, Geneviève Dubois, tandis que Robert Roy sera notre artiste invité pour l&rsquo;occasion. Cette année, les peintres retenus seront les suivants : [ezcol_1half] [&hellip;]</p>
